NOAA-style Climate Reports

   V/Λ SELECT: Month and Year   OR  >   Month
                   Monthly Climatological Summary for Okt 2021

Name: Das Wetter in Pocking   City: Pocking   State: Germany
Elevation: 324 m  Lat: N 48° 24' 08"   Lon: E 013° 18' 30"

                  Temperature (°C), Rain (mm), Wind Speed (m/s)

                                      Heat  Cool        Avg
    Mean                              Deg   Deg         Wind                 Dom
Day Temp  High   Time   Low    Time   Days  Days  Rain  Speed High   Time    Dir
----------------------------------------------------------------------------------
01  10,7  18,2   15:00   4,2   06:58   7,7   0,0   0,0   0,1   4,0   12:34    SE
02  12,7  21,3   15:00   5,7   06:30   5,9   0,4   0,0   0,1   3,6   14:00   ENE
03  14,8  21,7   14:16   9,0   06:13   4,1   0,6   0,0   0,2   4,5   12:09    SE
04  14,2  19,7   12:41   9,8   07:40   4,1   0,1   0,0   0,3   4,9   15:25   WNW
05  13,9  16,3   16:17  11,5   05:48   4,4   0,0   0,2   0,3   4,0   13:49   WNW
06  11,5  13,7   14:39   9,4   23:56   6,8   0,0   5,2   0,2   4,9   15:40     W
07   9,8  11,2   15:30   8,2   07:20   8,5   0,0   2,0   0,0   2,7   12:01    NW
08  11,3  14,2   16:07   9,2   23:59   7,0   0,0   0,4   0,1   2,7   15:32     E
09   9,5  15,6   14:26   3,8   07:38   8,8   0,0   0,0   0,2   4,9   11:39    SE
10   6,7  13,6   14:28   1,2   07:43  11,6   0,0   0,0   0,2   4,5   12:12    SE
11   6,4  13,3   14:01   0,7   07:04  11,9   0,0   0,0   0,2   4,5   14:54    NW
12   8,5  10,4   13:08   6,3   04:55   9,8   0,0   2,2   0,7   6,3   23:51     W
13   6,0   9,8   14:44   2,6   23:56  12,3   0,0   0,6   0,5   5,8   15:12    NW
14   5,6   9,6   16:47   0,3   03:18  12,7   0,0   1,2   0,0   4,0   13:32    NW
15   9,7  15,1   13:43   5,2   07:14   8,6   0,0   0,4   0,1   4,0   15:00     N
16   9,4  14,2   13:55   4,6   23:58   8,9   0,0   0,0   0,0   2,7   17:32     E
----------------------------------------------------------------------------------
    10,0  21,7     3     0,3    14   133,1   1,1  12,2   0,2   6,3    12     WNW

Max >=  27,0  0
Max <=   0,0  0
Min <=   0,0  0
Min <= -18,0  0
Max Rain: 5,2 on day 6
Days of Rain: 8 (>= 0,2 mm)  3 (>= 2,0 mm)  0 (>= 20,0 mm)
Heat Base: 18,3  Cool Base: 18,3  Method: Integration

Powered by Davis Vantage Pro2/Vue  and   CumulusMX   v 3.13.4 (b3149)   MXUI Template v 2.2.3 by  Silver Acorn     Valid HTML5