V/Λ SELECT: Month and Year
OR > Month
Monthly Climatological Summary for Feb 2024
Name: Das Wetter in Pocking City: Pocking State: Germany
Elevation: 324 m Lat: N 48° 24' 07" Lon: E 013° 18' 30"
Temperature (°C), Rain (mm), Wind Speed (m/s)
Heat Cool Avg
Mean Deg Deg Wind Dom
Day Temp High Time Low Time Days Days Rain Speed High Time Dir
----------------------------------------------------------------------------------
01 3,9 7,2 14:54 -0,3 00:16 14,2 0,0 4,4 0,4 5,8 13:16 W
02 5,1 8,3 20:44 1,7 05:34 13,2 0,0 0,4 0,5 4,9 13:56 WSW
03 6,2 10,8 14:03 1,3 06:49 12,1 0,0 0,0 0,6 7,2 15:23 NW
04 8,2 10,4 22:05 6,1 02:47 10,1 0,0 4,2 1,6 8,0 22:55 WSW
05 8,6 12,1 15:07 1,3 23:55 9,7 0,0 0,0 2,0 11,2 03:25 W
06 4,2 10,3 15:17 -0,7 08:07 14,1 0,0 0,2 0,7 6,3 10:39 W
07 8,6 12,8 13:30 4,1 02:34 9,7 0,0 0,6 2,3 10,7 14:09 WSW
08 9,4 12,4 15:45 6,9 05:45 8,9 0,0 3,2 0,7 5,8 00:57 SW
09 9,3 12,4 15:26 6,7 04:45 9,0 0,0 0,0 0,1 3,1 21:33 ENE
10 9,0 12,4 13:46 3,9 07:21 9,3 0,0 0,0 0,1 4,9 14:45 ESE
11 6,3 8,1 08:57 5,1 04:23 12,0 0,0 4,0 1,0 8,5 09:00 WSW
12 7,5 9,5 13:10 5,9 23:55 10,8 0,0 0,2 0,9 5,8 14:33 W
13 5,7 9,4 14:28 0,6 23:44 12,6 0,0 0,0 1,2 5,8 10:54 WNW
14 4,1 9,1 15:56 -0,6 04:29 14,4 0,0 0,0 0,1 1,8 13:59 NE
15 8,4 14,6 14:02 4,6 23:11 9,9 0,0 0,0 0,1 2,7 14:02 E
16 7,5 12,8 15:33 4,1 05:58 10,8 0,0 0,0 0,1 2,7 09:20 ESE
17 9,6 13,7 14:17 5,9 00:26 8,7 0,0 4,0 0,6 6,3 12:59 WNW
18 7,1 12,8 14:14 3,4 05:57 11,2 0,0 0,0 0,0 2,2 16:17 E
19 8,5 10,7 13:48 6,6 00:00 9,8 0,0 4,0 1,8 9,4 13:18 W
20 6,9 9,3 13:52 5,6 22:40 11,3 0,0 1,4 1,2 9,4 14:59 W
21 7,7 12,7 13:40 4,2 07:23 10,6 0,0 0,0 0,5 3,6 03:25 WSW
22 7,2 11,0 15:38 4,9 03:51 11,1 0,0 0,8 0,2 3,1 15:00 ESE
23 5,2 8,0 04:21 1,6 21:43 13,1 0,0 8,0 0,9 8,5 05:57 WSW
24 3,2 7,7 15:23 0,4 06:27 15,0 0,0 0,2 0,2 3,1 07:47 ESE
25 4,1 8,7 15:36 1,3 02:24 14,2 0,0 0,0 0,2 3,1 11:26 ESE
26 5,0 10,7 15:12 -1,2 07:24 13,3 0,0 0,0 0,3 4,0 14:13 ESE
27 4,5 7,7 15:20 1,4 07:04 13,8 0,0 0,0 0,1 1,8 08:25 WNW
28 4,3 7,2 14:21 1,0 05:07 14,0 0,0 0,0 0,0 2,7 10:06 WSW
29 7,0 10,9 15:17 3,6 23:57 11,3 0,0 0,0 0,1 4,5 12:43 SE
----------------------------------------------------------------------------------
6,6 14,6 15 -1,2 26 338,2 0,0 35,6 0,6 11,2 5 W
Max >= 27,0 0
Max <= 0,0 0
Min <= 0,0 4
Min <= -18,0 0
Max Rain: 8,0 on day 23
Days of Rain: 14 (>= 0,2 mm) 7 (>= 2,0 mm) 0 (>= 20,0 mm)
Heat Base: 18,3 Cool Base: 18,3 Method: Integration