V/Λ SELECT: Month and Year
OR > Month
Monthly Climatological Summary for Jan 2024
Name: Das Wetter in Pocking City: Pocking State: Germany
Elevation: 324 m Lat: N 48° 24' 07" Lon: E 013° 18' 30"
Temperature (°C), Rain (mm), Wind Speed (m/s)
Heat Cool Avg
Mean Deg Deg Wind Dom
Day Temp High Time Low Time Days Days Rain Speed High Time Dir
----------------------------------------------------------------------------------
01 5,1 8,3 12:44 2,8 04:57 13,3 0,0 0,2 1,1 7,6 11:12 WSW
02 2,7 4,5 23:57 0,8 04:46 15,6 0,0 15,2 0,1 4,0 12:48 SE
03 9,5 12,9 13:24 4,4 00:12 8,8 0,0 0,2 1,8 13,4 13:46 WSW
04 8,2 10,5 13:10 3,2 23:58 10,1 0,0 0,6 3,1 13,0 16:54 W
05 3,4 6,7 14:23 0,7 06:24 14,9 0,0 0,0 0,1 3,1 14:31 ESE
06 4,4 5,6 13:49 2,6 23:59 13,9 0,0 17,6 0,2 2,2 01:17 WNW
07 0,8 2,6 00:00 -2,3 23:58 17,5 0,0 8,8 0,3 5,4 12:35 NE
08 -2,8 -1,8 15:00 -5,1 23:49 20,8 0,0 0,0 0,7 5,4 22:26 ENE
09 -5,0 -2,4 14:13 -7,1 07:22 23,3 0,0 0,0 0,7 6,7 11:30 ESE
10 -4,5 -0,2 14:11 -8,0 07:52 23,1 0,0 0,2 0,2 3,6 12:00 SE
11 -6,5 -4,2 14:46 -9,2 07:52 24,8 0,0 0,0 0,3 2,7 14:12 SSW
12 -4,0 -2,2 14:11 -5,6 03:25 22,2 0,0 0,0 0,7 4,0 17:28 WNW
13 -3,8 -2,6 15:57 -5,1 06:21 22,1 0,0 0,0 1,4 6,3 21:53 W
14 -2,8 -0,9 14:02 -5,6 21:37 21,1 0,0 0,0 0,8 4,9 05:27 W
15 -1,9 1,7 13:53 -6,8 03:01 20,2 0,0 0,0 1,5 9,4 21:20 WSW
16 -0,7 1,3 13:21 -4,5 23:57 19,0 0,0 0,0 1,2 8,5 00:15 W
17 -1,9 0,3 21:02 -5,9 02:52 20,1 0,0 1,8 0,3 4,0 14:29 ESE
18 2,1 7,4 17:02 0,0 00:31 16,2 0,0 4,4 0,9 8,9 16:48 WNW
19 -1,4 0,1 00:00 -4,6 23:57 19,7 0,0 0,0 1,1 5,8 10:59 WNW
20 -4,5 0,1 14:31 -7,9 08:23 22,8 0,0 0,2 0,1 2,7 01:18 W
21 -4,4 0,1 15:09 -7,9 01:55 22,7 0,0 0,0 0,1 2,2 13:54 NE
22 -2,2 6,1 22:55 -7,8 06:32 20,5 0,0 6,8 0,2 5,4 23:54 NW
23 4,6 7,1 14:23 2,0 22:15 12,7 0,0 0,0 1,5 8,9 07:13 W
24 7,0 15,3 14:05 2,1 00:00 11,2 0,0 5,0 1,5 13,9 13:56 WNW
25 6,5 8,7 11:16 2,8 22:38 11,8 0,0 0,0 1,2 8,5 11:12 W
26 5,6 9,8 15:24 2,5 06:14 12,7 0,0 11,0 1,0 13,4 20:16 WNW
27 2,5 6,1 14:34 -2,1 23:59 15,8 0,0 0,0 1,1 5,4 02:12 WNW
28 0,6 6,5 14:18 -4,2 06:28 17,7 0,0 0,0 0,2 4,5 12:15 ESE
29 1,3 6,2 15:26 -1,9 06:15 17,0 0,0 0,0 0,2 4,0 10:06 SE
30 -0,4 3,7 14:13 -2,7 07:19 18,7 0,0 0,0 0,1 3,1 14:44 E
31 0,4 3,1 16:44 -2,4 00:16 17,9 0,0 0,0 0,0 2,2 08:04 NNE
----------------------------------------------------------------------------------
0,6 15,3 24 -9,2 11 548,1 0,0 72,0 0,8 13,9 24 W
Max >= 27,0 0
Max <= 0,0 7
Min <= 0,0 21
Min <= -18,0 0
Max Rain: 17,6 on day 6
Days of Rain: 13 (>= 0,2 mm) 7 (>= 2,0 mm) 0 (>= 20,0 mm)
Heat Base: 18,3 Cool Base: 18,3 Method: Integration