V/Λ SELECT: Month and Year
OR > Month
Monthly Climatological Summary for Dez 2023
Name: Das Wetter in Pocking City: Pocking State: Germany
Elevation: 324 m Lat: N 48° 24' 07" Lon: E 013° 18' 30"
Temperature (°C), Rain (mm), Wind Speed (m/s)
Heat Cool Avg
Mean Deg Deg Wind Dom
Day Temp High Time Low Time Days Days Rain Speed High Time Dir
----------------------------------------------------------------------------------
01 0,3 1,8 11:34 -0,6 00:04 17,9 0,0 3,4 0,0 1,3 00:21 N
02 -0,9 0,6 12:50 -3,9 23:57 19,2 0,0 1,0 0,5 4,9 18:17 NW
03 -5,7 -2,4 10:36 -12,8 23:07 24,0 0,0 0,6 0,3 4,5 00:35 WNW
04 -9,1 -4,7 13:31 -14,2 03:05 27,4 0,0 0,0 0,2 2,7 14:22 NE
05 -3,2 -1,2 12:29 -7,4 00:00 21,4 0,0 0,0 0,1 3,1 02:26 E
06 0,2 2,4 14:01 -2,8 00:27 18,1 0,0 7,4 0,1 4,5 20:22 W
07 0,2 3,2 13:39 -5,7 21:50 18,1 0,0 10,2 0,2 3,6 22:59 WSW
08 -1,6 0,4 13:54 -3,8 04:45 19,9 0,0 0,6 0,2 4,9 00:26 ESE
09 0,5 1,4 14:09 -0,8 00:12 17,8 0,0 8,8 0,2 4,9 17:48 ESE
10 4,4 7,2 11:04 0,7 00:00 13,9 0,0 6,0 0,9 9,4 10:48 WSW
11 4,6 7,8 22:40 1,5 00:00 13,7 0,0 8,4 0,5 6,7 21:51 WSW
12 4,6 6,4 00:00 2,1 08:56 13,7 0,0 3,8 0,1 2,2 02:06 SSW
13 6,7 8,2 13:47 4,4 01:25 11,5 0,0 6,4 0,1 4,0 04:44 SSW
14 6,1 7,8 14:14 5,2 07:59 12,2 0,0 2,0 1,0 6,3 20:56 WNW
15 3,9 5,7 00:00 2,3 08:55 14,4 0,0 1,0 1,3 6,7 05:11 WNW
16 3,5 6,2 15:01 -0,7 23:52 14,8 0,0 0,0 0,1 2,2 11:21 WNW
17 -0,7 0,8 16:02 -2,2 07:47 19,0 0,0 0,0 0,0 1,8 19:30 NE
18 -1,4 0,4 14:31 -2,4 09:01 19,6 0,0 0,2 0,0 1,3 09:35 WNW
19 -1,9 0,0 14:42 -2,9 07:51 20,2 0,0 0,0 0,0 2,2 13:45 NE
20 2,0 5,3 14:05 -3,1 01:23 16,3 0,0 3,0 0,8 8,5 23:21 W
21 7,1 9,9 20:25 4,3 00:01 11,2 0,0 6,6 3,5 17,4 22:14 W
22 5,5 8,4 22:14 2,9 07:15 12,8 0,0 6,4 4,0 13,9 23:21 WNW
23 7,3 8,5 22:38 4,8 04:17 11,0 0,0 11,2 5,3 15,6 00:12 W
24 8,8 11,9 23:54 7,1 11:17 9,4 0,0 5,8 2,7 11,2 02:11 W
25 11,5 13,3 13:58 8,8 23:48 6,8 0,0 0,0 2,0 12,1 04:21 WNW
26 7,7 9,5 14:17 3,7 08:34 10,6 0,0 0,0 0,9 7,2 11:12 W
27 6,8 10,3 13:05 3,3 23:52 11,5 0,0 0,0 0,2 6,3 00:12 SSE
28 2,2 5,2 15:15 -1,3 07:04 16,1 0,0 0,0 0,0 1,8 10:37 NE
29 6,0 10,9 13:09 2,4 04:09 12,3 0,0 0,2 0,2 4,0 13:05 SW
30 5,7 11,4 13:05 0,7 23:58 12,6 0,0 0,2 0,3 5,8 13:10 WNW
31 1,3 3,9 22:42 -1,8 08:19 17,0 0,0 3,6 0,2 5,4 13:37 ESE
----------------------------------------------------------------------------------
2,7 13,3 25 -14,2 4 484,7 0,0 96,8 0,8 17,4 21 W
Max >= 27,0 0
Max <= 0,0 4
Min <= 0,0 16
Min <= -18,0 0
Max Rain: 11,2 on day 23
Days of Rain: 22 (>= 0,2 mm) 15 (>= 2,0 mm) 0 (>= 20,0 mm)
Heat Base: 18,3 Cool Base: 18,3 Method: Integration