V/Λ SELECT: Month and Year
OR > Month
Monthly Climatological Summary for Nov 2023
Name: Das Wetter in Pocking City: Pocking State: Germany
Elevation: 324 m Lat: N 48° 24' 07" Lon: E 013° 18' 30"
Temperature (°C), Rain (mm), Wind Speed (m/s)
Heat Cool Avg
Mean Deg Deg Wind Dom
Day Temp High Time Low Time Days Days Rain Speed High Time Dir
----------------------------------------------------------------------------------
01 10,1 15,3 13:11 6,8 07:42 8,4 0,0 0,0 0,2 4,9 12:35 SE
02 8,7 14,1 13:14 3,4 05:34 9,4 0,0 5,4 0,4 5,8 16:30 SW
03 6,9 8,3 14:25 5,9 23:14 11,4 0,0 13,0 0,4 5,8 12:04 W
04 7,0 11,2 13:46 1,8 06:45 11,3 0,0 0,6 0,2 5,4 13:47 SSE
05 10,1 13,9 15:46 6,1 07:15 8,2 0,0 0,4 0,9 10,3 20:44 WSW
06 9,7 14,5 13:48 5,5 22:36 8,6 0,0 0,0 0,5 6,7 00:13 WSW
07 8,1 11,0 12:59 5,4 07:21 10,2 0,0 0,0 0,3 6,3 22:32 SW
08 7,0 11,7 12:57 1,3 23:47 11,3 0,0 0,0 0,5 6,3 11:39 WSW
09 3,7 9,4 12:43 -1,3 05:33 14,6 0,0 0,0 0,1 2,7 09:51 ENE
10 6,0 11,2 11:34 1,9 06:47 12,3 0,0 0,0 0,2 4,0 11:29 NW
11 5,3 8,7 14:45 2,3 04:23 13,0 0,0 4,4 1,0 9,4 13:32 W
12 5,0 8,8 12:07 0,9 07:46 13,3 0,0 0,6 0,2 3,1 10:52 SSE
13 6,9 12,1 23:33 3,7 00:34 11,4 0,0 18,2 0,2 4,5 21:27 SSW
14 10,8 13,7 01:47 7,8 23:45 7,5 0,0 11,4 1,1 9,8 00:43 WSW
15 9,7 12,2 13:41 7,8 23:56 8,6 0,0 1,4 2,4 11,2 05:01 W
16 7,8 10,4 13:20 4,7 08:07 10,5 0,0 8,8 0,3 4,0 01:31 W
17 5,3 7,6 13:30 2,6 21:48 13,0 0,0 13,2 1,2 7,2 14:20 NW
18 4,0 6,1 13:02 2,7 19:09 14,2 0,0 1,2 0,3 3,1 01:03 NW
19 5,9 10,2 20:08 3,3 06:24 12,6 0,0 16,2 0,2 6,7 23:10 NW
20 9,2 13,4 13:55 2,4 23:42 9,1 0,0 0,4 1,2 8,5 10:57 W
21 5,7 8,3 14:31 2,4 00:04 12,6 0,0 1,2 0,0 0,0 00:00 N
22 3,6 6,2 02:26 1,6 23:08 14,5 0,0 2,8 0,4 4,5 03:57 N
23 3,8 6,4 14:55 1,6 00:00 14,5 0,0 0,0 1,1 5,8 23:43 W
24 4,6 7,9 06:31 1,3 21:13 13,6 0,0 5,4 2,4 10,3 06:56 W
25 1,2 2,3 00:02 0,4 08:36 17,1 0,0 4,0 2,7 11,6 03:50 WNW
26 0,9 2,8 12:47 -0,6 07:31 17,4 0,0 1,8 1,3 8,5 07:09 W
27 2,9 5,3 12:46 1,1 07:40 15,4 0,0 1,8 0,4 4,5 03:45 WSW
28 1,7 4,2 12:39 -0,8 23:48 16,6 0,0 6,0 1,5 9,8 18:33 WNW
29 -0,3 1,9 14:59 -1,9 23:59 18,6 0,0 0,4 0,2 4,5 00:01 W
30 -1,2 0,3 14:36 -3,2 04:57 19,5 0,0 0,0 0,0 2,2 09:38 E
----------------------------------------------------------------------------------
5,7 15,3 1 -3,2 30 378,8 0,0 118,6 0,7 11,6 25 W
Max >= 27,0 0
Max <= 0,0 0
Min <= 0,0 5
Min <= -18,0 0
Max Rain: 18,2 on day 13
Days of Rain: 22 (>= 0,2 mm) 12 (>= 2,0 mm) 0 (>= 20,0 mm)
Heat Base: 18,3 Cool Base: 18,3 Method: Integration