V/Λ SELECT: Month and Year
OR > Month
Monthly Climatological Summary for Okt 2023
Name: Das Wetter in Pocking City: Pocking State: Germany
Elevation: 324 m Lat: N 48° 24' 07" Lon: E 013° 18' 30"
Temperature (°C), Rain (mm), Wind Speed (m/s)
Heat Cool Avg
Mean Deg Deg Wind Dom
Day Temp High Time Low Time Days Days Rain Speed High Time Dir
----------------------------------------------------------------------------------
01 13,8 21,4 14:53 8,6 06:52 5,0 0,5 0,0 0,1 1,8 11:24 N
02 15,5 24,6 14:28 8,4 07:34 4,2 1,4 0,0 0,0 2,2 14:02 ENE
03 17,3 27,2 16:15 8,7 07:18 3,5 2,5 0,0 0,5 13,4 21:33 NW
04 14,2 19,1 13:15 9,6 23:58 4,1 0,0 0,0 0,6 7,2 00:38 NW
05 11,2 17,4 15:35 6,1 04:58 7,1 0,0 0,0 0,2 3,6 16:58 NNE
06 11,4 18,5 14:10 6,4 06:20 6,9 0,0 0,0 0,1 2,7 12:17 NNE
07 13,0 21,4 14:03 5,6 07:55 5,7 0,4 0,0 0,3 5,8 13:02 WNW
08 15,9 19,7 15:28 13,4 07:45 2,5 0,1 0,0 0,3 4,9 15:32 WNW
09 15,1 21,3 13:54 10,3 07:34 3,4 0,3 0,0 0,2 5,4 14:13 WNW
10 16,3 23,1 14:44 11,5 23:56 2,9 1,0 0,0 0,2 4,9 14:35 NW
11 14,4 23,7 14:23 7,6 07:39 4,9 1,1 0,0 0,0 1,8 13:37 NE
12 15,3 24,7 15:25 7,7 06:48 4,3 1,3 0,0 0,1 4,9 15:50 N
13 17,7 26,6 14:19 11,2 08:03 2,6 2,0 0,0 0,0 2,7 15:05 SSE
14 13,7 21,3 15:45 8,8 04:50 4,9 0,4 2,6 0,5 7,6 16:50 WNW
15 8,1 11,6 00:07 3,1 23:56 10,2 0,0 1,8 0,8 7,6 16:04 WNW
16 4,5 9,9 16:35 0,8 06:02 13,8 0,0 0,2 0,1 3,6 14:28 N
17 5,2 11,2 14:53 0,1 07:06 13,1 0,0 0,0 0,2 4,0 11:53 SE
18 6,3 12,6 14:28 0,1 04:08 12,0 0,0 0,0 0,3 5,4 15:49 SE
19 10,1 14,8 16:10 6,3 05:56 8,2 0,0 0,0 0,1 2,7 03:43 ENE
20 13,6 19,6 15:08 9,2 00:02 4,8 0,1 0,0 0,3 5,8 15:57 NE
21 14,5 21,1 14:31 8,1 07:52 4,2 0,4 0,0 0,2 7,6 21:46 NW
22 12,7 18,0 14:03 6,8 23:41 5,6 0,0 0,0 0,3 4,9 15:15 WNW
23 10,2 17,3 14:26 4,2 08:08 8,1 0,0 0,0 0,1 4,5 12:52 SE
24 11,1 11,8 16:14 9,3 05:39 7,2 0,0 2,2 0,1 3,6 07:59 E
25 12,5 16,8 14:30 10,3 21:55 5,8 0,0 1,6 0,2 4,5 22:33 ESE
26 10,8 13,2 12:35 8,1 07:53 7,5 0,0 3,4 0,1 2,7 11:57 S
27 10,5 13,6 14:01 7,4 23:57 7,9 0,0 10,6 0,4 6,7 13:21 WNW
28 10,8 16,6 14:33 5,2 02:51 7,5 0,0 0,6 0,4 5,4 14:39 WSW
29 10,5 17,7 13:50 5,4 06:46 8,1 0,0 0,0 0,1 3,6 17:04 ESE
30 10,9 16,7 12:57 5,3 05:10 7,4 0,0 0,0 0,1 3,6 14:31 SE
31 10,6 13,4 00:56 9,7 11:52 7,7 0,0 6,2 0,5 8,5 00:35 SW
----------------------------------------------------------------------------------
12,2 27,2 3 0,1 17 201,1 11,5 29,2 0,2 13,4 3 WNW
Max >= 27,0 1
Max <= 0,0 0
Min <= 0,0 0
Min <= -18,0 0
Max Rain: 10,6 on day 27
Days of Rain: 9 (>= 0,2 mm) 5 (>= 2,0 mm) 0 (>= 20,0 mm)
Heat Base: 18,3 Cool Base: 18,3 Method: Integration