V/Λ SELECT: Month and Year
OR > Month
Monthly Climatological Summary for Sep 2023
Name: Das Wetter in Pocking City: Pocking State: Germany
Elevation: 324 m Lat: N 48° 24' 07" Lon: E 013° 18' 30"
Temperature (°C), Rain (mm), Wind Speed (m/s)
Heat Cool Avg
Mean Deg Deg Wind Dom
Day Temp High Time Low Time Days Days Rain Speed High Time Dir
----------------------------------------------------------------------------------
01 17,8 24,4 16:01 13,2 05:29 2,0 1,5 2,4 0,2 4,0 13:56 NNW
02 19,2 26,6 15:50 13,8 07:18 1,5 2,4 0,0 0,3 4,9 14:54 N
03 18,8 24,6 15:07 13,8 06:21 1,4 1,9 0,0 0,5 5,8 16:26 NW
04 18,6 24,9 15:21 13,1 06:23 1,6 1,9 0,0 0,2 4,0 10:25 SE
05 18,8 26,1 15:25 13,4 04:34 1,7 2,2 0,0 0,3 4,9 13:15 ESE
06 19,0 28,1 15:18 10,1 07:00 2,3 3,0 0,0 0,2 4,5 12:56 SE
07 20,0 29,3 14:48 11,4 07:01 1,8 3,5 0,0 0,2 4,5 14:36 SSE
08 19,2 27,8 14:48 11,1 06:16 2,1 2,9 0,0 0,2 4,9 11:30 E
09 19,7 28,4 15:19 11,8 06:43 1,9 3,3 0,0 0,1 3,1 14:43 NE
10 20,3 28,9 15:10 12,4 06:36 1,7 3,6 0,0 0,1 3,1 15:37 NNE
11 21,2 29,6 15:11 14,1 06:47 1,0 3,9 0,0 0,0 2,2 14:10 NE
12 20,3 27,8 14:37 13,3 06:59 1,3 3,3 0,0 0,0 1,8 13:35 NW
13 19,0 23,7 15:09 14,8 06:53 0,8 1,5 4,4 0,3 5,8 12:24 W
14 19,0 24,3 15:18 15,4 23:53 0,8 1,5 0,2 0,2 4,0 15:22 NNW
15 17,9 24,8 14:54 12,0 07:07 2,1 1,7 0,0 0,3 4,9 13:25 SSE
16 17,9 26,1 15:17 10,6 06:23 2,6 2,2 0,0 0,1 3,1 13:47 E
17 19,2 27,9 15:01 12,1 06:53 2,0 2,9 0,0 0,0 0,0 00:00 N
18 19,2 26,8 14:50 14,8 06:11 1,1 2,0 0,2 0,4 6,3 15:15 W
19 17,6 23,7 13:47 13,8 23:59 1,5 0,7 0,8 0,4 8,0 14:01 NW
20 17,0 24,9 14:52 11,1 05:00 2,9 1,6 0,0 0,1 4,0 13:00 ESE
21 18,7 27,7 14:25 11,8 06:41 2,2 2,6 0,0 0,1 4,0 16:48 E
22 15,1 18,3 03:33 12,8 23:11 3,2 0,0 5,2 0,3 5,8 03:11 NW
23 13,5 17,3 14:15 10,6 23:59 4,8 0,0 0,2 0,5 4,9 17:48 WNW
24 12,5 18,8 14:14 6,7 07:12 5,9 0,0 0,0 0,2 3,1 15:17 N
25 13,9 21,0 14:12 6,9 06:24 4,9 0,5 0,0 0,2 5,4 12:12 SE
26 14,9 22,4 15:36 9,6 06:01 4,2 0,8 0,0 0,0 2,2 13:34 ESE
27 16,1 24,1 14:38 11,2 06:34 3,4 1,2 0,0 0,1 4,0 16:38 ENE
28 16,0 23,7 16:24 10,4 03:42 3,5 1,2 0,0 0,1 2,7 14:06 NNE
29 16,3 23,7 14:36 11,3 08:48 3,1 1,1 0,0 0,1 2,7 16:46 E
30 16,8 21,4 14:35 11,5 23:57 1,9 0,4 0,2 0,6 6,3 12:35 NW
----------------------------------------------------------------------------------
17,8 29,6 11 6,7 24 71,2 55,3 13,6 0,2 8,0 19 NNW
Max >= 27,0 9
Max <= 0,0 0
Min <= 0,0 0
Min <= -18,0 0
Max Rain: 5,2 on day 22
Days of Rain: 8 (>= 0,2 mm) 3 (>= 2,0 mm) 0 (>= 20,0 mm)
Heat Base: 18,3 Cool Base: 18,3 Method: Integration