V/Λ SELECT: Month and Year
OR > Month
Monthly Climatological Summary for Aug 2023
Name: Das Wetter in Pocking City: Pocking State: Germany
Elevation: 324 m Lat: N 48° 24' 07" Lon: E 013° 18' 30"
Temperature (°C), Rain (mm), Wind Speed (m/s)
Heat Cool Avg
Mean Deg Deg Wind Dom
Day Temp High Time Low Time Days Days Rain Speed High Time Dir
----------------------------------------------------------------------------------
01 18,7 22,6 18:30 15,8 23:30 0,5 0,8 1,2 0,5 5,4 15:00 WSW
02 19,3 24,9 18:30 13,7 06:30 1,1 2,1 0,0 0,2 4,0 16:00 SSE
03 18,5 22,3 12:00 15,8 07:00 0,7 0,9 10,8 0,8 5,4 00:30 SSW
04 17,9 20,6 14:00 15,2 06:30 1,0 0,6 1,4 0,2 3,6 12:00 NNE
05 16,9 19,2 14:30 15,4 08:00 1,5 0,1 19,8 0,5 4,5 10:00 NW
06 15,8 19,9 13:00 13,2 23:00 2,7 0,1 13,4 1,2 10,3 18:30 WSW
07 13,0 17,9 17:00 10,6 09:00 5,3 0,0 12,6 1,3 9,4 19:30 WSW
08 16,5 22,7 16:30 10,0 04:30 2,9 1,1 0,0 0,5 5,8 13:00 W
09 14,7 17,3 16:47 12,8 23:03 3,7 0,0 23,8 0,3 8,5 17:38 SSW
10 16,7 23,0 14:55 11,1 06:36 2,7 1,2 0,4 0,2 3,6 12:43 NW
11 18,5 27,2 15:47 9,6 05:55 2,8 3,0 0,0 0,2 3,1 13:30 NE
12 22,0 30,7 16:35 12,7 06:07 1,4 5,1 0,0 0,1 4,0 11:41 E
13 24,5 32,4 15:42 17,6 06:20 0,1 6,2 0,0 0,2 4,0 13:37 NE
14 25,6 32,9 15:24 19,5 05:39 0,0 7,3 2,2 0,2 3,1 00:55 SE
15 24,5 32,9 16:05 18,5 06:09 0,0 6,2 2,2 0,4 12,5 18:21 NW
16 23,5 30,1 15:12 19,2 05:40 0,0 5,2 0,0 0,3 4,9 15:27 NW
17 23,8 31,0 15:15 17,7 06:02 0,0 5,5 14,2 0,3 5,8 23:37 E
18 23,1 29,5 15:09 17,8 06:06 0,0 4,8 5,0 0,3 4,9 00:00 NNE
19 24,1 31,9 15:47 17,2 06:38 0,1 5,9 0,0 0,2 3,6 16:44 ENE
20 23,8 33,6 15:45 17,6 06:11 0,0 3,9 0,0 0,1 3,1 16:18 ESE
21 32,0 32,0 00:00 32,0 00:00 0,0 0,0 0,0 0,1 0,4 00:00 E
22 32,0 32,0 00:00 32,0 00:00 0,0 0,0 0,0 0,1 0,4 00:00 ESE
23 25,1 30,2 16:05 20,9 06:44 0,0 6,8 6,4 0,2 6,7 04:30 N
24 24,5 32,3 15:46 17,6 06:22 0,0 6,3 0,0 0,1 9,8 23:56 E
25 23,4 29,8 15:43 18,4 06:25 0,0 5,1 2,8 0,4 13,4 00:09 NW
26 21,5 27,9 14:37 16,8 21:20 0,3 3,4 29,4 0,7 14,3 18:45 NW
27 17,0 18,7 17:05 15,9 23:42 1,3 0,0 5,0 0,3 4,5 17:18 NW
28 14,3 15,9 00:00 13,1 22:13 4,0 0,0 35,4 0,5 7,6 12:59 N
29 13,4 14,5 17:00 12,4 09:19 4,9 0,0 5,4 0,2 3,6 06:29 WNW
30 14,9 19,4 14:43 12,5 04:53 3,4 0,0 1,8 0,4 4,9 15:06 NW
31 15,1 19,3 16:05 11,4 05:44 3,2 0,0 0,4 0,3 4,0 09:32 SSW
----------------------------------------------------------------------------------
20,5 33,6 20 9,6 11 43,6 81,7 193,6 0,4 14,3 26 WNW
Max >= 27,0 16
Max <= 0,0 0
Min <= 0,0 0
Min <= -18,0 0
Max Rain: 35,4 on day 28
Days of Rain: 20 (>= 0,2 mm) 15 (>= 2,0 mm) 3 (>= 20,0 mm)
Heat Base: 18,3 Cool Base: 18,3 Method: Integration