V/Λ SELECT: Month and Year
OR > Month
Monthly Climatological Summary for Jul 2023
Name: Das Wetter in Pocking City: Pocking State: Germany
Elevation: 324 m Lat: N 48° 24' 07" Lon: E 013° 18' 30"
Temperature (°C), Rain (mm), Wind Speed (m/s)
Heat Cool Avg
Mean Deg Deg Wind Dom
Day Temp High Time Low Time Days Days Rain Speed High Time Dir
----------------------------------------------------------------------------------
01 20,4 24,8 18:12 17,7 03:21 0,1 2,2 0,2 0,7 6,3 09:53 WSW
02 20,1 24,7 16:52 17,1 07:20 0,2 2,0 0,0 0,7 6,7 02:28 WSW
03 20,6 26,7 15:48 14,2 04:11 1,0 3,3 0,0 0,5 8,9 15:18 WNW
04 21,2 27,6 17:04 13,7 04:22 1,0 3,9 0,0 0,5 5,4 11:05 WNW
05 19,6 27,9 14:24 15,3 06:29 0,9 2,1 1,4 0,6 10,7 14:55 NW
06 19,8 26,8 15:24 14,2 05:34 1,3 2,8 0,0 0,3 4,0 14:41 NNE
07 21,4 30,6 15:28 11,3 05:35 1,8 4,9 0,0 0,2 4,0 17:08 SE
08 23,7 31,8 16:15 13,8 05:38 0,8 6,2 0,0 0,3 5,4 09:29 E
09 25,2 34,2 15:55 15,2 05:38 0,4 7,3 0,0 0,3 4,5 14:29 N
10 24,1 32,0 18:10 15,6 05:19 0,4 6,1 0,0 0,3 4,9 16:51 NW
11 27,2 35,4 16:33 18,3 05:50 0,0 8,8 0,0 0,2 4,0 13:25 NE
12 22,8 30,7 15:51 18,3 05:45 0,0 4,5 10,0 0,8 13,0 01:18 WNW
13 21,0 25,9 17:18 17,9 23:15 0,0 2,7 2,8 0,5 4,5 09:47 WSW
14 22,1 30,2 14:40 13,4 06:01 1,1 4,8 0,0 0,2 4,5 11:52 ESE
15 26,6 36,8 15:04 15,1 05:57 0,5 8,8 0,0 0,3 5,4 17:30 E
16 24,8 31,1 18:20 19,9 23:09 0,0 6,5 14,6 1,1 8,9 04:41 NNW
17 22,5 28,4 17:38 18,7 02:02 0,0 4,2 7,8 0,3 5,8 01:12 SSW
18 24,6 30,5 14:39 18,5 06:28 0,0 6,3 0,0 0,4 5,4 01:21 NNW
19 24,1 30,7 15:07 17,3 05:52 0,1 5,9 0,2 0,8 8,9 14:06 W
20 21,7 26,8 17:55 17,2 23:48 0,0 3,4 0,0 0,9 6,7 11:51 WNW
21 19,9 26,2 16:51 14,4 05:01 1,0 2,6 0,0 0,6 8,0 17:23 SSW
22 20,1 26,8 17:54 12,8 05:50 1,1 2,9 0,0 0,4 4,0 13:55 WSW
23 23,0 31,3 16:43 13,5 05:53 1,0 5,7 0,0 0,4 4,9 14:04 SW
24 21,8 28,2 15:27 16,2 05:16 0,2 3,7 1,2 0,5 7,2 16:04 NNW
25 18,1 22,7 15:43 14,1 22:41 1,0 0,7 4,4 0,4 5,8 14:51 SW
26 14,1 18,5 11:54 11,4 15:56 4,2 0,0 19,4 1,2 8,0 15:42 WNW
27 16,6 23,9 15:00 8,7 05:59 3,1 1,4 0,0 0,2 4,9 19:14 SSW
28 19,7 25,1 12:43 14,4 06:07 0,9 2,3 0,4 0,4 6,3 11:43 WSW
29 20,0 25,3 16:13 16,3 06:40 0,4 2,1 3,0 0,5 4,9 14:59 SSW
30 20,5 24,8 14:11 17,1 07:24 0,1 2,4 3,6 0,8 11,2 14:27 NW
31 20,5 26,2 16:18 13,9 06:00 0,9 3,0 0,0 0,4 5,8 13:12 W
----------------------------------------------------------------------------------
21,5 36,8 15 8,7 27 23,5 123,5 69,0 0,5 13,0 12 WNW
Max >= 27,0 16
Max <= 0,0 0
Min <= 0,0 0
Min <= -18,0 0
Max Rain: 19,4 on day 26
Days of Rain: 13 (>= 0,2 mm) 8 (>= 2,0 mm) 0 (>= 20,0 mm)
Heat Base: 18,3 Cool Base: 18,3 Method: Integration