V/Λ SELECT: Month and Year
OR > Month
Monthly Climatological Summary for Jun 2023
Name: Das Wetter in Pocking City: Pocking State: Germany
Elevation: 324 m Lat: N 48° 24' 07" Lon: E 013° 18' 30"
Temperature (°C), Rain (mm), Wind Speed (m/s)
Heat Cool Avg
Mean Deg Deg Wind Dom
Day Temp High Time Low Time Days Days Rain Speed High Time Dir
----------------------------------------------------------------------------------
01 20,4 27,9 14:10 12,2 05:21 1,4 3,4 0,0 0,3 5,4 14:54 NNE
02 19,4 26,7 13:55 11,2 05:22 1,9 2,9 0,0 0,7 5,8 15:22 N
03 18,8 24,9 15:44 12,9 05:47 1,5 2,0 0,0 0,4 5,4 13:43 SE
04 18,6 26,0 16:25 10,1 05:43 2,0 2,3 0,0 0,3 4,0 15:35 SE
05 16,8 20,2 13:59 15,2 22:55 1,7 0,2 24,2 0,2 4,0 13:37 NNE
06 17,9 22,4 16:29 14,2 06:46 1,5 1,1 0,2 0,3 4,5 13:03 N
07 19,4 26,6 14:59 12,1 05:29 1,7 2,8 0,0 0,2 4,5 15:34 NNW
08 19,7 26,0 16:02 13,7 05:42 1,0 2,5 0,0 0,3 4,9 18:02 E
09 18,9 27,7 15:52 13,1 04:06 1,7 2,3 2,6 0,4 6,7 18:00 NNE
10 17,9 23,6 15:34 12,8 05:49 1,5 1,1 4,2 0,2 6,7 17:37 ENE
11 20,2 27,3 15:41 13,3 05:20 1,2 3,1 0,0 0,2 4,9 12:16 ESE
12 20,0 26,3 15:10 13,6 05:36 1,1 2,8 0,0 0,5 5,8 13:28 E
13 18,6 25,0 16:41 10,4 05:32 2,0 2,2 0,0 0,5 6,3 10:26 ENE
14 18,0 24,4 13:18 9,5 05:44 2,3 2,0 0,0 0,4 4,9 16:27 ENE
15 19,3 24,6 16:46 13,4 04:23 1,2 2,2 0,0 0,4 4,9 20:55 NNE
16 17,3 24,9 12:35 12,1 05:18 2,1 1,1 2,0 0,4 8,5 13:53 SW
17 18,8 25,7 17:52 12,2 04:42 1,9 2,4 0,0 0,4 7,6 14:32 NW
18 21,0 29,4 15:44 11,8 05:27 1,7 4,3 0,0 0,3 5,8 14:55 NNE
19 22,2 30,7 16:01 13,4 05:20 1,1 5,0 0,0 0,3 4,0 18:45 NE
20 24,7 32,6 15:23 16,7 05:14 0,2 6,6 0,0 0,3 3,6 10:01 SSE
21 24,7 32,1 14:41 19,7 05:19 0,0 6,4 1,4 0,6 10,3 14:42 NNW
22 26,2 35,1 15:10 17,4 05:08 0,1 8,0 0,4 0,4 7,2 22:10 SE
23 20,2 23,4 00:42 16,4 23:59 0,1 2,0 0,0 1,7 8,9 19:58 WNW
24 19,2 25,9 17:44 14,1 05:37 1,4 2,4 2,2 1,0 7,6 00:02 WNW
25 21,3 28,9 15:51 12,3 05:28 1,4 4,4 0,0 0,2 4,0 13:12 E
26 24,0 32,5 15:55 14,4 05:02 0,8 6,5 0,0 0,6 6,7 16:16 NW
27 20,4 23,5 00:00 17,4 23:48 0,0 2,2 0,0 1,4 7,2 12:11 NW
28 19,4 24,4 17:07 12,7 06:19 0,8 1,7 4,0 0,7 5,4 15:33 NW
29 20,4 28,4 15:51 11,1 05:11 1,9 4,0 0,0 0,4 4,0 12:05 NE
30 20,2 24,7 18:17 15,4 06:04 0,5 2,4 0,2 0,3 4,5 11:47 N
----------------------------------------------------------------------------------
20,1 35,1 22 9,5 14 37,8 92,3 41,4 0,5 10,3 21 NNW
Max >= 27,0 11
Max <= 0,0 0
Min <= 0,0 0
Min <= -18,0 0
Max Rain: 24,2 on day 5
Days of Rain: 10 (>= 0,2 mm) 6 (>= 2,0 mm) 1 (>= 20,0 mm)
Heat Base: 18,3 Cool Base: 18,3 Method: Integration