V/Λ SELECT: Month and Year
OR > Month
Monthly Climatological Summary for Mai 2023
Name: Das Wetter in Pocking City: Pocking State: Germany
Elevation: 324 m Lat: N 48° 24' 07" Lon: E 013° 18' 30"
Temperature (°C), Rain (mm), Wind Speed (m/s)
Heat Cool Avg
Mean Deg Deg Wind Dom
Day Temp High Time Low Time Days Days Rain Speed High Time Dir
----------------------------------------------------------------------------------
01 13,3 19,8 12:37 7,1 04:38 5,1 0,1 0,0 1,0 6,3 09:43 WSW
02 12,0 15,9 14:49 9,8 23:59 6,2 0,0 11,0 0,6 5,8 15:55 W
03 12,3 18,4 13:32 7,4 05:13 6,0 0,0 0,0 0,2 4,0 13:44 E
04 13,3 21,4 16:14 4,7 06:11 5,4 0,4 0,0 0,4 5,4 11:46 SE
05 16,0 25,0 15:28 6,2 06:13 4,0 1,7 0,8 0,3 7,2 23:21 WNW
06 16,3 21,4 17:50 12,7 05:07 2,7 0,7 9,8 0,5 5,8 11:13 WNW
07 16,8 24,4 15:02 10,2 05:10 2,9 1,4 0,0 0,4 4,5 11:06 ESE
08 12,8 18,1 15:33 7,3 05:54 5,5 0,0 0,0 0,7 6,7 13:51 SE
09 14,8 21,7 15:35 8,1 06:13 4,1 0,6 0,0 0,6 6,7 14:06 SE
10 13,2 15,6 16:52 11,2 07:00 5,1 0,0 6,8 0,5 5,4 11:31 W
11 10,7 11,9 14:21 9,4 06:23 7,6 0,0 6,4 0,4 4,0 19:57 SSW
12 11,3 14,4 13:46 9,4 04:17 7,0 0,0 0,4 0,2 4,5 13:17 E
13 13,1 20,8 14:52 9,9 01:53 5,2 0,1 0,2 0,4 4,9 18:20 ENE
14 11,6 17,2 14:16 6,7 05:08 6,7 0,0 1,8 0,3 7,6 14:39 SSE
15 12,3 18,6 14:51 9,6 23:35 6,0 0,0 5,2 0,5 7,6 17:10 W
16 11,7 15,7 13:10 9,1 05:50 6,6 0,0 7,4 0,1 4,5 22:14 N
17 10,3 12,7 12:41 8,2 06:20 8,0 0,0 3,8 0,9 4,0 00:00 SW
18 11,6 15,8 14:41 8,4 04:39 6,7 0,0 0,0 0,5 6,3 10:44 SSE
19 13,9 19,3 16:48 9,8 04:43 4,4 0,1 0,0 0,3 4,5 15:29 ENE
20 18,2 24,9 14:26 12,1 05:16 1,9 1,8 0,0 0,7 6,3 07:35 SSE
21 21,3 28,5 14:57 15,0 06:02 0,7 3,7 0,0 0,7 6,7 11:33 SSE
22 21,7 28,8 15:19 13,9 05:58 0,7 4,2 0,0 0,2 4,5 15:37 SSE
23 18,7 24,6 13:30 13,8 04:48 1,3 1,6 0,0 1,0 7,2 13:15 WNW
24 15,3 19,9 14:37 12,6 23:59 3,1 0,1 0,2 0,9 5,8 15:13 NW
25 18,0 24,7 18:06 11,4 06:00 2,2 1,9 0,2 0,4 4,9 10:49 SE
26 19,4 24,5 13:50 13,0 05:18 1,2 2,3 0,0 0,3 4,0 12:47 NE
27 19,0 24,4 15:03 13,1 06:06 1,3 2,0 0,0 0,4 7,2 14:14 E
28 18,2 25,7 15:58 10,2 05:16 2,3 2,3 0,0 0,3 4,0 11:56 E
29 18,9 25,8 16:32 10,2 05:33 2,1 2,7 0,0 0,3 4,5 12:00 E
30 18,5 25,2 13:15 12,2 04:59 1,6 1,8 0,0 0,4 4,9 16:29 NE
31 19,4 26,9 15:53 10,2 05:30 1,9 3,0 0,0 0,4 5,8 16:16 SE
----------------------------------------------------------------------------------
15,3 28,8 22 4,7 4 125,6 32,6 54,0 0,5 7,6 14 S
Max >= 27,0 2
Max <= 0,0 0
Min <= 0,0 0
Min <= -18,0 0
Max Rain: 11,0 on day 2
Days of Rain: 13 (>= 0,2 mm) 7 (>= 2,0 mm) 0 (>= 20,0 mm)
Heat Base: 18,3 Cool Base: 18,3 Method: Integration