V/Λ SELECT: Month and Year
OR > Month
Monthly Climatological Summary for Apr 2023
Name: Das Wetter in Pocking City: Pocking State: Germany
Elevation: 324 m Lat: N 48° 24' 07" Lon: E 013° 18' 30"
Temperature (°C), Rain (mm), Wind Speed (m/s)
Heat Cool Avg
Mean Deg Deg Wind Dom
Day Temp High Time Low Time Days Days Rain Speed High Time Dir
----------------------------------------------------------------------------------
01 9,5 12,6 13:02 8,1 23:57 8,7 0,0 1,0 1,9 11,2 15:01 W
02 7,5 9,4 14:30 4,1 23:59 10,8 0,0 6,6 1,2 6,7 18:01 NW
03 4,1 7,4 14:31 1,1 23:58 14,2 0,0 0,2 1,2 7,6 13:04 NE
04 3,0 7,1 15:59 0,2 06:09 15,3 0,0 0,0 0,7 4,9 08:30 NE
05 3,0 8,0 15:15 -2,3 06:22 15,3 0,0 0,0 0,4 4,9 12:37 ESE
06 3,8 11,4 15:24 -3,4 06:48 14,5 0,0 0,0 0,3 6,7 13:35 NW
07 5,6 14,3 14:35 -2,7 07:13 12,7 0,0 0,0 0,3 4,5 14:55 WNW
08 5,5 6,8 16:04 3,4 09:25 12,8 0,0 2,0 0,2 3,1 08:30 WNW
09 6,2 11,5 15:11 4,0 06:39 12,1 0,0 1,0 0,2 3,6 15:21 NNE
10 7,8 14,6 14:27 1,8 06:33 10,5 0,0 0,2 0,4 6,7 15:24 SE
11 7,3 13,1 16:49 3,9 23:57 11,0 0,0 3,6 0,8 9,8 12:02 W
12 7,4 13,1 17:21 0,9 05:03 11,1 0,0 1,0 0,2 5,4 23:33 SSE
13 7,6 11,8 13:46 5,4 23:40 10,7 0,0 8,8 0,9 6,3 15:38 W
14 6,1 8,1 16:45 4,9 03:31 12,2 0,0 14,4 1,4 6,7 12:19 WNW
15 6,3 8,1 17:26 4,9 08:47 12,0 0,0 12,0 2,0 7,6 05:12 WNW
16 7,9 13,2 16:49 5,7 21:58 10,4 0,0 5,8 0,3 5,4 17:16 WSW
17 8,6 15,1 14:03 5,1 04:49 9,7 0,0 2,0 0,2 5,8 15:43 NW
18 9,6 12,8 14:51 6,7 04:20 8,7 0,0 0,8 0,4 4,0 13:37 NE
19 7,8 10,8 10:52 4,9 23:58 10,5 0,0 3,8 0,4 5,4 16:39 NNE
20 9,3 16,2 16:45 3,7 06:28 9,0 0,0 3,2 0,8 9,4 14:39 ESE
21 13,3 21,7 15:25 4,8 06:18 5,5 0,5 0,0 0,5 6,7 13:20 SE
22 14,0 22,8 15:05 5,1 06:26 5,2 0,9 0,0 0,3 4,5 10:39 ESE
23 14,0 19,0 17:45 9,7 01:26 4,3 0,0 0,0 0,6 5,8 12:05 N
24 11,1 14,6 14:44 7,7 23:51 7,2 0,0 8,2 1,3 8,9 15:40 W
25 8,4 13,9 13:22 5,7 06:31 9,9 0,0 0,6 1,2 7,6 11:16 W
26 8,4 12,9 15:55 5,1 23:59 9,9 0,0 0,2 1,0 4,9 11:14 WNW
27 9,5 15,9 18:07 3,7 02:21 8,8 0,0 0,0 0,3 3,6 11:40 N
28 9,4 11,8 21:09 5,3 02:25 8,8 0,0 6,2 0,2 4,0 22:43 S
29 14,1 20,6 13:46 10,1 05:27 4,3 0,1 0,6 1,0 8,0 14:34 NW
30 13,6 19,2 15:50 9,5 23:59 4,7 0,0 0,0 0,5 6,3 16:49 E
----------------------------------------------------------------------------------
8,3 22,8 22 -3,4 6 300,9 1,5 82,2 0,7 11,2 1 WNW
Max >= 27,0 0
Max <= 0,0 0
Min <= 0,0 3
Min <= -18,0 0
Max Rain: 14,4 on day 14
Days of Rain: 21 (>= 0,2 mm) 12 (>= 2,0 mm) 0 (>= 20,0 mm)
Heat Base: 18,3 Cool Base: 18,3 Method: Integration