V/Λ SELECT: Month and Year
OR > Month
Monthly Climatological Summary for Mrz 2023
Name: Das Wetter in Pocking City: Pocking State: Germany
Elevation: 324 m Lat: N 48° 24' 08" Lon: E 013° 18' 30"
Temperature (°C), Rain (mm), Wind Speed (m/s)
Heat Cool Avg
Mean Deg Deg Wind Dom
Day Temp High Time Low Time Days Days Rain Speed High Time Dir
----------------------------------------------------------------------------------
01 3,2 9,9 15:03 -2,7 07:15 15,1 0,0 0,0 0,5 7,2 14:16 SE
02 5,8 12,9 14:09 0,5 02:24 12,5 0,0 0,0 0,5 8,0 12:17 SE
03 3,6 9,9 15:22 -1,2 06:32 14,7 0,0 0,0 0,2 3,1 13:55 SSW
04 1,8 7,9 12:36 -1,4 06:43 16,5 0,0 0,0 1,1 8,0 16:33 NW
05 2,3 4,4 14:33 0,3 01:34 16,0 0,0 0,0 1,2 5,4 10:40 W
06 2,6 5,4 12:40 0,4 06:44 15,7 0,0 0,0 0,3 4,5 14:49 WNW
07 4,7 9,6 12:56 1,7 02:49 13,5 0,0 0,0 0,9 5,8 14:19 W
08 6,2 10,1 16:53 0,6 06:39 12,1 0,0 1,8 0,4 5,8 21:54 SSW
09 10,0 14,8 15:53 3,3 23:41 8,3 0,0 1,8 2,0 13,4 04:52 W
10 6,6 13,6 13:30 0,7 06:00 11,5 0,0 0,8 1,2 13,9 23:30 W
11 2,5 7,3 00:00 -0,8 23:30 15,9 0,0 0,2 2,6 15,2 00:00 WNW
12 1,8 5,3 20:00 -2,7 05:30 16,5 0,0 0,0 0,1 3,6 11:30 SSW
13 7,2 15,5 16:23 0,8 04:30 11,3 0,0 0,4 0,1 3,6 20:18 ENE
14 8,1 10,7 14:40 5,1 23:36 10,2 0,0 2,2 1,3 10,3 17:17 WSW
15 4,0 7,3 14:06 0,4 23:55 14,4 0,0 1,6 1,7 8,0 11:45 WNW
16 3,3 9,4 13:50 -2,9 05:40 15,0 0,0 0,0 0,4 5,8 11:58 SE
17 7,1 14,3 14:03 -0,4 06:24 11,2 0,0 0,0 0,4 5,8 10:09 SE
18 8,4 17,2 15:36 0,1 06:03 9,9 0,0 0,0 0,1 2,7 11:58 E
19 8,4 15,3 15:29 1,9 05:57 9,9 0,0 0,0 0,4 4,9 12:47 WNW
20 9,6 13,0 12:52 6,8 06:59 8,7 0,0 0,0 0,3 4,5 13:28 SW
21 10,7 16,6 15:13 5,2 06:43 7,6 0,0 0,0 0,3 4,5 12:44 WNW
22 12,5 19,7 14:53 6,1 06:29 6,0 0,1 0,0 0,2 4,9 13:51 W
23 12,6 20,4 12:10 4,7 06:12 5,9 0,2 0,0 0,4 7,6 12:44 W
24 11,7 15,3 12:15 8,3 05:22 6,6 0,0 1,8 0,7 8,0 12:38 SW
25 9,5 14,0 14:53 5,9 23:24 8,8 0,0 2,0 2,1 12,1 15:18 W
26 8,9 11,4 12:35 6,3 00:00 9,0 0,0 0,0 1,0 8,5 23:02 WSW
27 5,1 7,5 00:00 1,2 23:57 13,2 0,0 0,8 2,7 11,2 15:23 WNW
28 2,9 7,4 15:36 -0,6 23:44 15,4 0,0 0,0 2,3 10,3 12:29 WNW
29 3,6 8,5 17:20 -0,6 00:02 14,7 0,0 0,6 0,2 3,6 14:26 E
30 8,9 14,6 14:45 5,0 06:28 9,4 0,0 3,8 0,6 8,5 15:22 W
31 8,9 15,8 13:53 4,5 04:55 9,3 0,0 2,0 0,7 8,0 14:46 WSW
----------------------------------------------------------------------------------
6,5 20,4 23 -2,9 16 364,8 0,3 19,8 0,9 15,2 11 W
Max >= 27,0 0
Max <= 0,0 0
Min <= 0,0 9
Min <= -18,0 0
Max Rain: 3,8 on day 30
Days of Rain: 13 (>= 0,2 mm) 4 (>= 2,0 mm) 0 (>= 20,0 mm)
Heat Base: 18,3 Cool Base: 18,3 Method: Integration