V/Λ SELECT: Month and Year
OR > Month
Monthly Climatological Summary for Feb 2023
Name: Das Wetter in Pocking City: Pocking State: Germany
Elevation: 324 m Lat: N 48° 24' 08" Lon: E 013° 18' 30"
Temperature (°C), Rain (mm), Wind Speed (m/s)
Heat Cool Avg
Mean Deg Deg Wind Dom
Day Temp High Time Low Time Days Days Rain Speed High Time Dir
----------------------------------------------------------------------------------
01 5,0 7,1 12:33 4,2 00:35 13,1 0,0 0,4 3,6 13,0 11:58 W
02 1,4 5,3 01:30 0,3 19:22 16,9 0,0 21,2 1,3 14,8 01:33 W
03 4,5 6,7 15:49 0,4 00:00 13,8 0,0 29,0 2,9 15,2 14:40 W
04 3,5 5,3 00:10 -1,6 23:51 14,8 0,0 0,6 1,9 14,3 00:38 NW
05 -1,4 2,7 14:32 -4,7 07:16 19,7 0,0 0,0 0,1 2,2 14:36 WNW
06 -3,2 -0,2 13:26 -6,7 07:09 21,5 0,0 0,0 0,1 2,7 09:28 NE
07 -3,3 1,3 14:27 -6,5 02:44 21,6 0,0 0,0 0,3 5,4 12:22 SE
08 -2,6 1,9 14:20 -6,9 02:33 20,9 0,0 0,0 0,8 6,3 11:05 ESE
09 -1,5 3,6 14:12 -5,7 07:44 19,7 0,0 0,0 0,3 5,8 01:27 SE
10 -2,3 3,8 14:28 -7,2 07:28 20,5 0,0 0,0 0,1 2,7 13:31 NE
11 -0,7 3,5 23:58 -5,9 04:37 19,0 0,0 0,0 0,0 2,7 14:28 NNE
12 3,5 5,3 15:12 0,7 23:58 14,8 0,0 0,0 0,1 2,2 14:28 NNW
13 1,4 4,9 15:00 -1,1 21:14 16,9 0,0 0,0 0,0 2,2 15:25 NE
14 -0,1 1,4 15:48 -1,1 23:55 18,4 0,0 0,2 0,1 2,2 21:57 N
15 -0,6 1,2 15:38 -1,8 07:57 18,9 0,0 0,0 0,1 3,1 04:34 SE
16 0,1 3,2 16:21 -1,6 08:04 18,2 0,0 0,0 0,1 3,1 12:57 NNE
17 6,9 14,2 13:06 -0,1 00:00 11,4 0,0 0,2 1,1 8,5 13:39 W
18 12,9 15,4 12:13 11,2 23:59 5,4 0,0 0,2 3,0 12,1 11:20 W
19 9,9 12,2 14:08 7,5 20:18 8,4 0,0 0,8 2,5 11,2 14:02 W
20 9,0 14,0 15:32 3,2 23:56 9,2 0,0 0,0 1,4 8,5 12:49 W
21 7,5 14,3 15:45 2,9 00:12 10,8 0,0 0,0 0,5 5,8 12:25 W
22 7,2 15,1 15:20 -0,1 06:59 11,1 0,0 0,0 0,1 5,4 11:06 SE
23 7,0 10,9 14:12 3,8 04:20 11,3 0,0 0,0 0,0 3,6 12:37 NE
24 6,9 10,3 13:56 4,0 03:53 11,4 0,0 4,4 0,3 6,7 21:25 W
25 2,9 6,6 14:43 -0,2 23:45 15,4 0,0 5,8 1,8 7,6 01:14 W
26 0,0 2,9 12:54 -1,8 06:31 18,3 0,0 1,0 0,9 7,6 13:00 NNE
27 0,3 2,4 11:55 -0,8 07:28 17,9 0,0 0,0 0,8 8,5 11:44 ENE
28 1,5 5,9 13:47 -2,4 07:12 16,8 0,0 0,0 0,7 6,7 16:14 ENE
----------------------------------------------------------------------------------
2,7 15,4 18 -7,2 10 436,1 0,0 63,8 0,9 15,2 3 W
Max >= 27,0 0
Max <= 0,0 1
Min <= 0,0 18
Min <= -18,0 0
Max Rain: 29,0 on day 3
Days of Rain: 11 (>= 0,2 mm) 4 (>= 2,0 mm) 2 (>= 20,0 mm)
Heat Base: 18,3 Cool Base: 18,3 Method: Integration