V/Λ SELECT: Month and Year
OR > Month
Monthly Climatological Summary for Jan 2023
Name: Das Wetter in Pocking City: Pocking State: Germany
Elevation: 324 m Lat: N 48° 24' 08" Lon: E 013° 18' 30"
Temperature (°C), Rain (mm), Wind Speed (m/s)
Heat Cool Avg
Mean Deg Deg Wind Dom
Day Temp High Time Low Time Days Days Rain Speed High Time Dir
----------------------------------------------------------------------------------
01 4,3 10,4 14:31 0,4 08:22 14,0 0,0 0,2 0,0 1,8 09:42 NE
02 2,9 7,6 13:58 -0,7 07:48 15,3 0,0 0,0 0,0 2,2 12:25 ENE
03 4,3 7,5 14:23 1,1 23:26 14,0 0,0 0,0 0,0 0,0 00:00 N
04 4,2 11,2 22:47 1,3 00:00 14,1 0,0 0,4 0,3 8,9 23:36 WSW
05 10,2 11,8 06:02 7,3 23:50 8,1 0,0 0,0 2,5 10,3 14:53 W
06 8,5 12,2 15:08 6,3 07:40 9,8 0,0 0,4 0,2 4,0 14:59 WNW
07 7,1 10,9 12:55 1,1 23:57 11,2 0,0 0,0 0,2 5,4 11:35 SE
08 2,3 4,1 14:37 0,1 02:03 16,0 0,0 0,0 0,1 4,5 20:13 SE
09 4,9 7,2 14:25 2,9 00:00 13,4 0,0 1,2 0,6 5,8 11:01 W
10 4,1 5,9 12:11 -0,1 23:55 14,2 0,0 0,8 1,5 7,2 12:19 WNW
11 3,0 6,6 22:21 -1,6 02:24 15,2 0,0 2,8 0,1 3,6 11:39 ESE
12 5,0 8,4 14:27 2,3 07:19 13,3 0,0 0,2 0,3 3,6 00:56 SW
13 5,7 10,3 13:13 3,0 01:40 12,6 0,0 0,8 0,7 8,9 16:27 WSW
14 5,8 9,3 13:46 3,7 09:21 12,5 0,0 0,0 0,6 5,8 00:20 SW
15 5,0 8,2 13:32 1,9 23:57 13,1 0,0 2,0 0,8 9,4 14:27 W
16 2,8 7,2 13:02 -0,9 07:23 15,5 0,0 0,0 0,3 4,9 12:02 SE
17 1,7 5,2 12:17 -1,4 08:24 16,6 0,0 0,0 0,2 3,6 12:11 SE
18 1,2 5,7 12:56 -1,7 07:52 17,1 0,0 0,0 0,6 7,2 17:18 W
19 0,2 1,7 14:24 -2,2 22:38 18,1 0,0 0,0 0,9 4,9 10:48 WNW
20 -1,0 0,0 13:49 -2,7 02:51 19,3 0,0 0,8 0,1 2,7 13:07 W
21 -0,9 0,1 12:52 -1,6 08:10 19,2 0,0 0,2 0,6 4,0 09:36 WNW
22 -1,4 0,2 14:23 -3,0 06:10 19,7 0,0 0,4 0,0 0,0 00:00 N
23 0,0 1,8 14:51 -1,8 03:38 18,3 0,0 0,0 0,0 2,2 14:57 NE
24 2,2 4,1 14:17 0,9 00:00 16,1 0,0 0,0 0,2 5,4 19:21 SE
25 1,1 1,8 00:00 0,7 16:54 17,2 0,0 0,0 0,2 3,6 05:30 ESE
26 0,1 0,8 00:00 -0,7 23:02 18,2 0,0 0,0 0,0 2,2 15:57 NW
27 -0,2 0,7 15:16 -0,8 03:52 18,5 0,0 0,2 0,1 3,1 13:13 NW
28 -0,2 0,7 16:02 -0,9 02:23 18,5 0,0 0,2 0,2 2,7 10:36 WNW
29 -0,1 1,3 13:57 -1,1 07:35 18,4 0,0 0,0 0,7 4,5 21:21 NW
30 1,5 3,8 13:20 -1,6 05:11 16,8 0,0 0,2 2,5 13,4 20:35 W
31 3,8 4,8 12:23 2,9 08:05 14,5 0,0 0,0 2,8 9,4 12:11 W
----------------------------------------------------------------------------------
2,8 12,2 6 -3,0 22 478,8 0,0 10,8 0,6 13,4 30 W
Max >= 27,0 0
Max <= 0,0 1
Min <= 0,0 16
Min <= -18,0 0
Max Rain: 2,8 on day 11
Days of Rain: 15 (>= 0,2 mm) 2 (>= 2,0 mm) 0 (>= 20,0 mm)
Heat Base: 18,3 Cool Base: 18,3 Method: Integration