V/Λ SELECT: Month and Year
OR > Month
Monthly Climatological Summary for Dez 2022
Name: Das Wetter in Pocking City: Pocking State: Germany
Elevation: 324 m Lat: N 48° 24' 08" Lon: E 013° 18' 30"
Temperature (°C), Rain (mm), Wind Speed (m/s)
Heat Cool Avg
Mean Deg Deg Wind Dom
Day Temp High Time Low Time Days Days Rain Speed High Time Dir
----------------------------------------------------------------------------------
01 1,7 3,6 14:13 -0,8 04:21 16,5 0,0 0,0 0,0 1,8 07:06 N
02 1,3 2,7 00:00 0,6 17:36 17,0 0,0 1,2 0,2 3,6 08:00 SE
03 1,4 2,4 17:47 0,6 07:21 16,9 0,0 0,0 0,4 4,5 05:42 ESE
04 3,8 9,1 12:24 -1,5 07:16 14,5 0,0 0,0 0,6 8,9 15:13 SE
05 3,0 3,9 00:07 0,8 23:54 15,3 0,0 4,6 0,3 3,6 07:09 W
06 2,8 4,8 13:50 0,6 02:18 15,5 0,0 6,2 0,2 4,0 14:09 W
07 3,0 4,3 15:15 1,8 23:53 15,3 0,0 0,0 0,6 4,9 11:04 W
08 1,3 4,2 12:56 -2,6 23:58 17,0 0,0 0,0 0,1 1,8 00:05 NE
09 0,0 2,7 13:56 -3,2 02:17 18,3 0,0 0,0 0,1 3,6 05:49 ENE
10 0,7 1,7 14:10 0,3 06:18 17,5 0,0 3,0 0,2 3,6 23:57 WNW
11 -1,6 0,3 00:00 -5,2 23:55 19,9 0,0 0,2 1,2 5,4 04:11 WNW
12 -4,7 -2,1 10:49 -9,3 23:39 23,0 0,0 0,0 0,4 4,0 11:04 WNW
13 -7,6 -4,6 14:03 -10,4 04:30 25,9 0,0 0,2 0,2 2,2 05:18 ENE
14 -3,4 -0,6 23:47 -8,1 00:00 21,7 0,0 0,0 0,3 5,4 10:24 SE
15 -0,7 0,8 13:03 -2,3 06:49 19,0 0,0 2,4 0,1 3,1 16:57 ENE
16 -0,2 0,9 10:46 -1,4 18:35 18,5 0,0 3,0 0,1 2,7 00:05 NW
17 -1,9 -0,5 11:10 -3,4 23:58 20,2 0,0 0,0 0,1 3,1 22:04 ENE
18 -4,0 -2,2 13:02 -5,1 07:43 22,3 0,0 0,0 0,6 7,6 20:31 SE
19 -2,1 0,2 12:08 -4,2 00:20 20,3 0,0 0,8 0,5 4,9 00:20 SE
20 -1,4 0,3 12:55 -2,8 00:49 19,7 0,0 0,0 0,4 4,5 11:53 SE
21 -0,3 1,3 13:32 -2,3 05:26 18,6 0,0 3,0 0,1 2,7 02:29 E
22 2,8 7,9 14:19 -0,7 03:51 15,5 0,0 7,0 0,1 8,0 14:16 SW
23 7,2 10,5 23:49 2,7 00:00 11,1 0,0 15,6 0,4 11,6 22:15 WSW
24 9,3 11,2 14:33 6,7 23:42 9,0 0,0 10,8 0,8 7,6 04:42 W
25 6,3 10,3 12:57 2,1 23:58 12,0 0,0 0,0 0,1 3,1 12:15 ESE
26 4,7 9,2 23:45 0,1 08:05 13,6 0,0 4,0 0,3 7,2 23:42 WSW
27 4,3 9,1 00:00 -1,3 23:54 14,0 0,0 0,2 1,2 8,0 03:54 WNW
28 0,5 5,2 13:38 -2,6 04:06 17,8 0,0 0,0 0,0 1,8 10:10 ESE
29 2,1 7,0 15:09 -1,5 04:47 16,1 0,0 0,0 0,0 1,3 05:01 ESE
30 5,1 9,5 14:05 1,4 01:19 13,2 0,0 0,6 0,1 3,6 14:23 SE
31 7,1 11,6 12:25 4,0 22:36 11,2 0,0 0,2 0,1 3,1 14:25 NE
----------------------------------------------------------------------------------
1,3 11,6 31 -10,4 13 526,4 0,0 63,0 0,3 11,6 23 SW
Max >= 27,0 0
Max <= 0,0 5
Min <= 0,0 19
Min <= -18,0 0
Max Rain: 15,6 on day 23
Days of Rain: 17 (>= 0,2 mm) 10 (>= 2,0 mm) 0 (>= 20,0 mm)
Heat Base: 18,3 Cool Base: 18,3 Method: Integration