V/Λ SELECT: Month and Year
OR > Month
Monthly Climatological Summary for Nov 2022
Name: Das Wetter in Pocking City: Pocking State: Germany
Elevation: 324 m Lat: N 48° 24' 08" Lon: E 013° 18' 30"
Temperature (°C), Rain (mm), Wind Speed (m/s)
Heat Cool Avg
Mean Deg Deg Wind Dom
Day Temp High Time Low Time Days Days Rain Speed High Time Dir
----------------------------------------------------------------------------------
01 10,9 13,3 14:34 9,3 07:09 7,4 0,0 0,0 0,0 2,7 05:15 SE
02 10,1 15,8 13:12 5,1 23:57 8,2 0,0 0,0 0,0 1,8 10:51 NE
03 8,9 15,2 14:26 3,2 06:29 9,4 0,0 0,0 0,0 3,1 10:41 SE
04 8,5 12,1 03:03 6,4 21:24 9,8 0,0 18,2 0,4 7,2 03:06 WSW
05 7,1 9,8 14:40 5,4 21:49 11,2 0,0 0,4 0,0 1,8 07:24 WNW
06 7,1 10,2 15:03 4,1 20:20 11,2 0,0 0,0 0,1 4,9 13:03 SE
07 9,0 15,9 13:32 4,6 23:59 9,3 0,0 0,0 0,1 4,0 13:19 WNW
08 6,2 13,2 12:42 1,9 06:46 12,1 0,0 0,2 0,0 3,6 13:46 ENE
09 5,8 9,1 14:11 4,7 04:56 12,4 0,0 0,4 0,1 3,1 04:53 ESE
10 7,8 13,6 12:44 4,6 22:48 10,4 0,0 1,8 0,1 5,4 12:37 NW
11 5,3 7,7 14:44 3,7 07:01 13,0 0,0 0,2 0,0 1,3 13:34 NE
12 4,1 5,5 15:00 2,3 06:42 14,2 0,0 0,2 0,0 1,8 18:03 NNE
13 7,1 13,1 15:09 1,3 03:42 11,2 0,0 0,0 0,6 8,0 15:44 SE
14 8,6 14,4 14:58 4,3 23:58 9,7 0,0 0,0 0,3 7,2 02:27 SE
15 5,3 11,3 12:50 0,6 07:36 13,0 0,0 0,0 0,1 4,5 20:57 ESE
16 6,3 6,9 16:54 5,4 00:47 12,0 0,0 4,6 0,1 4,5 02:17 SE
17 7,0 9,7 13:24 6,0 03:38 11,3 0,0 1,2 0,1 3,6 12:09 SE
18 6,9 9,3 10:55 5,7 04:55 11,4 0,0 11,2 1,0 8,0 11:28 W
19 3,3 7,2 00:00 1,1 21:02 15,0 0,0 5,8 0,4 4,9 01:12 SSW
20 4,3 8,1 14:31 1,4 00:00 14,0 0,0 1,4 0,5 7,6 15:41 WSW
21 4,0 7,1 15:10 1,1 22:27 14,3 0,0 2,0 0,6 5,4 01:43 WSW
22 1,7 3,1 23:26 -0,7 04:26 16,5 0,0 4,8 0,0 1,3 01:15 ENE
23 3,7 6,4 14:57 1,2 20:12 14,6 0,0 0,8 0,0 1,8 14:31 WSW
24 5,7 9,2 13:58 1,5 00:17 12,6 0,0 3,8 0,5 7,6 14:12 W
25 2,5 4,7 23:56 0,0 07:16 15,8 0,0 1,2 0,0 1,8 11:56 WNW
26 5,9 8,4 13:05 3,1 22:53 12,4 0,0 0,8 0,3 3,6 03:58 W
27 2,5 3,8 14:31 -0,3 23:53 15,8 0,0 0,0 0,1 4,5 13:34 SE
28 1,5 3,6 14:32 -0,8 03:47 16,8 0,0 0,0 0,1 4,0 10:47 SE
29 3,4 4,6 12:53 2,1 23:23 14,9 0,0 1,2 0,1 3,6 10:30 SE
30 2,1 3,3 13:48 0,4 05:34 16,2 0,0 0,0 0,2 3,6 11:46 E
----------------------------------------------------------------------------------
5,8 15,9 7 -0,8 28 376,1 0,0 60,2 0,2 8,0 13 SW
Max >= 27,0 0
Max <= 0,0 0
Min <= 0,0 4
Min <= -18,0 0
Max Rain: 18,2 on day 4
Days of Rain: 19 (>= 0,2 mm) 7 (>= 2,0 mm) 0 (>= 20,0 mm)
Heat Base: 18,3 Cool Base: 18,3 Method: Integration