V/Λ SELECT: Month and Year
OR > Month
Monthly Climatological Summary for Okt 2022
Name: Das Wetter in Pocking City: Pocking State: Germany
Elevation: 324 m Lat: N 48° 24' 08" Lon: E 013° 18' 30"
Temperature (°C), Rain (mm), Wind Speed (m/s)
Heat Cool Avg
Mean Deg Deg Wind Dom
Day Temp High Time Low Time Days Days Rain Speed High Time Dir
----------------------------------------------------------------------------------
01 10,5 15,3 13:02 6,7 03:07 7,7 0,0 3,0 0,3 6,7 13:56 WSW
02 12,2 13,1 11:29 11,5 03:31 6,1 0,0 10,2 0,4 5,8 00:11 W
03 11,4 15,1 14:38 6,8 23:50 6,9 0,0 0,2 0,9 6,3 14:07 WNW
04 8,6 15,9 15:07 3,2 06:09 9,7 0,0 0,0 0,0 1,3 15:07 N
05 10,2 18,6 15:46 3,3 06:45 8,1 0,0 0,0 0,0 0,4 10:39 N
06 12,6 20,7 13:01 6,1 06:28 6,1 0,4 0,0 0,1 4,9 14:06 N
07 11,4 17,1 14:41 7,1 08:27 6,9 0,0 0,0 0,0 0,0 00:00 N
08 13,2 17,9 14:43 10,5 00:16 5,1 0,0 0,0 0,0 3,1 15:31 NNE
09 11,3 16,6 14:40 5,7 08:14 7,1 0,0 0,2 0,2 4,9 11:57 SSE
10 12,3 19,2 14:22 5,8 06:52 6,0 0,0 0,0 0,0 2,2 15:25 ENE
11 13,1 17,3 14:30 9,9 03:57 5,1 0,0 3,8 0,0 0,0 00:00 N
12 12,5 17,9 13:31 8,0 23:55 5,9 0,0 0,0 0,1 3,6 12:14 SE
13 11,3 16,1 15:48 7,1 01:26 7,0 0,0 0,0 0,0 0,9 05:02 N
14 13,0 18,2 14:53 9,5 00:49 5,3 0,0 7,2 0,0 4,0 03:20 NNE
15 14,6 19,3 17:00 12,1 07:15 3,8 0,1 13,4 0,1 4,5 13:13 W
16 15,4 22,3 14:10 10,9 06:09 3,6 0,7 0,0 0,0 3,1 15:10 E
17 13,7 18,6 15:40 9,9 23:27 4,6 0,0 0,0 0,0 2,2 10:43 E
18 13,5 19,6 16:31 9,6 07:48 4,9 0,1 0,2 0,0 2,2 19:22 NW
19 13,6 17,7 14:13 9,3 22:27 4,6 0,0 0,0 0,1 2,7 13:05 NNW
20 10,7 15,8 14:20 7,3 06:40 7,6 0,0 0,0 0,3 6,3 15:43 SSE
21 10,9 13,7 16:36 8,6 02:14 7,4 0,0 0,0 0,0 4,0 09:16 E
22 12,7 16,9 15:23 9,0 23:57 5,6 0,0 3,2 0,0 4,0 14:49 WNW
23 12,3 17,3 14:09 8,5 02:16 6,0 0,0 0,2 0,0 3,6 12:32 SE
24 12,9 14,8 14:03 10,2 23:58 5,4 0,0 7,6 0,1 4,5 17:25 SSW
25 11,2 17,4 14:39 6,9 06:28 7,1 0,0 0,2 0,0 1,8 11:36 NNE
26 11,6 16,1 15:58 6,7 02:13 6,7 0,0 0,0 0,0 1,3 05:35 S
27 12,8 20,6 14:23 8,3 05:17 5,9 0,3 0,2 0,0 3,6 12:50 SE
28 12,3 19,3 14:58 7,2 05:32 6,1 0,1 0,0 0,0 2,7 20:27 E
29 11,7 17,7 16:09 8,2 06:06 6,6 0,0 0,0 0,0 4,0 01:34 NW
30 12,3 20,0 14:48 6,7 07:17 6,4 0,2 0,0 0,0 1,3 14:36 ESE
31 11,4 18,0 14:55 8,5 06:25 6,9 0,0 0,2 0,0 2,7 17:43 NE
----------------------------------------------------------------------------------
12,2 22,3 16 3,2 4 192,2 1,9 49,8 0,1 6,7 1 W
Max >= 27,0 0
Max <= 0,0 0
Min <= 0,0 0
Min <= -18,0 0
Max Rain: 13,4 on day 15
Days of Rain: 14 (>= 0,2 mm) 7 (>= 2,0 mm) 0 (>= 20,0 mm)
Heat Base: 18,3 Cool Base: 18,3 Method: Integration