V/Λ SELECT: Month and Year
OR > Month
Monthly Climatological Summary for Aug 2022
Name: Das Wetter in Pocking City: Pocking State: Germany
Elevation: 324 m Lat: N 48° 24' 08" Lon: E 013° 18' 30"
Temperature (°C), Rain (mm), Wind Speed (m/s)
Heat Cool Avg
Mean Deg Deg Wind Dom
Day Temp High Time Low Time Days Days Rain Speed High Time Dir
----------------------------------------------------------------------------------
01 22,3 29,1 14:59 17,8 05:57 0,0 4,0 4,2 0,4 6,7 13:44 NW
02 22,4 28,7 16:35 17,3 06:13 0,1 4,2 1,8 0,2 4,0 12:01 WNW
03 24,0 32,1 15:59 15,8 05:33 0,4 6,0 0,0 0,2 4,0 12:29 E
04 24,8 33,4 15:26 15,4 05:30 0,5 7,0 0,0 0,3 4,0 11:32 ENE
05 26,0 35,4 14:42 16,9 05:33 0,1 7,9 0,0 0,5 6,7 23:51 W
06 19,1 25,3 00:07 17,3 11:11 0,2 1,0 1,8 0,7 7,6 00:35 NNW
07 19,7 25,1 14:41 15,2 05:51 0,7 2,2 0,0 0,4 6,3 10:29 ESE
08 20,3 26,7 15:37 14,1 05:14 0,9 2,9 0,0 0,3 4,0 13:02 ESE
09 20,4 28,1 15:53 12,3 06:29 1,5 3,6 0,0 0,4 5,4 16:50 ENE
10 21,1 29,1 15:18 12,5 06:14 1,3 4,1 0,0 0,5 6,7 13:00 ESE
11 21,5 28,4 14:16 13,9 06:13 0,9 4,1 0,0 0,6 6,7 18:10 NE
12 18,7 26,2 13:24 12,7 06:21 1,4 1,7 3,2 0,2 5,4 13:33 ENE
13 19,4 28,0 14:32 11,1 05:50 2,1 3,3 0,0 0,1 3,6 14:00 NNE
14 21,5 29,3 15:57 13,0 06:21 1,2 4,4 0,0 0,2 4,9 13:44 ESE
15 22,3 29,4 14:00 14,8 05:42 0,6 4,6 0,0 0,4 8,0 23:46 WNW
16 23,5 30,6 14:41 17,4 06:17 0,1 5,3 0,0 0,3 4,5 15:06 WSW
17 24,0 33,3 15:46 14,0 06:28 0,8 6,5 0,0 0,2 5,8 12:39 E
18 23,7 30,0 15:42 18,7 06:44 0,0 5,4 0,0 0,2 4,5 04:18 NNW
19 21,7 27,4 16:41 18,1 23:57 0,0 3,4 7,8 0,3 5,8 19:18 WSW
20 17,8 18,9 13:02 16,2 07:08 0,6 0,1 19,8 0,9 5,4 09:20 WNW
21 19,6 25,6 16:06 16,7 02:19 0,5 1,9 1,6 0,3 6,7 15:28 NW
22 18,1 21,8 16:05 14,3 06:14 1,2 1,0 0,0 0,5 4,9 13:41 N
23 18,9 24,7 14:58 14,0 07:24 1,1 1,7 0,0 0,3 4,5 11:37 N
24 20,1 26,3 15:58 14,1 06:43 1,1 2,9 0,0 0,2 4,9 12:52 ENE
----------------------------------------------------------------------------------
21,3 35,4 5 11,1 13 17,3 89,2 40,2 0,4 8,0 15 N
Max >= 27,0 15
Max <= 0,0 0
Min <= 0,0 0
Min <= -18,0 0
Max Rain: 19,8 on day 20
Days of Rain: 7 (>= 0,2 mm) 4 (>= 2,0 mm) 0 (>= 20,0 mm)
Heat Base: 18,3 Cool Base: 18,3 Method: Integration