V/Λ SELECT: Month and Year
OR > Month
Monthly Climatological Summary for Jul 2022
Name: Das Wetter in Pocking City: Pocking State: Germany
Elevation: 324 m Lat: N 48° 24' 08" Lon: E 013° 18' 30"
Temperature (°C), Rain (mm), Wind Speed (m/s)
Heat Cool Avg
Mean Deg Deg Wind Dom
Day Temp High Time Low Time Days Days Rain Speed High Time Dir
----------------------------------------------------------------------------------
01 18,8 24,2 12:47 13,3 23:53 1,2 1,7 5,8 1,0 10,3 16:11 WNW
02 18,5 25,9 16:05 11,2 03:35 2,4 2,6 0,0 0,3 5,8 16:29 SE
03 22,2 30,7 17:46 12,9 05:52 1,2 5,1 0,0 0,2 3,6 13:56 NW
04 22,5 27,8 16:33 17,2 03:15 0,1 4,3 0,0 0,3 6,7 12:40 SSW
05 21,7 27,6 14:49 17,1 05:32 0,2 3,6 7,4 0,5 5,8 14:19 WNW
06 20,8 26,8 15:08 13,8 05:50 0,8 3,3 0,0 0,7 6,7 17:02 NW
07 16,2 17,9 11:46 15,0 16:39 2,1 0,0 1,8 0,4 4,5 12:31 WNW
08 16,0 19,8 17:32 12,8 06:44 2,4 0,1 0,0 1,7 7,6 03:52 NW
09 17,3 24,1 14:18 11,4 04:58 2,3 1,3 0,0 0,4 6,3 16:09 NW
10 17,1 20,6 14:49 12,1 23:56 1,6 0,4 0,0 1,3 9,4 13:36 NNW
11 15,8 21,9 18:00 10,7 02:13 3,0 0,5 0,0 0,6 5,8 17:30 NW
12 19,1 25,8 17:30 13,0 03:05 1,6 2,4 0,0 0,5 6,7 16:26 NNW
13 21,4 30,7 14:38 11,4 05:40 1,8 4,9 0,0 0,3 4,5 12:02 W
14 24,4 34,2 14:57 15,0 03:37 0,6 6,8 0,0 0,5 4,9 20:44 WNW
15 21,2 26,6 15:59 16,6 06:29 0,4 3,2 2,6 0,7 5,4 17:08 NNW
16 20,1 26,7 15:30 13,2 06:00 1,4 3,1 0,0 0,8 7,2 14:00 NW
17 19,9 27,8 14:32 10,8 06:00 2,0 3,6 0,0 0,3 4,5 12:16 NE
18 21,3 29,9 15:40 11,6 05:44 1,7 4,6 0,0 0,2 3,6 13:56 ENE
19 23,9 33,4 16:10 13,2 05:31 1,2 6,8 0,0 0,3 4,5 13:22 ESE
20 26,2 35,9 15:39 15,3 05:50 0,4 8,3 0,0 0,3 4,9 17:04 ESE
21 24,0 28,7 13:39 19,8 01:44 0,0 5,7 0,0 0,9 5,8 12:28 NW
22 24,9 33,0 15:34 16,2 05:35 0,3 6,8 0,0 0,2 3,6 15:49 ENE
23 24,1 28,8 14:28 19,2 23:50 0,0 5,8 0,0 0,5 4,9 12:26 WSW
24 23,9 31,3 15:46 16,3 05:54 0,3 5,9 0,0 0,2 4,5 16:02 ENE
25 26,4 35,8 18:17 15,6 06:07 0,4 8,5 1,4 0,5 6,7 21:53 NW
26 21,9 26,1 18:13 18,9 23:57 0,0 3,6 9,8 0,7 5,4 00:17 SW
27 20,9 26,5 18:07 15,8 04:25 0,5 3,1 0,0 0,3 4,9 14:25 N
28 22,4 29,6 16:03 13,9 05:42 0,8 4,8 0,0 0,4 6,3 08:53 ESE
29 23,9 31,0 15:13 18,9 06:08 0,0 5,6 0,0 0,4 4,9 20:44 WSW
30 20,0 25,3 17:09 16,8 23:27 0,3 2,1 3,4 0,8 8,5 15:25 NW
31 21,1 27,4 18:36 14,2 05:58 1,0 3,8 0,0 0,4 5,8 12:27 NW
----------------------------------------------------------------------------------
21,2 35,9 20 10,7 11 32,0 122,3 32,2 0,5 10,3 1 NW
Max >= 27,0 17
Max <= 0,0 0
Min <= 0,0 0
Min <= -18,0 0
Max Rain: 9,8 on day 26
Days of Rain: 7 (>= 0,2 mm) 5 (>= 2,0 mm) 0 (>= 20,0 mm)
Heat Base: 18,3 Cool Base: 18,3 Method: Integration