V/Λ SELECT: Month and Year
OR > Month
Monthly Climatological Summary for Jun 2022
Name: Das Wetter in Pocking City: Pocking State: Germany
Elevation: 324 m Lat: N 48° 24' 08" Lon: E 013° 18' 30"
Temperature (°C), Rain (mm), Wind Speed (m/s)
Heat Cool Avg
Mean Deg Deg Wind Dom
Day Temp High Time Low Time Days Days Rain Speed High Time Dir
----------------------------------------------------------------------------------
01 17,5 24,1 16:44 12,8 06:37 2,2 1,4 2,4 0,3 6,3 21:14 WSW
02 18,3 25,1 14:55 11,1 05:40 2,1 2,1 0,0 0,2 3,6 12:13 N
03 20,8 29,3 14:42 12,4 05:20 1,2 3,7 1,6 0,5 9,4 21:00 SSE
04 21,3 29,1 17:30 14,8 05:30 0,8 3,8 0,2 0,4 7,6 19:00 NNW
12 17,0 19,0 00:00 15,7 05:30 0,4 0,0 0,0 ---- 0,0 00:00 N
13 16,9 20,4 20:29 14,6 23:50 0,3 0,0 59,0 0,4 3,6 20:30 NW
14 17,9 24,3 17:26 10,3 05:58 2,4 2,0 0,0 0,4 5,4 12:29 N
15 20,4 29,7 15:37 10,2 05:11 2,1 4,3 0,0 0,3 5,4 13:51 SE
16 20,5 28,4 17:07 12,7 05:27 1,4 3,6 0,0 0,4 6,3 13:42 WNW
17 20,8 26,5 14:04 14,3 06:36 0,8 3,3 0,0 0,4 5,4 16:33 NW
18 22,8 31,1 17:15 13,3 05:23 1,0 5,5 0,0 0,2 4,5 13:45 W
19 26,0 34,8 17:43 16,7 05:41 0,2 7,9 0,0 0,3 4,5 14:09 SW
20 23,7 31,2 16:11 18,5 23:58 0,0 5,4 2,2 1,0 11,6 09:19 WNW
21 19,8 26,2 17:30 13,6 06:26 1,0 2,5 0,2 0,6 5,4 01:34 NNW
22 20,5 24,7 12:43 16,6 01:23 0,3 2,5 0,6 0,2 3,6 12:55 ESE
23 23,5 30,1 16:34 18,1 03:28 0,0 5,2 0,0 0,3 5,8 19:20 ESE
24 21,2 26,6 15:40 17,1 23:57 0,0 2,9 0,8 0,7 6,7 18:16 W
25 19,7 25,8 18:42 15,0 03:35 1,0 2,3 1,4 0,4 6,3 00:42 WSW
26 22,8 31,4 15:57 13,2 05:20 1,1 5,7 0,0 0,2 4,9 11:31 SE
27 25,5 34,8 17:00 17,2 05:10 0,1 7,3 0,8 0,6 8,5 21:17 NW
28 20,5 26,4 15:42 16,6 06:06 0,3 2,5 23,0 0,7 8,5 00:35 NW
29 19,1 22,1 15:16 17,2 03:58 0,2 1,0 4,6 0,1 3,1 17:46 ESE
30 22,9 30,6 16:20 17,1 02:19 0,3 4,8 0,0 0,2 4,0 14:26 SE
----------------------------------------------------------------------------------
20,8 34,8 19 10,2 15 19,2 79,7 96,8 0,4 11,6 20 WNW
Max >= 27,0 11
Max <= 0,0 0
Min <= 0,0 0
Min <= -18,0 0
Max Rain: 59,0 on day 13
Days of Rain: 12 (>= 0,2 mm) 5 (>= 2,0 mm) 2 (>= 20,0 mm)
Heat Base: 18,3 Cool Base: 18,3 Method: Integration