V/Λ SELECT: Month and Year
OR > Month
Monthly Climatological Summary for Mai 2022
Name: Das Wetter in Pocking City: Pocking State: Germany
Elevation: 324 m Lat: N 48° 24' 08" Lon: E 013° 18' 30"
Temperature (°C), Rain (mm), Wind Speed (m/s)
Heat Cool Avg
Mean Deg Deg Wind Dom
Day Temp High Time Low Time Days Days Rain Speed High Time Dir
----------------------------------------------------------------------------------
01 11,7 15,3 15:21 8,9 05:03 6,6 0,0 1,0 0,6 3,6 15:53 SW
02 13,4 20,2 15:41 8,4 05:13 5,2 0,3 0,0 0,3 6,3 18:56 SE
03 13,9 22,4 14:29 5,7 06:14 5,0 0,6 0,0 0,4 6,3 17:33 N
04 15,6 22,7 14:07 9,8 04:22 3,5 0,8 12,0 0,4 4,5 21:56 NNE
05 15,2 21,3 15:33 10,1 06:14 3,5 0,5 2,0 0,4 4,5 14:43 NNE
06 13,3 15,3 12:01 12,1 06:10 2,5 0,0 0,2 0,4 3,6 09:50 NNE
07 13,8 17,0 17:16 12,1 06:30 4,6 0,0 5,2 0,1 3,6 16:03 NE
08 15,1 19,7 15:43 12,3 03:07 3,2 0,1 0,2 0,1 4,0 15:52 ESE
09 17,7 24,4 15:01 11,8 05:58 2,2 1,7 0,0 0,4 5,8 12:55 ESE
10 17,4 25,4 16:03 9,4 06:21 2,9 2,0 0,0 0,2 4,5 16:45 SSE
11 19,8 28,5 15:11 11,2 06:01 2,1 3,6 0,0 0,3 4,9 13:48 W
12 20,6 27,3 16:13 13,1 06:20 1,4 3,7 1,6 0,7 9,4 23:08 NW
13 17,5 20,5 16:48 14,6 23:57 1,3 0,5 3,2 0,6 5,4 16:43 SW
14 17,0 24,1 16:05 9,7 05:53 2,9 1,6 0,0 0,2 4,0 13:30 NNW
15 18,6 26,7 15:15 9,6 05:21 2,7 3,0 0,0 0,2 4,0 14:30 SSE
16 18,2 26,4 14:06 10,9 05:58 2,3 2,3 1,0 0,3 7,2 14:17 W
17 18,4 24,1 16:41 14,7 03:41 1,5 1,5 4,6 0,8 6,3 11:17 NW
18 18,5 24,6 15:36 12,7 05:46 1,7 1,9 0,0 0,4 5,4 11:29 SE
19 20,1 29,1 15:52 10,5 05:13 2,0 3,9 0,0 0,3 4,0 08:59 SE
20 24,3 32,1 16:11 16,9 06:06 0,1 6,0 0,0 0,4 6,3 00:56 S
21 20,2 23,9 16:45 15,5 23:59 0,3 2,2 3,2 1,7 8,5 03:30 NW
22 17,8 23,4 18:02 10,7 05:42 2,1 1,6 0,0 0,5 5,8 15:48 N
23 18,5 24,9 15:48 13,9 05:44 1,3 1,6 1,4 0,5 8,0 22:06 SSE
24 15,7 18,3 11:05 13,7 23:49 2,6 0,0 3,2 0,3 6,3 16:41 NW
25 14,8 18,6 17:10 12,1 23:51 3,5 0,0 3,0 0,3 6,3 10:17 NW
26 16,7 22,7 15:11 10,8 05:49 2,8 1,2 0,0 0,9 7,6 14:57 NW
27 15,2 22,0 12:44 11,5 02:54 1,9 0,3 0,0 1,2 6,7 12:39 WNW
28 14,4 17,9 14:21 9,6 23:59 3,9 0,0 1,0 1,4 8,0 13:41 NW
29 10,6 15,1 15:59 5,6 05:39 7,7 0,0 1,6 0,4 5,4 18:25 S
30 13,1 19,7 14:21 6,3 05:37 5,3 0,0 0,2 0,4 4,0 15:24 SSE
31 15,6 25,8 15:50 7,4 05:09 4,2 1,5 3,0 0,4 8,5 18:26 SSE
----------------------------------------------------------------------------------
16,5 32,1 20 5,6 29 92,8 42,4 47,6 0,5 9,4 12 WNW
Max >= 27,0 4
Max <= 0,0 0
Min <= 0,0 0
Min <= -18,0 0
Max Rain: 12,0 on day 4
Days of Rain: 18 (>= 0,2 mm) 9 (>= 2,0 mm) 0 (>= 20,0 mm)
Heat Base: 18,3 Cool Base: 18,3 Method: Integration