V/Λ SELECT: Month and Year
OR > Month
Monthly Climatological Summary for Apr 2022
Name: Das Wetter in Pocking City: Pocking State: Germany
Elevation: 324 m Lat: N 48° 24' 08" Lon: E 013° 18' 30"
Temperature (°C), Rain (mm), Wind Speed (m/s)
Heat Cool Avg
Mean Deg Deg Wind Dom
Day Temp High Time Low Time Days Days Rain Speed High Time Dir
----------------------------------------------------------------------------------
01 5,0 6,8 00:00 2,1 23:58 13,3 0,0 3,6 0,1 3,6 13:17 E
02 0,8 2,6 12:25 -0,3 22:17 17,3 0,0 2,0 0,8 8,9 16:25 NNE
03 0,8 3,8 13:15 -0,8 22:34 17,5 0,0 1,2 0,9 5,8 17:22 WNW
04 2,4 7,8 17:43 -3,4 07:14 15,9 0,0 0,2 1,4 9,4 22:08 W
05 6,2 9,2 18:39 3,2 02:13 12,1 0,0 15,2 1,3 7,6 00:27 WSW
06 11,8 16,9 16:16 8,0 04:36 6,5 0,0 0,0 0,5 4,9 14:33 W
07 12,6 17,9 13:57 9,1 07:28 5,7 0,0 1,0 2,1 12,5 22:21 WSW
08 10,0 13,8 20:27 7,2 07:25 8,3 0,0 2,4 1,7 15,6 00:08 W
09 5,9 11,8 04:11 2,6 23:54 12,4 0,0 0,2 2,3 13,9 04:30 WNW
10 4,5 8,3 13:40 1,7 01:30 13,8 0,0 0,0 1,4 8,9 12:04 WNW
11 6,0 13,9 15:55 -1,6 06:23 12,2 0,0 0,0 0,3 5,8 15:37 SE
12 10,5 19,8 15:32 1,8 06:32 8,0 0,2 0,0 0,5 6,3 14:25 SE
13 13,6 22,4 15:41 4,3 05:24 5,5 0,8 0,0 0,4 6,3 16:27 SE
14 14,8 22,8 16:19 5,7 06:42 4,6 1,1 0,0 0,5 5,8 14:57 WNW
15 14,3 20,1 14:27 9,5 23:46 4,1 0,1 1,6 1,0 5,8 15:01 NW
16 8,2 11,5 16:13 2,9 23:57 10,1 0,0 0,0 1,0 7,2 15:28 NNE
17 6,3 13,0 16:01 -1,1 06:24 12,0 0,0 0,0 0,3 5,8 13:21 S
18 7,6 14,5 15:09 -0,6 06:13 10,7 0,0 0,0 0,4 4,9 12:45 N
19 7,3 12,0 13:22 1,9 23:58 11,0 0,0 2,2 0,4 6,3 14:13 NW
20 7,0 14,3 15:15 -1,2 06:27 11,3 0,0 0,0 0,4 5,4 14:05 ESE
21 10,4 16,6 17:36 5,3 03:39 7,9 0,0 0,0 0,4 4,5 17:12 E
22 9,4 15,5 13:35 4,0 05:25 8,9 0,0 0,0 0,6 8,0 15:12 SE
23 11,2 16,2 17:01 8,3 06:27 7,1 0,0 0,0 0,5 7,6 11:02 ESE
24 11,6 16,4 11:57 8,1 02:34 6,7 0,0 1,2 0,8 6,3 14:10 WNW
25 11,1 15,2 15:46 8,6 07:29 7,2 0,0 1,8 1,3 7,2 09:58 WNW
26 9,7 14,2 13:38 6,9 23:50 8,8 0,0 8,8 0,6 7,6 17:49 S
27 8,6 13,5 16:24 3,3 05:54 9,7 0,0 0,4 0,4 4,5 12:25 N
28 11,0 17,9 14:56 4,3 06:26 7,3 0,0 0,0 0,2 3,6 15:17 S
29 12,1 20,1 15:27 3,2 06:12 6,4 0,2 0,0 0,3 5,8 13:30 SE
30 12,7 20,6 14:53 5,7 06:18 5,7 0,2 0,2 0,6 5,8 12:09 SSW
----------------------------------------------------------------------------------
8,8 22,8 14 -3,4 4 288,0 2,6 42,0 0,8 15,6 8 W
Max >= 27,0 0
Max <= 0,0 0
Min <= 0,0 7
Min <= -18,0 0
Max Rain: 15,2 on day 5
Days of Rain: 15 (>= 0,2 mm) 6 (>= 2,0 mm) 0 (>= 20,0 mm)
Heat Base: 18,3 Cool Base: 18,3 Method: Integration