V/Λ SELECT: Month and Year
OR > Month
Monthly Climatological Summary for Mrz 2022
Name: Das Wetter in Pocking City: Pocking State: Germany
Elevation: 324 m Lat: N 48° 24' 08" Lon: E 013° 18' 30"
Temperature (°C), Rain (mm), Wind Speed (m/s)
Heat Cool Avg
Mean Deg Deg Wind Dom
Day Temp High Time Low Time Days Days Rain Speed High Time Dir
----------------------------------------------------------------------------------
01 1,0 6,9 14:00 -3,3 07:30 17,6 0,0 0,0 0,4 5,8 09:30 SE
02 0,6 8,2 15:34 -6,1 06:41 17,7 0,0 0,0 0,1 3,6 11:03 ESE
03 0,5 8,9 15:31 -6,3 06:48 17,8 0,0 0,0 0,1 3,1 13:33 WNW
04 0,2 6,7 12:45 -5,3 06:41 18,1 0,0 0,0 0,3 5,4 14:49 ENE
05 0,0 6,2 12:10 -5,3 06:33 18,3 0,0 0,0 0,3 6,3 12:17 ESE
06 0,5 4,9 11:46 -3,0 07:14 17,8 0,0 0,0 0,4 4,5 14:24 NE
07 0,4 2,9 15:26 -1,1 07:20 17,9 0,0 0,0 0,4 5,8 09:41 NE
08 1,4 7,6 13:47 -4,1 06:42 16,9 0,0 0,0 0,3 6,3 13:18 SE
09 2,6 10,9 15:24 -4,9 06:23 15,7 0,0 0,0 0,1 3,1 11:58 S
10 3,5 12,1 13:47 -4,4 06:39 14,8 0,0 0,0 0,5 5,8 16:40 SE
11 3,3 9,8 13:24 -2,2 05:59 15,0 0,0 0,0 1,1 11,2 13:54 SE
12 4,7 11,9 15:34 -1,8 06:20 13,6 0,0 0,0 0,7 7,2 11:38 SE
13 4,9 12,5 15:39 -2,5 06:49 13,4 0,0 0,0 0,3 5,4 14:31 SE
14 6,3 14,6 14:52 -1,8 05:36 11,9 0,0 0,0 0,2 5,4 14:46 NE
15 7,2 13,8 13:34 1,3 02:47 11,1 0,0 5,4 0,2 3,6 23:35 S
16 8,4 12,7 15:47 4,9 23:58 9,9 0,0 0,0 0,8 7,6 03:10 WNW
17 8,3 13,5 15:01 4,2 00:41 10,0 0,0 0,0 0,4 7,6 12:54 SE
18 6,5 13,4 15:40 0,9 06:19 11,8 0,0 0,0 0,3 6,7 16:17 E
19 6,1 12,3 14:13 -0,3 05:43 12,2 0,0 0,0 0,7 6,7 21:14 ESE
20 8,1 13,7 13:37 4,0 06:24 10,2 0,0 0,0 1,2 8,9 09:06 SE
21 7,4 15,2 15:19 -0,5 06:27 10,9 0,0 0,0 0,4 4,9 09:56 SE
22 8,9 18,7 14:54 -1,9 05:39 9,4 0,0 0,0 0,5 7,2 09:38 SE
23 9,2 18,8 15:16 -0,5 06:21 9,1 0,0 0,0 0,1 3,6 14:12 W
24 8,8 19,9 14:49 -1,4 06:41 9,7 0,1 0,0 0,1 2,7 14:03 WNW
25 9,4 19,4 14:11 -0,3 05:59 8,9 0,0 0,0 0,2 4,0 12:51 ESE
26 9,5 18,8 14:23 0,3 06:14 8,8 0,0 0,0 0,3 4,5 13:47 N
27 10,0 19,5 15:16 -0,1 07:01 8,1 0,1 0,0 0,3 4,9 13:10 SE
28 10,5 20,2 16:32 1,5 07:04 8,0 0,3 0,0 0,3 4,9 14:31 W
29 10,5 19,2 14:29 1,9 06:37 7,8 0,0 0,0 0,5 8,9 15:08 W
30 10,8 13,6 12:50 8,7 07:20 7,4 0,0 0,0 0,3 4,9 13:36 NNW
31 8,7 10,2 14:36 6,8 23:57 9,6 0,0 7,8 0,1 4,9 12:56 ESE
----------------------------------------------------------------------------------
5,7 20,2 28 -6,3 3 389,4 0,5 13,2 0,4 11,2 11 ESE
Max >= 27,0 0
Max <= 0,0 0
Min <= 0,0 21
Min <= -18,0 0
Max Rain: 7,8 on day 31
Days of Rain: 2 (>= 0,2 mm) 2 (>= 2,0 mm) 0 (>= 20,0 mm)
Heat Base: 18,3 Cool Base: 18,3 Method: Integration