V/Λ SELECT: Month and Year
OR > Month
Monthly Climatological Summary for Feb 2022
Name: Das Wetter in Pocking City: Pocking State: Germany
Elevation: 324 m Lat: N 48° 24' 08" Lon: E 013° 18' 30"
Temperature (°C), Rain (mm), Wind Speed (m/s)
Heat Cool Avg
Mean Deg Deg Wind Dom
Day Temp High Time Low Time Days Days Rain Speed High Time Dir
----------------------------------------------------------------------------------
01 2,0 4,1 23:53 0,8 10:20 16,3 0,0 2,8 2,7 11,2 23:53 W
02 5,0 7,6 13:28 3,6 01:40 13,3 0,0 1,0 3,1 13,0 12:26 WNW
03 4,2 8,6 14:05 1,5 07:40 14,1 0,0 0,0 0,3 4,0 00:49 W
04 4,2 7,8 15:08 0,4 01:18 14,1 0,0 0,0 0,3 4,9 22:03 WSW
05 3,6 7,8 02:30 -0,1 22:40 14,7 0,0 0,2 1,8 9,8 03:38 WNW
06 4,5 8,8 14:22 -0,4 01:05 13,7 0,0 0,6 1,9 11,6 16:34 WSW
07 3,2 6,8 00:00 1,3 15:36 15,2 0,0 3,6 4,0 12,1 12:06 WNW
08 4,7 7,2 15:15 2,2 06:35 13,9 0,0 0,0 1,3 8,9 00:03 W
09 6,0 10,4 15:35 0,1 23:58 12,3 0,0 0,0 0,5 5,4 13:15 WNW
10 2,2 9,6 15:02 -3,0 06:15 16,1 0,0 0,0 0,1 2,7 11:43 NNE
11 4,3 5,5 08:17 2,7 23:45 13,9 0,0 2,8 1,6 9,8 12:55 W
12 2,4 7,1 13:53 -1,6 07:43 15,9 0,0 0,0 0,4 6,7 11:47 SE
13 1,0 8,4 15:47 -4,2 07:12 17,3 0,0 0,0 0,1 3,6 12:42 ESE
14 1,9 7,9 15:21 -4,4 06:41 16,4 0,0 0,0 0,2 4,0 10:50 ESE
15 3,0 5,2 16:22 0,7 02:50 15,2 0,0 5,0 0,1 2,7 21:37 SSW
16 5,4 10,1 14:25 -0,7 05:47 12,9 0,0 1,2 0,5 5,8 14:43 SW
17 10,5 14,1 09:03 7,0 22:26 7,8 0,0 4,6 4,0 18,3 14:13 W
18 9,0 14,6 22:25 5,9 05:48 9,3 0,0 0,4 1,0 13,4 23:28 W
19 6,5 9,3 13:20 1,6 23:47 11,8 0,0 0,0 2,1 11,2 10:50 W
20 7,2 11,3 16:37 0,6 02:36 11,1 0,0 0,0 2,4 10,7 10:15 W
21 7,2 11,4 06:13 4,3 08:12 11,1 0,0 0,4 3,3 13,4 07:58 W
22 5,5 7,3 16:13 3,2 11:39 12,8 0,0 1,2 2,9 10,7 00:48 W
23 6,5 10,3 13:04 0,6 22:52 11,8 0,0 0,4 1,8 9,8 01:26 W
24 4,7 11,4 15:32 -1,9 06:57 13,6 0,0 0,0 0,1 3,6 10:54 ESE
25 4,1 7,9 00:58 0,8 23:26 14,2 0,0 0,0 2,3 13,4 01:20 WNW
26 3,1 6,1 13:02 0,9 23:59 15,2 0,0 0,0 1,3 6,7 12:44 NW
27 1,9 6,6 13:30 -2,2 06:30 16,2 0,0 0,0 0,2 5,8 10:00 SE
28 0,5 6,5 14:30 -3,9 07:00 17,8 0,0 0,0 0,3 5,8 16:30 ESE
----------------------------------------------------------------------------------
4,4 14,6 18 -4,4 14 388,0 0,0 24,2 1,4 18,3 17 W
Max >= 27,0 0
Max <= 0,0 0
Min <= 0,0 10
Min <= -18,0 0
Max Rain: 5,0 on day 15
Days of Rain: 13 (>= 0,2 mm) 5 (>= 2,0 mm) 0 (>= 20,0 mm)
Heat Base: 18,3 Cool Base: 18,3 Method: Integration