V/Λ SELECT: Month and Year
OR > Month
Monthly Climatological Summary for Jan 2022
Name: Das Wetter in Pocking City: Pocking State: Germany
Elevation: 324 m Lat: N 48° 24' 08" Lon: E 013° 18' 30"
Temperature (°C), Rain (mm), Wind Speed (m/s)
Heat Cool Avg
Mean Deg Deg Wind Dom
Day Temp High Time Low Time Days Days Rain Speed High Time Dir
----------------------------------------------------------------------------------
01 8,8 12,5 14:04 2,3 23:57 9,5 0,0 0,0 0,3 4,0 12:19 W
02 2,0 3,6 14:23 0,6 22:38 16,3 0,0 0,2 0,0 1,3 06:08 E
03 6,9 10,8 13:54 1,3 00:00 11,4 0,0 0,0 0,5 8,0 13:53 WNW
04 7,8 10,5 19:49 6,6 05:59 10,5 0,0 8,8 0,3 6,3 21:08 WNW
05 3,3 6,7 00:00 1,5 22:38 15,0 0,0 5,0 1,9 9,4 21:46 W
06 1,2 4,2 14:47 -1,4 23:25 17,1 0,0 0,4 1,5 7,6 00:34 W
07 -0,8 0,6 14:23 -1,8 04:54 19,1 0,0 0,0 0,1 2,7 05:24 SSE
08 -0,5 2,3 16:04 -3,2 08:00 18,8 0,0 0,8 0,5 8,9 13:39 WSW
09 1,2 4,4 14:21 -2,1 00:00 17,1 0,0 0,2 0,7 8,0 11:22 WSW
10 1,6 3,6 13:40 0,1 00:28 16,7 0,0 0,0 0,4 4,5 17:07 NW
11 0,4 2,6 14:34 -2,3 23:58 17,9 0,0 0,0 0,0 2,2 19:56 ENE
12 -2,2 -0,4 14:25 -4,7 07:57 20,5 0,0 0,0 0,2 3,1 23:19 WNW
13 -1,4 -0,3 15:47 -2,0 05:57 19,7 0,0 0,0 0,2 4,0 09:45 WNW
14 -1,6 1,7 15:17 -3,3 23:14 19,2 0,0 0,0 0,1 3,1 16:16 NW
15 -2,0 -0,4 14:15 -3,7 00:55 19,4 0,0 0,0 0,1 1,8 00:34 N
16 -0,2 1,8 23:54 -2,2 00:36 18,4 0,0 0,0 0,4 5,8 16:57 WNW
17 3,4 4,7 17:25 1,8 00:44 14,9 0,0 0,2 3,0 10,7 15:56 W
18 2,6 4,3 13:38 -1,8 23:59 15,7 0,0 0,0 0,8 5,4 12:47 WNW
19 -0,6 3,4 13:09 -4,1 08:22 18,9 0,0 0,0 0,2 3,6 10:06 WSW
20 2,0 4,1 14:02 -0,1 16:04 16,3 0,0 0,6 2,7 11,6 14:54 W
21 -0,9 1,3 14:59 -4,6 08:04 19,2 0,0 0,4 2,3 8,5 01:07 W
22 1,2 2,4 12:12 -0,3 03:08 17,0 0,0 2,4 2,6 8,9 01:31 W
23 2,9 4,3 13:48 2,0 00:01 15,4 0,0 0,0 1,2 6,3 01:02 W
24 1,8 6,2 14:38 -1,4 23:59 16,5 0,0 0,0 0,1 3,6 14:43 ENE
25 -1,1 0,1 14:36 -2,7 02:56 19,4 0,0 0,0 0,2 3,6 15:03 W
26 0,1 1,5 15:17 -1,2 04:34 18,2 0,0 0,0 0,8 4,9 19:02 W
27 1,1 4,9 13:45 -0,2 07:37 17,2 0,0 0,4 0,9 6,3 13:22 WNW
28 3,0 4,2 14:32 2,2 23:16 15,3 0,0 2,0 2,9 9,8 12:47 W
29 4,0 7,6 20:02 0,6 04:32 14,3 0,0 0,0 1,7 12,1 22:15 W
30 5,3 7,4 02:41 0,8 23:44 13,0 0,0 1,2 3,8 13,9 10:10 WNW
31 1,9 4,7 15:00 -0,5 03:59 16,4 0,0 3,2 1,7 8,5 14:46 W
----------------------------------------------------------------------------------
1,7 12,5 1 -4,7 12 514,3 0,0 25,8 1,0 13,9 30 W
Max >= 27,0 0
Max <= 0,0 3
Min <= 0,0 20
Min <= -18,0 0
Max Rain: 8,8 on day 4
Days of Rain: 14 (>= 0,2 mm) 5 (>= 2,0 mm) 0 (>= 20,0 mm)
Heat Base: 18,3 Cool Base: 18,3 Method: Integration