V/Λ SELECT: Month and Year
OR > Month
Monthly Climatological Summary for Dez 2021
Name: Das Wetter in Pocking City: Pocking State: Germany
Elevation: 324 m Lat: N 48° 24' 08" Lon: E 013° 18' 30"
Temperature (°C), Rain (mm), Wind Speed (m/s)
Heat Cool Avg
Mean Deg Deg Wind Dom
Day Temp High Time Low Time Days Days Rain Speed High Time Dir
----------------------------------------------------------------------------------
01 6,6 9,9 12:50 4,7 06:44 11,8 0,0 4,4 1,0 7,6 01:50 WSW
02 5,2 8,0 00:00 1,2 23:35 13,1 0,0 0,0 1,2 6,7 05:17 W
03 0,6 3,3 15:03 -3,8 23:49 17,7 0,0 0,0 1,0 6,3 12:21 W
04 -0,7 0,9 21:11 -4,0 00:19 19,0 0,0 7,0 0,1 3,1 10:14 E
05 2,2 3,7 14:40 0,8 00:04 16,1 0,0 2,0 0,3 5,8 03:43 W
06 1,5 3,3 14:01 0,5 05:00 16,8 0,0 0,0 0,3 3,6 12:47 W
07 0,8 3,4 16:00 -1,4 23:00 17,7 0,0 0,6 0,3 4,9 13:00 WSW
08 -0,5 0,7 13:00 -1,6 23:53 18,4 0,0 0,0 0,3 4,5 06:00 SE
09 -0,1 1,2 14:21 -1,5 00:00 18,4 0,0 4,6 0,1 3,6 16:30 W
10 -0,7 1,9 12:59 -3,4 08:04 18,7 0,0 2,6 0,1 4,0 12:24 SE
11 0,9 2,5 11:07 -1,0 00:12 17,4 0,0 4,8 0,6 4,0 15:13 W
12 1,5 3,2 13:24 0,2 03:14 16,8 0,0 0,4 0,3 4,0 12:48 W
13 2,5 3,8 15:27 0,9 00:49 15,8 0,0 5,0 0,0 1,8 13:06 WNW
14 2,9 3,6 14:13 2,1 03:34 15,4 0,0 1,0 0,1 3,1 17:19 W
15 3,6 4,8 14:15 2,9 00:01 14,6 0,0 0,2 0,0 1,8 00:49 WNW
16 4,0 5,0 14:31 3,3 07:36 14,3 0,0 0,6 0,2 3,1 12:57 W
17 3,6 4,4 15:22 1,8 22:44 14,7 0,0 0,0 0,5 4,0 17:18 WNW
18 1,9 2,8 12:20 0,6 23:57 16,4 0,0 0,0 0,2 3,6 21:38 W
19 0,8 2,0 21:05 0,0 02:41 17,5 0,0 0,2 1,6 5,8 13:43 W
20 1,6 4,2 14:15 -3,3 23:59 16,7 0,0 0,2 1,3 6,7 01:43 WNW
21 -2,6 1,9 13:08 -5,9 06:39 20,9 0,0 0,0 0,1 3,6 12:43 E
22 -4,0 0,6 14:01 -7,5 07:24 22,3 0,0 0,0 0,1 4,9 12:42 SE
23 -3,0 -0,7 23:54 -5,6 03:11 21,2 0,0 0,6 0,1 3,6 06:28 ESE
24 3,0 6,9 14:47 -0,7 00:00 15,3 0,0 7,2 0,3 5,4 13:11 SW
25 4,3 5,9 03:32 -0,3 23:59 14,0 0,0 9,2 0,2 4,5 20:17 SE
26 -1,1 -0,3 00:00 -2,0 08:21 19,4 0,0 0,2 0,3 5,8 21:43 SE
27 -1,1 -0,3 13:25 -2,1 02:02 19,4 0,0 0,0 0,3 5,8 18:21 SE
28 0,8 4,7 23:51 -0,8 08:04 17,5 0,0 7,6 0,1 4,9 20:43 SW
29 6,9 9,3 14:37 4,3 01:38 11,4 0,0 7,0 1,5 8,0 06:13 W
30 10,5 13,2 15:15 5,5 00:00 7,8 0,0 5,8 0,8 8,9 21:55 W
31 11,0 14,3 14:15 6,1 23:51 7,3 0,0 0,0 0,5 4,0 04:31 WSW
----------------------------------------------------------------------------------
2,0 14,3 31 -7,5 22 503,8 0,0 71,2 0,4 8,9 30 W
Max >= 27,0 0
Max <= 0,0 3
Min <= 0,0 17
Min <= -18,0 0
Max Rain: 9,2 on day 25
Days of Rain: 21 (>= 0,2 mm) 12 (>= 2,0 mm) 0 (>= 20,0 mm)
Heat Base: 18,3 Cool Base: 18,3 Method: Integration