V/Λ SELECT: Month and Year
OR > Month
Monthly Climatological Summary for Nov 2021
Name: Das Wetter in Pocking City: Pocking State: Germany
Elevation: 324 m Lat: N 48° 24' 08" Lon: E 013° 18' 30"
Temperature (°C), Rain (mm), Wind Speed (m/s)
Heat Cool Avg
Mean Deg Deg Wind Dom
Day Temp High Time Low Time Days Days Rain Speed High Time Dir
----------------------------------------------------------------------------------
01 7,6 12,6 13:30 2,3 07:30 10,7 0,0 9,2 0,3 5,4 14:00 WNW
02 7,4 10,9 14:00 3,9 00:00 10,9 0,0 7,6 0,1 2,2 07:30 SSW
03 6,3 10,7 14:23 1,1 04:00 11,8 0,0 1,2 0,1 4,5 14:43 S
04 6,5 8,8 14:47 3,1 23:45 11,8 0,0 7,6 0,9 7,6 17:35 SW
05 4,7 9,4 12:10 0,3 05:12 13,6 0,0 0,0 0,3 4,5 14:34 WNW
06 4,7 9,3 12:54 0,9 21:45 13,6 0,0 0,0 0,1 2,7 13:21 NNE
07 3,2 5,7 15:00 0,6 07:16 15,1 0,0 0,0 0,2 3,6 11:10 SW
08 5,9 9,7 13:38 -0,1 23:57 12,4 0,0 0,0 0,3 4,5 13:38 NNW
09 2,7 9,9 14:50 -1,9 07:58 15,6 0,0 0,2 0,2 5,8 12:57 SE
10 3,9 9,9 13:57 -1,1 03:54 14,4 0,0 0,0 0,1 4,0 13:53 E
11 4,4 5,7 13:03 3,1 03:54 13,9 0,0 0,0 0,1 3,1 06:31 ESE
12 3,6 4,2 13:42 2,8 07:21 14,7 0,0 0,0 0,2 4,0 11:06 SE
13 4,1 4,9 22:06 3,0 06:36 14,2 0,0 1,4 0,1 2,7 12:31 NE
14 5,3 6,9 11:30 4,1 20:36 13,0 0,0 0,0 0,2 4,5 12:33 SE
15 6,0 9,8 14:05 4,2 23:53 12,3 0,0 0,0 0,4 5,8 09:16 SE
16 4,1 6,0 14:52 1,2 05:11 14,2 0,0 0,0 0,0 2,7 00:19 SSW
17 5,0 5,9 11:28 4,3 05:37 13,3 0,0 0,0 0,4 3,6 08:48 WNW
18 5,8 7,1 15:00 4,7 04:05 12,5 0,0 0,4 0,2 3,1 12:44 WNW
19 6,1 8,5 14:11 4,4 07:05 12,2 0,0 0,0 0,4 3,6 10:39 W
20 6,6 9,2 12:30 4,9 02:54 11,7 0,0 0,0 0,2 2,7 11:34 SSW
21 4,8 6,3 00:00 3,4 23:41 13,5 0,0 0,0 0,4 3,6 12:54 WNW
22 4,4 5,7 13:15 3,3 06:09 13,9 0,0 1,0 0,1 2,2 11:31 N
23 2,2 5,9 13:41 -2,2 23:58 16,1 0,0 0,0 0,1 2,2 12:35 NNE
24 -0,1 1,8 15:22 -2,7 01:27 18,3 0,0 0,0 0,3 3,6 14:03 NE
25 -0,3 0,5 12:03 -1,6 01:17 18,6 0,0 0,0 0,3 4,9 06:02 NE
26 0,2 0,8 13:58 -0,8 23:57 18,0 0,0 0,0 0,2 3,1 10:39 WNW
27 0,8 2,3 15:15 -1,2 00:41 17,5 0,0 2,4 0,0 3,1 05:57 E
28 1,0 2,6 13:50 0,2 07:33 17,3 0,0 4,2 0,1 2,7 11:25 WNW
29 0,9 2,3 13:55 0,0 06:50 17,4 0,0 1,4 1,2 7,2 22:15 W
30 1,7 5,0 23:55 0,4 12:00 16,6 0,0 3,6 2,8 13,0 19:10 W
----------------------------------------------------------------------------------
4,0 12,6 1 -2,7 24 429,1 0,0 40,2 0,3 13,0 30 W
Max >= 27,0 0
Max <= 0,0 0
Min <= 0,0 9
Min <= -18,0 0
Max Rain: 9,2 on day 1
Days of Rain: 12 (>= 0,2 mm) 6 (>= 2,0 mm) 0 (>= 20,0 mm)
Heat Base: 18,3 Cool Base: 18,3 Method: Integration