V/Λ SELECT: Month and Year
OR > Month
Monthly Climatological Summary for Aug 2021
Name: Das Wetter in Pocking City: Pocking State: Germany
Elevation: 324 m Lat: N 48° 24' 08" Lon: E 013° 18' 30"
Temperature (°C), Rain (mm), Wind Speed (m/s)
Heat Cool Avg
Mean Deg Deg Wind Dom
Day Temp High Time Low Time Days Days Rain Speed High Time Dir
----------------------------------------------------------------------------------
01 17,2 19,3 00:00 14,7 23:33 1,1 0,1 2,6 0,7 7,2 11:00 WNW
02 17,2 22,3 17:45 13,7 06:17 2,0 0,9 7,8 0,3 6,7 14:11 WNW
03 17,6 25,1 17:23 12,2 06:32 2,4 1,6 28,8 0,4 6,3 20:07 NNW
04 15,6 18,4 13:04 13,8 22:54 2,7 0,0 7,2 0,1 3,1 09:23 NNW
05 16,2 21,1 17:43 13,2 03:54 2,5 0,3 6,4 0,6 6,7 14:19 WNW
06 18,5 24,3 16:17 14,2 03:32 1,4 1,5 0,0 0,6 7,2 15:00 WNW
07 19,3 28,8 15:18 12,5 03:59 2,2 3,2 14,6 0,5 14,3 19:42 WSW
08 17,0 21,2 17:12 14,9 04:16 1,7 0,4 3,4 0,4 4,9 18:56 SSW
09 18,9 25,7 14:46 12,4 06:19 1,6 2,2 0,2 0,1 4,5 13:00 ENE
10 21,2 28,9 15:54 13,6 06:05 1,0 4,0 0,0 0,2 4,5 17:25 NNW
11 21,8 28,1 16:59 16,0 06:02 0,4 3,9 0,0 0,3 4,5 14:17 NNE
12 22,7 30,2 15:25 15,4 05:50 0,5 4,9 0,0 0,2 3,6 12:53 ENE
13 24,1 31,4 15:09 17,3 06:16 0,1 5,9 0,0 0,2 4,0 12:06 SW
14 24,8 30,8 15:35 19,7 07:34 0,0 6,5 1,8 0,2 4,0 15:49 WNW
15 23,6 31,8 15:56 17,8 23:59 0,0 5,3 4,4 0,4 13,9 19:21 NNW
16 19,1 24,8 12:51 15,7 22:58 0,7 1,5 6,2 0,7 6,7 13:33 WSW
17 15,5 19,3 15:46 11,9 07:48 2,8 0,1 0,6 1,5 7,6 02:21 WNW
18 15,5 19,7 17:24 12,3 04:11 2,9 0,2 0,6 0,3 4,5 11:45 W
19 18,0 22,8 17:11 14,1 03:29 1,5 1,3 0,0 0,3 4,9 17:26 WNW
20 19,6 25,1 15:36 15,6 06:31 0,9 2,1 0,0 0,2 4,0 14:43 N
21 19,7 27,4 14:52 12,4 06:32 1,7 3,1 0,0 0,1 3,1 13:41 E
22 18,5 24,3 14:19 15,0 06:24 1,2 1,4 5,8 0,1 7,6 18:06 SW
23 16,3 21,8 14:59 13,8 06:24 2,3 0,2 17,4 0,6 8,0 21:10 WNW
24 15,5 18,5 12:14 13,4 08:40 2,8 0,0 0,2 0,9 4,9 13:09 NNW
25 15,5 21,3 15:21 10,0 06:38 3,1 0,4 0,0 0,2 3,6 09:47 ESE
26 14,1 17,4 17:38 11,8 03:18 4,2 0,0 3,2 0,6 6,7 12:46 W
27 13,8 18,4 14:53 11,0 05:15 4,5 0,0 4,0 0,7 6,3 12:03 WNW
28 13,2 18,0 13:05 11,6 23:53 5,1 0,0 7,8 0,4 5,8 17:20 WSW
29 13,0 17,8 15:36 10,8 05:13 5,3 0,0 0,0 0,3 5,8 16:35 WSW
30 14,2 19,1 15:17 11,3 02:06 4,1 0,0 2,6 0,4 4,0 11:01 S
31 15,0 19,7 14:52 12,6 00:25 3,3 0,0 0,4 1,0 6,3 16:15 NW
----------------------------------------------------------------------------------
17,8 31,8 15 10,0 25 66,0 51,0 126,0 0,4 14,3 7 WNW
Max >= 27,0 8
Max <= 0,0 0
Min <= 0,0 0
Min <= -18,0 0
Max Rain: 28,8 on day 3
Days of Rain: 21 (>= 0,2 mm) 15 (>= 2,0 mm) 1 (>= 20,0 mm)
Heat Base: 18,3 Cool Base: 18,3 Method: Integration