V/Λ SELECT: Month and Year
OR > Month
Monthly Climatological Summary for Dez 2020
Name: Das Wetter in Pocking City: Pocking State: Germany
Elevation: 324 m Lat: N 48° 24' 09" Lon: E 013° 18' 30"
Temperature (°C), Rain (mm), Wind Speed (m/s)
Heat Cool Avg
Mean Deg Deg Wind Dom
Day Temp High Time Low Time Days Days Rain Speed High Time Dir
----------------------------------------------------------------------------------
01 -2,1 -0,3 15:18 -5,0 01:12 20,3 0,0 0,0 0,3 5,4 19:26 SE
02 -1,4 -0,2 13:14 -2,7 19:41 19,7 0,0 0,0 0,3 4,9 04:50 SE
03 -1,3 0,7 14:13 -2,3 05:06 13,9 0,0 1,2 0,1 3,1 13:54 ESE
04 1,8 4,9 23:37 -2,4 09:12 10,3 0,0 0,2 0,4 6,3 23:33 ESE
05 4,4 7,6 04:44 -0,8 23:56 13,9 0,0 0,0 0,9 8,9 00:59 SSW
06 3,7 14,1 13:02 -1,7 06:47 14,6 0,0 0,0 0,6 8,9 14:14 S
07 2,6 4,7 13:38 -1,9 23:57 15,7 0,0 0,0 0,1 2,2 01:25 NW
08 1,0 6,6 18:59 -4,0 05:45 17,3 0,0 0,0 0,3 8,9 23:00 SE
09 1,9 4,7 00:00 0,4 22:37 16,3 0,0 2,4 0,1 3,6 00:03 SSW
10 1,1 1,7 14:14 0,4 07:13 17,2 0,0 2,4 0,0 1,8 13:20 NNE
11 1,1 1,4 19:36 0,6 10:01 17,2 0,0 0,0 0,3 5,4 08:18 SE
12 1,6 3,1 13:26 0,0 08:04 16,7 0,0 1,0 0,1 3,6 11:49 SE
13 3,2 4,7 23:38 1,4 00:00 15,1 0,0 3,0 0,0 0,0 00:00 N
14 4,3 4,9 13:45 3,7 05:17 14,0 0,0 0,0 0,3 6,3 18:27 SE
15 2,6 4,1 00:00 1,6 22:30 15,7 0,0 0,0 0,3 6,3 00:06 SE
16 2,2 3,4 13:07 0,8 02:14 16,1 0,0 0,0 0,2 6,7 22:53 SE
17 2,4 3,2 14:13 1,8 23:31 15,9 0,0 0,0 0,2 4,5 01:49 SE
18 1,6 2,6 15:07 0,3 08:16 16,7 0,0 0,0 0,2 4,5 23:51 SE
19 0,7 1,8 00:00 0,1 09:31 17,6 0,0 0,0 0,7 6,3 09:13 SE
20 1,1 1,8 13:36 0,4 06:52 17,2 0,0 0,0 0,6 5,4 09:12 SE
21 1,8 3,7 11:35 0,8 01:11 16,5 0,0 0,0 0,1 3,6 13:21 ESE
22 6,0 10,6 14:21 1,9 01:01 12,3 0,0 7,4 0,4 5,4 13:48 SW
23 8,7 10,6 12:49 6,4 23:19 9,6 0,0 0,4 0,0 2,2 23:33 SW
24 7,0 7,9 06:21 5,7 23:57 11,3 0,0 3,0 0,5 5,4 17:11 WSW
25 2,8 5,7 00:00 0,7 09:43 15,5 0,0 11,8 0,9 5,8 08:38 NW
26 -0,3 2,0 12:54 -4,0 23:57 18,6 0,0 0,0 1,0 5,4 07:23 W
27 -3,1 0,8 23:48 -5,9 08:28 21,4 0,0 0,0 0,2 5,4 09:51 SE
28 1,4 4,6 13:20 -0,9 05:26 16,9 0,0 1,0 0,3 5,8 18:31 WSW
29 -0,2 3,2 15:12 -2,2 08:47 18,5 0,0 1,4 0,0 1,8 06:18 ESE
30 -1,0 1,2 15:19 -2,9 08:54 19,2 0,0 0,0 0,0 1,8 04:19 NNE
31 -1,5 3,0 14:07 -4,0 07:10 19,8 0,0 0,0 0,0 3,1 13:20 SE
----------------------------------------------------------------------------------
1,7 14,1 6 -5,9 27 501,0 0,0 35,2 0,3 8,9 5 S
Max >= 27,0 0
Max <= 0,0 2
Min <= 0,0 15
Min <= -18,0 0
Max Rain: 11,8 on day 25
Days of Rain: 12 (>= 0,2 mm) 6 (>= 2,0 mm) 0 (>= 20,0 mm)
Heat Base: 18,3 Cool Base: 18,3 Method: Integration