V/Λ SELECT: Month and Year
OR > Month
Monthly Climatological Summary for Sep 2020
Name: Das Wetter in Pocking City: Pocking State: Germany
Elevation: 324 m Lat: N 48° 24' 09" Lon: E 013° 18' 30"
Temperature (°C), Rain (mm), Wind Speed (m/s)
Heat Cool Avg
Mean Deg Deg Wind Dom
Day Temp High Time Low Time Days Days Rain Speed High Time Dir
----------------------------------------------------------------------------------
01 14,7 19,7 15:00 12,3 23:59 3,7 0,1 3,6 0,7 4,9 12:00 WNW
02 14,4 18,9 14:30 11,4 02:30 3,9 0,0 2,8 0,1 3,6 15:00 WNW
03 15,3 22,0 15:30 9,4 07:00 3,7 0,7 1,0 0,1 2,7 16:00 SE
04 19,6 26,8 15:30 14,4 06:30 1,3 2,6 1,2 0,1 3,1 14:30 NE
05 19,9 28,6 15:30 12,7 07:00 1,6 3,2 0,6 0,2 5,4 15:30 SSE
06 16,9 20,9 13:30 14,6 23:59 1,7 0,3 0,2 0,1 4,5 02:00 WNW
07 15,0 17,8 17:00 12,1 23:59 3,3 0,0 0,2 0,1 3,6 17:00 S
08 14,9 23,1 16:00 8,1 07:00 4,4 0,9 0,2 0,1 3,6 13:00 NE
09 16,3 24,6 15:30 8,1 07:00 3,7 1,7 0,4 0,1 2,7 12:30 NNE
10 16,6 23,6 16:00 10,6 07:30 2,9 1,2 0,4 0,3 3,6 12:30 NNE
11 17,8 24,6 16:00 11,9 07:30 2,2 1,7 0,2 0,2 5,4 12:00 E
12 18,6 25,8 15:30 12,6 07:30 1,9 2,2 0,2 0,1 3,6 14:30 W
13 19,1 27,6 15:00 13,9 06:30 1,7 2,5 0,0 0,0 2,2 14:30 ENE
14 20,2 29,3 15:30 12,1 06:30 1,8 3,7 0,4 0,3 6,3 13:00 E
15 20,1 28,1 15:00 12,8 07:30 1,4 3,2 0,4 0,1 3,1 15:30 SE
16 19,8 28,3 15:00 12,6 06:30 1,7 3,2 0,4 0,1 2,7 13:00 WNW
17 18,3 21,8 13:30 15,3 07:00 0,8 0,8 0,2 0,2 4,5 15:30 E
18 15,2 20,8 15:30 11,3 23:59 3,4 0,3 0,2 0,5 7,2 16:00 NE
19 13,9 22,1 15:30 7,8 07:30 4,9 0,5 0,0 0,2 5,4 14:30 SSE
20 14,6 22,7 15:30 6,8 07:30 4,6 0,9 0,0 0,2 4,5 13:30 SSE
21 15,5 23,1 15:30 8,4 07:30 3,9 1,1 0,0 0,1 3,1 12:30 E
22 16,9 25,1 14:30 11,1 04:00 3,1 1,7 0,0 0,1 3,6 15:30 WNW
23 15,2 18,4 14:30 12,3 04:30 3,2 0,0 13,8 0,0 2,7 14:30 SSW
24 16,0 21,8 15:30 11,7 07:30 2,9 0,6 0,4 0,0 1,8 18:00 E
25 11,2 16,2 01:00 6,0 23:59 7,1 0,0 21,4 0,7 8,5 13:00 SW
26 7,4 8,8 14:30 5,9 00:30 10,9 0,0 13,4 1,0 9,8 15:00 SSW
27 9,6 15,9 15:00 4,9 08:00 8,7 0,0 0,0 0,2 4,0 15:00 E
28 8,8 11,8 16:30 5,9 03:00 9,6 0,0 2,0 0,3 4,0 12:00 W
29 11,8 16,7 14:00 8,7 07:00 6,6 0,0 0,2 0,3 4,9 17:30 W
30 12,2 16,0 17:30 7,6 23:59 5,7 0,0 0,4 0,1 3,6 12:30 NNE
----------------------------------------------------------------------------------
15,5 29,3 14 4,9 27 116,3 33,1 64,2 0,2 9,8 26 SW
Max >= 27,0 5
Max <= 0,0 0
Min <= 0,0 0
Min <= -18,0 0
Max Rain: 21,4 on day 25
Days of Rain: 24 (>= 0,2 mm) 6 (>= 2,0 mm) 1 (>= 20,0 mm)
Heat Base: 18,3 Cool Base: 18,3 Method: Integration