V/Λ SELECT: Month and Year
OR > Month
Monthly Climatological Summary for Jul 2020
Name: Das Wetter in Pocking City: Pocking State: Germany
Elevation: 324 m Lat: N 48° 24' 09" Lon: E 013° 18' 30"
Temperature (°C), Rain (mm), Wind Speed (m/s)
Heat Cool Avg
Mean Deg Deg Wind Dom
Day Temp High Time Low Time Days Days Rain Speed High Time Dir
----------------------------------------------------------------------------------
01 21,7 31,0 16:00 13,5 06:00 1,1 4,4 0,2 0,4 10,3 20:00 NNE
02 19,5 25,4 15:30 16,2 04:30 0,5 1,7 0,0 0,3 7,6 16:00 NW
03 19,1 23,8 15:00 15,5 01:30 0,9 1,7 0,0 0,7 5,8 13:00 SW
04 19,7 26,3 15:00 12,2 06:00 1,6 2,9 0,0 0,4 4,9 12:00 WNW
05 22,1 28,8 16:30 14,1 05:00 0,9 4,7 0,0 0,6 5,8 13:30 NW
06 19,9 25,8 10:30 14,1 23:59 0,4 2,0 0,0 1,3 9,4 11:30 WNW
07 16,1 22,1 16:30 9,7 06:00 3,0 0,8 0,0 0,7 5,4 13:00 NNE
08 18,2 25,9 15:00 9,5 06:00 2,6 2,5 0,0 0,7 6,3 17:00 NNE
09 21,7 27,8 17:00 15,6 06:00 0,4 3,8 0,0 0,1 3,6 13:30 S
10 23,1 33,6 16:30 14,8 05:30 0,7 5,4 2,0 0,5 12,5 20:00 WNW
11 16,4 18,6 00:30 13,9 23:59 1,9 0,0 4,0 0,3 4,5 16:30 SE
12 16,7 23,4 14:00 10,6 06:30 2,9 1,2 0,2 0,2 4,0 16:30 NE
13 18,2 24,9 15:30 9,9 06:00 2,5 2,3 0,6 0,4 5,8 12:30 S
14 18,2 24,8 14:30 10,8 05:30 2,3 2,2 0,0 0,3 4,0 11:30 NW
15 16,6 23,4 16:00 10,7 05:30 2,7 0,9 0,0 0,4 5,8 14:00 W
16 15,1 17,6 10:30 13,8 06:30 3,3 0,0 0,0 0,3 4,5 14:00 WNW
17 15,8 20,5 15:00 13,1 06:00 2,6 0,2 0,0 0,3 5,4 13:30 S
18 14,7 16,7 14:00 12,7 07:00 3,7 0,0 0,2 0,1 3,6 02:30 SSW
19 19,4 25,9 16:30 14,0 04:30 1,4 2,5 0,2 0,1 3,6 14:30 NW
20 21,3 28,5 14:00 14,3 06:00 0,8 3,9 11,4 0,2 14,3 14:00 E
21 22,1 29,5 15:00 14,5 06:00 0,6 4,4 8,6 0,4 5,4 17:30 SSW
22 21,7 27,7 15:30 16,2 05:30 0,4 3,7 2,2 0,4 4,9 12:30 NW
23 20,4 27,9 16:30 12,9 05:30 1,3 3,4 0,4 0,2 4,5 14:30 ESE
24 20,1 26,8 16:00 15,2 06:30 1,0 2,7 0,4 0,4 7,6 19:30 SSW
25 20,1 25,8 13:00 13,8 06:30 1,1 2,8 0,2 0,4 4,0 10:30 SSW
26 18,2 23,5 16:00 13,7 06:00 1,3 1,1 0,0 0,3 4,0 11:00 NNE
27 20,5 27,8 18:00 14,8 05:30 0,9 3,2 0,0 0,1 4,9 00:30 NE
28 24,0 33,9 15:00 14,9 06:00 0,7 6,3 0,0 0,5 8,5 18:00 SSW
29 22,6 28,0 15:30 17,6 23:59 0,0 4,3 0,0 0,5 4,9 15:00 NNE
30 22,4 30,8 15:30 13,8 06:30 1,1 5,2 0,0 0,1 3,6 15:30 NNE
31 24,0 32,2 16:00 15,3 06:30 0,4 6,1 0,0 0,3 8,0 14:30 ENE
----------------------------------------------------------------------------------
19,7 33,9 28 9,5 8 45,0 86,3 30,6 0,4 14,3 20 WNW
Max >= 27,0 13
Max <= 0,0 0
Min <= 0,0 0
Min <= -18,0 0
Max Rain: 11,4 on day 20
Days of Rain: 13 (>= 0,2 mm) 5 (>= 2,0 mm) 0 (>= 20,0 mm)
Heat Base: 18,3 Cool Base: 18,3 Method: Integration