V/Λ SELECT: Month and Year
OR > Month
Monthly Climatological Summary for Jan 2020
Name: Das Wetter in Pocking City: Pocking State: Germany
Elevation: 324 m Lat: N 48° 24' 09" Lon: E 013° 18' 30"
Temperature (°C), Rain (mm), Wind Speed (m/s)
Heat Cool Avg
Mean Deg Deg Wind Dom
Day Temp High Time Low Time Days Days Rain Speed High Time Dir
----------------------------------------------------------------------------------
01 -0,2 4,1 14:30 -3,3 08:00 18,5 0,0 0,0 0,0 1,8 12:30 NE
02 -1,1 3,5 14:30 -4,6 08:30 19,4 0,0 0,0 0,0 1,8 19:30 NW
03 -1,8 -0,1 23:59 -2,9 08:30 20,1 0,0 0,0 0,0 1,8 12:00 S
04 4,4 6,1 04:00 -0,3 00:30 13,9 0,0 0,0 1,9 9,8 20:30 W
05 2,4 4,0 00:30 0,7 09:00 15,9 0,0 0,0 0,8 9,8 01:30 WNW
06 -0,3 3,3 14:30 -2,8 22:00 18,6 0,0 0,0 0,0 2,2 12:30 ESE
07 -1,4 0,7 23:59 -3,6 07:30 19,7 0,0 0,0 0,0 1,3 16:00 NE
08 1,4 2,5 23:59 -0,4 06:00 16,9 0,0 0,0 0,0 1,8 12:00 N
09 3,8 9,4 15:30 0,1 23:59 14,6 0,0 0,0 0,0 1,3 14:00 NE
10 2,4 7,6 23:30 -1,9 09:00 15,9 0,0 0,0 0,1 5,4 23:30 W
11 4,3 7,8 00:30 -1,8 23:59 14,1 0,0 0,0 0,4 5,8 00:30 NW
12 -2,6 -1,4 23:30 -4,6 06:30 20,9 0,0 0,0 0,0 0,9 23:30 SSW
13 0,7 3,8 13:30 -1,6 00:30 17,7 0,0 0,0 0,0 2,7 23:00 SE
14 -0,5 1,4 13:30 -1,4 06:00 18,8 0,0 0,0 0,0 4,5 11:30 SE
15 -1,3 0,2 14:30 -1,9 09:30 19,7 0,0 0,0 0,1 5,4 09:30 NE
16 1,2 6,3 14:30 -2,0 03:30 17,2 0,0 0,0 0,0 1,8 12:30 NE
17 -0,1 3,1 13:30 -2,4 06:00 18,4 0,0 0,0 0,0 3,1 16:30 ESE
18 2,2 5,2 13:30 0,0 01:00 16,2 0,0 0,0 0,0 4,0 14:00 SW
19 1,5 3,3 14:30 -0,1 23:30 16,8 0,0 0,0 0,1 4,0 14:00 SW
20 0,4 3,5 15:30 -2,3 23:59 17,9 0,0 0,0 0,0 1,8 12:30 ENE
21 -0,6 0,7 13:00 -3,3 03:00 18,9 0,0 0,0 0,1 4,9 04:30 SE
22 -1,9 -1,2 12:30 -2,6 07:00 20,3 0,0 0,0 0,0 4,0 15:30 W
23 -0,2 4,1 15:00 -3,0 23:59 18,6 0,0 0,0 0,1 5,8 13:00 SE
24 -1,1 1,9 14:30 -3,6 02:00 19,4 0,0 0,0 0,0 1,3 15:30 NNE
25 -1,9 1,7 15:30 -4,8 06:00 20,2 0,0 0,0 0,0 0,9 12:30 ENE
26 0,6 3,8 16:00 -1,3 02:30 17,7 0,0 0,0 0,0 1,8 04:30 E
27 1,1 6,3 14:30 -0,9 06:00 17,3 0,0 0,0 0,0 2,7 17:30 NW
28 2,2 6,2 15:00 0,3 00:30 16,2 0,0 0,0 0,6 12,5 17:00 NW
29 2,3 4,6 14:30 0,3 05:00 16,0 0,0 0,0 1,0 8,9 06:30 W
30 3,9 9,2 15:00 1,4 05:30 14,4 0,0 0,0 0,3 4,9 00:30 ENE
31 10,5 14,9 12:30 2,5 00:30 7,8 0,0 0,0 1,1 11,2 11:30 W
----------------------------------------------------------------------------------
1,0 14,9 31 -4,8 25 538,0 0,0 0,0 0,2 12,5 28 WNW
Max >= 27,0 0
Max <= 0,0 3
Min <= 0,0 25
Min <= -18,0 0
Max Rain: 0,0 on day 0
Days of Rain: 0 (>= 0,2 mm) 0 (>= 2,0 mm) 0 (>= 20,0 mm)
Heat Base: 18,3 Cool Base: 18,3 Method: Integration