V/Λ SELECT: Month and Year
OR > Month
Monthly Climatological Summary for Dez 2019
Name: Das Wetter in Pocking City: Pocking State: Germany
Elevation: 324 m Lat: N 48° 24' 09" Lon: E 013° 18' 30"
Temperature (°C), Rain (mm), Wind Speed (m/s)
Heat Cool Avg
Mean Deg Deg Wind Dom
Day Temp High Time Low Time Days Days Rain Speed High Time Dir
----------------------------------------------------------------------------------
01 0,3 3,0 14:00 -3,0 04:00 18,1 0,0 0,0 0,1 3,1 10:30 E
02 1,3 2,2 15:00 0,3 06:00 17,0 0,0 0,0 0,8 4,5 12:30 SW
03 0,8 3,3 14:30 -2,9 23:59 17,5 0,0 0,0 0,3 3,1 03:00 WNW
04 -0,1 4,3 14:30 -3,4 03:30 18,4 0,0 0,0 0,1 4,0 05:00 SE
05 -1,3 -0,4 12:30 -2,1 23:30 19,7 0,0 0,0 0,2 5,4 06:00 SE
06 -2,1 -1,4 14:30 -3,1 23:59 20,4 0,0 0,0 0,0 2,7 15:30 SE
07 3,7 10,3 12:30 -3,2 01:00 14,7 0,0 0,0 0,2 7,6 12:00 SSW
08 4,6 10,6 14:00 0,7 08:30 13,7 0,0 0,0 0,1 4,0 14:00 WSW
09 5,4 7,6 13:30 3,1 00:30 12,9 0,0 0,0 0,1 4,9 04:00 W
10 3,1 5,1 00:30 -1,9 23:59 15,3 0,0 0,0 1,4 7,6 11:30 SSE
11 -1,3 2,2 14:30 -3,7 05:30 19,7 0,0 0,0 0,1 5,4 12:00 SSE
12 0,7 3,3 13:30 -1,6 00:30 17,6 0,0 0,0 0,0 2,7 19:00 ENE
13 0,8 4,9 23:59 -0,4 07:00 17,6 0,0 0,0 0,4 6,7 23:59 WSW
14 5,1 9,5 14:00 1,0 06:30 13,3 0,0 0,0 1,4 13,0 14:30 WSW
15 6,7 9,7 14:30 3,8 05:30 11,7 0,0 0,0 0,1 4,0 18:30 WNW
16 4,2 7,8 14:30 1,3 08:30 14,1 0,0 0,0 0,0 2,7 12:00 ENE
17 2,7 4,7 14:00 1,3 06:30 15,7 0,0 0,0 0,2 3,6 14:30 ENE
18 3,6 10,1 14:30 0,3 05:30 14,7 0,0 0,0 0,0 2,2 09:00 SE
19 4,5 6,7 12:30 0,4 00:30 13,8 0,0 0,0 0,1 4,0 12:30 ENE
20 7,4 13,9 13:30 1,8 07:30 10,9 0,0 0,0 0,0 7,6 22:00 WNW
21 5,6 9,9 00:30 2,4 23:59 12,8 0,0 0,0 0,3 5,8 00:30 SE
22 3,7 6,7 23:59 1,7 01:30 14,7 0,0 0,0 0,2 5,4 23:30 W
23 6,2 7,1 13:30 5,0 21:30 12,2 0,0 0,0 2,4 8,9 16:30 WSW
24 6,2 8,8 13:00 4,7 07:00 12,1 0,0 0,0 1,4 8,0 02:30 SW
25 6,1 7,7 12:30 4,3 23:59 12,2 0,0 0,0 2,0 8,5 14:00 W
26 3,7 5,8 13:30 1,4 20:30 14,7 0,0 0,0 0,4 4,9 01:30 WNW
27 2,9 4,7 15:00 1,6 23:59 15,4 0,0 0,0 0,0 2,2 20:00 WSW
28 0,5 3,1 12:00 -2,6 23:30 17,8 0,0 0,0 0,2 4,0 12:30 NNE
29 -3,1 0,7 14:30 -6,2 08:30 21,4 0,0 0,0 0,0 2,2 13:00 NE
30 -2,2 2,0 14:00 -6,1 05:30 20,5 0,0 0,0 0,0 1,8 11:00 ESE
31 0,7 5,9 14:00 -3,2 08:30 17,6 0,0 0,0 0,1 3,6 13:00 NE
----------------------------------------------------------------------------------
2,6 13,9 20 -6,2 29 488,2 0,0 0,0 0,4 13,0 14 SW
Max >= 27,0 0
Max <= 0,0 2
Min <= 0,0 14
Min <= -18,0 0
Max Rain: 0,0 on day 0
Days of Rain: 0 (>= 0,2 mm) 0 (>= 2,0 mm) 0 (>= 20,0 mm)
Heat Base: 18,3 Cool Base: 18,3 Method: Integration