V/Λ SELECT: Month and Year
OR > Month
Monthly Climatological Summary for Sep 2019
Name: Das Wetter in Pocking City: Pocking State: Germany
Elevation: 324 m Lat: N 48° 24' 09" Lon: E 013° 18' 30"
Temperature (°C), Rain (mm), Wind Speed (m/s)
Heat Cool Avg
Mean Deg Deg Wind Dom
Day Temp High Time Low Time Days Days Rain Speed High Time Dir
----------------------------------------------------------------------------------
01 21,2 26,6 17:00 15,9 07:00 0,4 3,2 0,0 0,2 7,6 23:00 SSW
02 16,6 19,1 15:00 13,4 23:59 1,7 0,0 7,2 0,4 4,0 10:30 S
03 15,3 22,2 16:00 10,1 06:30 3,8 0,7 0,0 0,2 4,0 14:00 SE
04 16,4 25,2 16:00 8,4 07:00 3,7 1,8 0,0 0,2 5,4 16:00 SSE
05 14,9 21,2 14:00 10,2 07:00 3,7 0,3 2,4 0,6 6,3 19:00 SSW
06 14,4 17,7 17:00 11,6 06:30 3,9 0,0 2,2 0,2 3,6 16:00 NNE
07 13,3 15,8 17:30 12,4 07:00 5,0 0,0 5,4 0,5 6,3 14:30 NNW
08 13,3 17,9 12:30 10,5 23:59 5,1 0,0 7,2 0,3 4,5 22:30 SSW
09 11,2 13,7 16:30 9,0 23:59 7,1 0,0 2,8 0,9 6,3 14:00 SSW
10 12,5 20,4 16:00 7,1 05:00 6,0 0,2 0,2 0,2 3,6 11:30 NW
11 13,7 20,2 16:00 9,2 07:00 4,8 0,2 0,0 0,0 2,2 16:00 NW
12 15,3 22,9 16:00 8,8 06:00 4,0 1,0 0,0 0,1 4,5 15:30 NE
13 17,9 24,3 13:00 11,9 07:30 2,2 1,8 0,0 0,3 4,9 14:30 NNE
14 18,7 23,9 15:30 14,3 23:59 1,2 1,5 0,0 0,3 6,3 13:30 SE
15 17,3 25,4 15:30 10,2 07:00 2,8 1,8 0,0 0,1 2,7 12:00 NW
16 18,3 25,7 16:00 12,2 07:30 2,1 2,1 0,0 0,2 4,0 16:30 NW
17 16,9 19,7 13:00 12,6 23:59 1,6 0,1 0,0 0,9 7,6 17:00 WNW
18 11,9 17,8 15:30 7,0 23:59 6,4 0,0 0,0 0,5 4,9 16:00 NW
19 9,6 16,4 14:30 3,7 06:00 8,7 0,0 0,0 0,3 4,5 13:30 NNW
20 9,6 17,4 15:00 2,7 06:30 8,7 0,0 0,0 0,2 4,0 14:30 ESE
21 13,0 23,1 15:00 3,6 06:30 6,3 0,9 0,0 0,4 6,7 17:00 ENE
22 13,5 19,6 14:30 6,4 07:00 4,9 0,1 0,0 0,2 4,0 11:00 ENE
23 12,6 15,8 11:30 8,8 05:30 5,7 0,0 0,4 0,2 4,9 13:30 SW
24 14,7 18,8 15:00 12,7 07:00 3,7 0,0 0,0 0,1 3,1 01:00 SE
25 14,8 19,7 15:00 12,9 23:59 3,6 0,1 0,0 0,4 5,8 23:59 W
26 15,2 20,8 14:00 11,7 07:30 3,3 0,1 0,0 0,3 4,0 00:30 SW
27 17,4 24,0 15:00 14,1 04:30 2,2 1,2 0,0 0,3 7,2 19:30 WNW
28 15,0 19,2 16:30 11,6 23:30 3,3 0,0 0,0 0,4 4,9 14:00 SSW
29 15,6 22,5 15:00 9,1 07:30 3,6 0,8 0,0 0,2 4,5 23:30 SSW
30 17,0 20,3 04:30 12,2 23:59 1,6 0,3 0,0 2,3 13,4 11:00 NW
----------------------------------------------------------------------------------
14,9 26,6 1 2,7 20 121,1 18,2 27,8 0,4 13,4 30 W
Max >= 27,0 0
Max <= 0,0 0
Min <= 0,0 0
Min <= -18,0 0
Max Rain: 7,2 on day 2
Days of Rain: 8 (>= 0,2 mm) 6 (>= 2,0 mm) 0 (>= 20,0 mm)
Heat Base: 18,3 Cool Base: 18,3 Method: Integration