V/Λ SELECT: Month and Year
OR > Month
Monthly Climatological Summary for Jun 2019
Name: Das Wetter in Pocking City: Pocking State: Germany
Elevation: 324 m Lat: N 48° 24' 09" Lon: E 013° 18' 30"
Temperature (°C), Rain (mm), Wind Speed (m/s)
Heat Cool Avg
Mean Deg Deg Wind Dom
Day Temp High Time Low Time Days Days Rain Speed High Time Dir
----------------------------------------------------------------------------------
01 19,1 26,3 17:00 11,8 06:00 1,8 2,6 0,0 0,3 4,0 11:30 NW
02 21,4 29,6 16:30 13,0 05:30 1,2 4,4 0,0 0,3 4,9 16:30 SE
03 22,6 30,8 16:00 13,8 06:00 0,8 5,1 0,0 0,3 4,5 14:00 WNW
04 22,8 30,7 16:30 14,4 05:30 0,7 5,2 0,0 0,3 4,0 16:30 NE
05 23,8 32,1 15:00 15,1 05:30 0,5 6,0 0,0 0,4 6,3 13:00 ENE
06 20,9 26,7 15:00 14,2 23:59 0,5 3,1 2,6 1,2 8,9 21:30 WNW
07 20,3 28,4 16:30 12,1 06:00 1,8 3,8 1,4 0,5 6,7 13:00 WSW
08 18,9 23,6 17:00 15,3 06:30 0,8 1,4 0,0 1,0 11,2 02:30 NW
09 21,6 29,1 15:30 13,3 06:30 1,0 4,3 0,0 0,4 5,4 10:30 ESE
10 22,3 28,8 14:00 16,9 05:00 0,2 4,2 0,0 0,6 10,7 20:30 SSW
11 21,3 28,9 19:00 16,1 03:30 0,5 3,4 0,0 0,4 6,3 18:00 SSW
12 22,5 33,2 14:30 17,0 23:59 0,2 4,4 0,0 0,9 8,5 15:00 WNW
13 21,1 27,3 17:30 15,3 07:00 0,8 3,6 0,0 0,5 4,5 20:00 WNW
14 25,3 33,4 16:30 15,7 05:30 0,3 7,3 0,0 0,5 6,3 11:00 SE
15 24,8 30,6 15:00 19,2 23:59 0,0 6,5 0,8 0,9 7,6 11:00 SSW
16 19,6 23,4 16:00 16,6 06:30 0,3 1,6 0,8 0,9 5,8 03:30 WNW
17 21,2 28,3 16:00 13,9 05:30 0,9 3,8 0,0 0,4 5,4 13:00 NE
18 23,7 31,0 17:00 15,7 06:30 0,4 5,7 0,0 0,3 5,4 10:30 ENE
19 23,7 30,6 16:30 16,3 05:30 0,2 5,6 0,0 0,3 4,5 19:00 ESE
20 20,7 27,7 16:00 15,3 23:59 0,7 3,1 1,6 0,8 8,5 19:00 SSW
21 20,0 26,9 14:30 13,8 07:00 1,3 3,0 6,0 0,4 6,3 17:30 SSW
22 20,2 26,5 14:30 16,8 23:59 0,4 2,2 3,4 0,5 5,8 12:00 E
23 19,6 25,0 18:30 16,3 05:00 0,6 1,8 1,0 0,4 6,7 16:30 ENE
24 23,2 29,9 15:00 15,6 06:00 0,4 5,3 0,2 0,4 5,8 11:00 NE
25 25,5 33,4 16:30 16,6 05:30 0,2 7,3 0,0 0,3 4,9 12:30 ESE
26 26,7 34,4 16:30 17,9 05:30 0,0 8,4 0,0 0,2 3,6 15:30 NW
27 27,0 33,3 16:30 20,3 05:30 0,0 8,7 0,0 0,9 7,2 15:00 NW
28 22,7 29,3 16:30 14,7 06:00 0,4 4,8 0,0 0,4 5,4 14:30 NE
29 23,2 30,7 16:00 14,6 05:30 0,6 5,5 0,0 0,4 6,3 12:00 SE
30 25,4 35,6 17:30 14,3 05:30 0,7 7,7 0,0 0,3 4,5 17:00 NW
----------------------------------------------------------------------------------
22,4 35,6 30 11,8 1 18,2 139,8 17,8 0,5 11,2 8 W
Max >= 27,0 23
Max <= 0,0 0
Min <= 0,0 0
Min <= -18,0 0
Max Rain: 6,0 on day 21
Days of Rain: 9 (>= 0,2 mm) 3 (>= 2,0 mm) 0 (>= 20,0 mm)
Heat Base: 18,3 Cool Base: 18,3 Method: Integration