V/Λ SELECT: Month and Year
OR > Month
Monthly Climatological Summary for Apr 2019
Name: Das Wetter in Pocking City: Pocking State: Germany
Elevation: 324 m Lat: N 48° 24' 09" Lon: E 013° 18' 30"
Temperature (°C), Rain (mm), Wind Speed (m/s)
Heat Cool Avg
Mean Deg Deg Wind Dom
Day Temp High Time Low Time Days Days Rain Speed High Time Dir
----------------------------------------------------------------------------------
01 11,8 18,2 16:00 6,8 07:00 6,5 0,0 0,0 0,7 8,5 16:00 E
02 11,6 20,8 16:30 3,7 07:00 6,9 0,2 0,0 0,2 4,9 09:30 E
03 13,6 21,6 16:00 5,9 07:00 5,3 0,5 0,0 0,6 6,3 14:30 ESE
04 11,8 22,1 16:00 3,6 08:00 7,0 0,5 0,0 1,3 10,3 12:00 W
05 9,0 13,6 18:00 5,3 08:00 9,3 0,0 0,0 0,6 4,5 02:00 SE
06 11,0 17,3 16:00 4,9 03:30 7,3 0,0 0,0 0,6 8,0 13:30 ENE
07 10,2 17,6 15:00 2,1 07:00 8,2 0,0 0,0 0,6 5,4 11:00 NW
08 10,7 15,2 14:30 6,6 02:00 7,6 0,0 0,0 0,8 5,8 14:30 SSW
09 12,8 19,6 15:30 8,3 06:30 5,6 0,1 0,0 0,2 4,5 16:00 ENE
10 11,0 16,5 15:00 7,2 07:00 7,3 0,0 0,0 0,5 5,4 14:00 SE
11 9,1 11,9 14:30 6,7 23:59 9,3 0,0 0,0 0,6 5,4 18:30 NE
12 6,7 11,3 14:30 3,2 06:30 11,7 0,0 0,0 0,7 4,5 05:30 NNE
13 7,2 11,4 17:30 3,9 07:00 11,1 0,0 0,0 0,5 4,0 13:00 NE
14 7,0 12,3 15:00 4,3 07:00 11,3 0,0 2,0 0,5 5,4 15:00 WNW
15 9,4 16,2 17:00 4,7 09:00 8,9 0,0 0,0 0,4 4,9 18:00 SSE
16 11,0 19,3 15:30 2,1 07:30 7,4 0,0 0,0 0,5 5,8 13:30 ENE
17 11,4 19,6 15:30 2,1 07:00 6,9 0,1 0,0 0,5 5,4 12:00 ENE
18 13,8 21,7 15:30 4,4 06:30 5,1 0,6 0,0 0,9 10,3 12:00 SE
19 15,7 23,3 15:00 6,7 07:00 3,8 1,2 0,0 0,9 7,6 14:00 ENE
20 15,2 24,3 16:00 6,3 07:00 4,7 1,5 0,0 0,5 7,6 16:00 SE
21 14,4 24,1 15:30 3,3 06:30 5,3 1,4 0,0 0,5 7,2 16:00 SE
22 15,4 24,3 16:00 4,1 06:30 4,6 1,6 0,0 0,9 8,9 19:00 SE
23 14,7 19,7 13:30 11,3 23:59 3,7 0,1 0,0 1,6 11,6 16:30 SE
24 18,5 27,9 16:00 10,5 03:30 2,7 2,9 0,0 1,1 7,6 15:00 ENE
25 18,6 27,9 16:00 8,2 07:00 2,8 3,0 0,0 0,7 6,7 13:00 SSE
26 12,7 19,4 10:30 7,7 21:30 5,6 0,0 0,4 1,3 9,8 16:00 SW
27 10,2 15,5 16:30 7,6 07:00 8,1 0,0 2,8 0,8 8,0 22:30 WNW
28 9,1 13,1 16:00 5,6 07:00 9,2 0,0 0,0 1,2 7,2 10:00 SW
29 7,9 12,2 12:30 5,0 06:00 10,4 0,0 0,2 1,3 8,0 18:30 W
30 9,7 15,3 17:00 6,6 01:30 8,7 0,0 25,2 1,6 8,0 19:30 SSW
----------------------------------------------------------------------------------
11,7 27,9 24 2,1 7 212,3 13,7 30,6 0,8 11,6 23 SE
Max >= 27,0 2
Max <= 0,0 0
Min <= 0,0 0
Min <= -18,0 0
Max Rain: 25,2 on day 30
Days of Rain: 5 (>= 0,2 mm) 3 (>= 2,0 mm) 1 (>= 20,0 mm)
Heat Base: 18,3 Cool Base: 18,3 Method: Integration