V/Λ SELECT: Month and Year
OR > Month
Monthly Climatological Summary for Sep 2018
Name: Das Wetter in Pocking City: Pocking State: Germany
Elevation: 324 m Lat: N 48° 24' 09" Lon: E 013° 18' 30"
Temperature (°C), Rain (mm), Wind Speed (m/s)
Heat Cool Avg
Mean Deg Deg Wind Dom
Day Temp High Time Low Time Days Days Rain Speed High Time Dir
----------------------------------------------------------------------------------
01 13,7 15,4 17:00 12,5 04:00 4,6 0,0 12,0 0,3 3,1 00:30 WNW
02 14,8 17,9 17:30 12,6 06:00 3,6 0,0 2,6 0,2 4,0 17:00 NNW
03 17,6 21,3 16:00 15,6 05:00 1,3 0,5 1,0 0,2 3,6 16:00 SSW
04 17,7 21,5 13:00 15,1 07:00 1,4 0,7 4,8 0,4 3,6 14:30 SSW
05 19,2 25,7 16:00 15,7 06:00 1,1 1,9 0,2 0,1 3,6 18:00 NE
06 18,4 26,4 14:30 11,8 06:30 2,2 2,4 0,0 0,1 4,5 14:00 SSE
07 17,0 22,6 14:30 13,1 05:00 1,9 0,6 0,0 0,3 4,0 13:30 WNW
08 17,9 22,8 16:00 13,3 23:59 1,6 1,2 0,0 0,2 4,5 14:00 NE
09 16,6 25,3 14:30 9,4 07:30 3,5 1,7 0,0 0,0 4,5 14:30 SSE
10 17,6 26,0 14:30 8,9 07:00 3,1 2,3 0,0 0,1 3,6 15:00 WNW
11 19,4 26,8 14:30 12,2 07:00 1,8 2,9 0,0 0,4 5,4 12:00 NNE
12 19,9 29,3 15:30 11,8 07:00 1,9 3,5 0,0 0,1 3,1 16:00 SSW
13 20,1 27,1 14:30 13,5 07:30 1,2 2,9 0,0 0,3 4,9 15:30 SSW
14 17,3 19,7 00:30 15,7 23:30 1,1 0,1 15,0 0,2 3,6 00:30 SSE
15 16,9 22,9 14:00 12,8 23:59 2,3 0,9 0,0 0,2 4,9 17:30 WNW
16 16,8 24,9 14:30 9,3 07:00 3,3 1,7 0,0 0,1 4,9 13:30 SE
17 18,9 26,4 14:00 13,7 04:00 1,7 2,3 0,0 0,0 3,1 16:30 NW
18 19,8 27,8 15:00 12,8 07:00 1,6 3,1 0,6 0,1 6,3 23:00 SSW
19 19,1 24,9 15:00 15,4 06:00 1,1 1,8 18,0 0,2 5,4 00:30 SE
20 18,5 26,9 15:00 12,6 06:30 2,2 2,3 0,0 0,0 2,7 13:30 ENE
21 19,3 28,1 17:00 11,3 07:00 2,3 3,2 0,4 0,6 10,3 22:30 WNW
22 14,3 17,3 14:30 11,6 07:00 4,1 0,0 0,6 0,6 5,4 00:30 SE
23 14,6 19,9 15:30 10,9 08:00 3,9 0,1 10,8 0,4 13,4 21:00 SSW
24 10,4 14,4 00:30 7,8 23:30 7,9 0,0 0,2 2,4 10,7 01:00 WNW
25 8,3 13,2 13:30 3,7 23:59 10,1 0,0 0,0 0,6 4,9 13:30 WNW
26 8,6 16,7 14:30 1,3 07:00 9,7 0,0 0,0 0,2 5,8 11:00 NW
27 11,1 20,8 14:00 2,9 07:00 7,7 0,4 0,0 0,1 2,7 16:30 NW
28 12,7 21,7 15:00 4,3 07:00 6,1 0,5 0,0 0,2 4,9 22:30 NNE
29 12,2 16,9 15:00 7,7 23:30 6,2 0,0 0,2 0,4 4,9 10:00 WSW
30 10,2 17,7 15:00 2,4 07:30 8,2 0,0 0,0 0,1 3,6 11:00 E
----------------------------------------------------------------------------------
16,0 29,3 12 1,3 26 108,7 37,0 66,4 0,3 13,4 23 W
Max >= 27,0 4
Max <= 0,0 0
Min <= 0,0 0
Min <= -18,0 0
Max Rain: 18,0 on day 19
Days of Rain: 13 (>= 0,2 mm) 6 (>= 2,0 mm) 0 (>= 20,0 mm)
Heat Base: 18,3 Cool Base: 18,3 Method: Integration