V/Λ SELECT: Month and Year
OR > Month
Monthly Climatological Summary for Jun 2018
Name: Das Wetter in Pocking City: Pocking State: Germany
Elevation: 324 m Lat: N 48° 24' 09" Lon: E 013° 18' 30"
Temperature (°C), Rain (mm), Wind Speed (m/s)
Heat Cool Avg
Mean Deg Deg Wind Dom
Day Temp High Time Low Time Days Days Rain Speed High Time Dir
----------------------------------------------------------------------------------
01 20,8 25,5 17:00 17,0 04:30 0,2 2,6 0,0 0,8 5,8 12:00 NW
02 20,4 25,2 18:30 16,6 08:00 0,3 2,3 2,0 0,4 8,0 13:00 SSW
03 22,2 28,6 17:30 14,5 06:00 0,6 4,4 0,0 0,4 4,5 14:30 NE
04 23,3 30,3 15:00 14,7 06:00 0,6 5,6 0,0 0,4 4,5 12:30 ENE
05 23,1 28,8 13:30 16,6 04:30 0,2 4,9 0,0 0,3 6,3 13:30 NE
06 23,1 31,7 15:00 16,6 05:30 0,2 4,9 1,0 0,4 6,7 13:00 SE
07 21,9 27,9 16:00 17,0 05:00 0,2 3,7 0,0 0,4 4,9 12:30 SE
08 23,2 31,4 18:30 16,0 06:00 0,3 5,1 0,0 0,4 4,9 16:30 S
09 21,9 27,9 14:30 16,8 06:00 0,2 3,8 2,8 0,5 4,9 15:30 WNW
10 23,0 29,8 16:30 17,1 05:30 0,2 4,9 0,0 0,5 6,3 16:30 WNW
11 24,3 32,1 16:30 16,5 05:30 0,2 6,1 0,2 0,4 6,7 22:30 NE
12 20,5 25,5 14:30 16,4 22:30 0,3 2,6 13,2 0,5 8,5 21:30 WNW
13 15,6 17,1 13:00 13,1 23:00 2,8 0,0 8,0 1,0 5,4 13:00 NW
14 15,5 20,1 17:00 12,4 23:59 2,9 0,1 0,0 0,5 4,5 14:30 WNW
15 18,0 24,2 16:00 12,2 00:30 2,1 1,7 0,0 0,3 5,4 15:00 NW
16 19,9 27,6 15:30 11,4 05:30 1,8 3,3 0,0 0,3 4,0 12:30 SSW
17 20,8 27,6 16:30 15,8 06:00 0,7 3,2 0,0 0,6 6,7 17:00 WNW
18 20,2 24,9 17:30 16,2 04:00 0,6 2,3 0,2 0,7 6,3 16:30 NW
19 19,6 24,5 13:00 12,3 05:30 1,4 2,7 0,0 0,5 5,4 16:00 NW
20 23,8 29,8 15:00 18,4 05:00 0,0 5,4 0,0 0,4 5,4 13:00 NNW
21 22,9 31,2 15:00 15,1 05:30 0,6 5,2 0,0 1,1 10,7 18:30 NW
22 14,7 19,8 00:30 10,1 23:59 3,7 0,1 1,0 2,2 8,9 16:30 WSW
23 14,1 17,6 15:00 9,8 06:00 4,2 0,0 0,0 1,2 7,2 12:30 NW
24 15,8 20,3 16:30 11,8 06:00 2,8 0,3 0,2 0,6 5,4 15:00 NNE
25 15,6 21,2 16:30 12,0 06:00 3,0 0,2 2,4 0,3 6,3 17:30 SSW
26 18,2 24,4 17:00 10,4 06:00 2,0 1,9 0,0 0,8 6,7 16:30 NNW
27 18,1 23,6 15:00 12,9 06:00 1,7 1,5 0,0 0,8 7,2 16:30 W
28 15,0 16,4 16:30 13,4 05:30 3,3 0,0 16,0 0,7 6,3 13:30 WNW
29 18,1 23,9 15:00 15,3 05:00 1,1 0,9 10,2 0,7 4,9 14:30 S
30 20,4 26,7 17:00 15,2 05:30 0,9 3,0 0,0 0,7 6,7 15:30 ENE
----------------------------------------------------------------------------------
19,8 32,1 11 9,8 23 39,1 82,7 57,2 0,6 10,7 21 WNW
Max >= 27,0 13
Max <= 0,0 0
Min <= 0,0 0
Min <= -18,0 0
Max Rain: 16,0 on day 28
Days of Rain: 12 (>= 0,2 mm) 7 (>= 2,0 mm) 0 (>= 20,0 mm)
Heat Base: 18,3 Cool Base: 18,3 Method: Integration