V/Λ SELECT: Month and Year
OR > Month
Monthly Climatological Summary for Apr 2018
Name: Das Wetter in Pocking City: Pocking State: Germany
Elevation: 324 m Lat: N 48° 24' 09" Lon: E 013° 18' 30"
Temperature (°C), Rain (mm), Wind Speed (m/s)
Heat Cool Avg
Mean Deg Deg Wind Dom
Day Temp High Time Low Time Days Days Rain Speed High Time Dir
----------------------------------------------------------------------------------
01 6,6 10,6 16:00 4,3 22:00 11,7 0,0 3,2 2,7 13,9 18:00 SW
02 8,4 14,4 16:30 4,1 07:30 9,9 0,0 0,0 0,9 6,3 01:00 ENE
03 13,2 21,6 16:00 6,0 04:00 5,7 0,5 0,0 0,4 4,9 15:00 SE
04 14,6 23,1 16:30 7,2 06:30 4,8 1,0 0,0 0,6 14,3 21:00 SW
05 11,1 16,7 16:30 7,2 23:59 7,3 0,0 1,6 1,4 8,9 16:30 W
06 8,7 14,7 16:00 2,9 07:00 9,7 0,0 0,0 0,7 5,4 15:00 ENE
07 12,7 21,5 16:30 4,4 07:30 6,1 0,5 0,0 1,2 8,5 16:30 SE
08 12,9 20,7 18:00 3,9 07:00 5,9 0,4 0,0 0,4 4,5 01:00 NW
09 14,5 25,5 15:30 5,1 07:00 5,2 1,4 0,0 0,4 6,7 19:30 NW
10 13,1 18,3 16:00 8,3 03:00 5,3 0,0 0,0 0,2 4,5 16:30 ENE
11 13,8 21,1 16:30 7,6 06:00 4,9 0,3 0,0 0,5 4,0 14:30 SSE
12 17,0 21,8 14:30 13,2 06:30 2,2 0,8 0,0 0,9 8,5 11:00 SE
13 14,1 21,1 15:30 8,9 23:59 4,5 0,2 0,0 1,1 11,2 19:00 NW
14 13,1 21,9 15:00 3,7 06:30 6,0 0,7 0,0 0,3 4,9 11:30 NNE
15 15,1 23,3 16:00 6,4 05:30 4,3 0,9 0,0 0,2 3,6 14:30 SE
16 13,6 16,7 17:00 11,0 23:59 4,7 0,0 7,0 0,8 5,8 08:30 SW
17 13,3 20,7 16:00 7,1 05:30 5,4 0,4 0,0 0,3 4,5 17:30 NNW
18 14,9 23,3 16:30 6,8 06:30 4,6 1,1 0,0 0,3 4,0 15:00 SSE
19 16,9 26,2 16:00 6,8 06:00 3,7 2,3 0,0 0,5 6,7 14:00 E
20 19,1 28,2 16:30 9,0 06:30 2,4 3,2 0,0 0,6 7,6 11:00 SE
21 18,3 27,4 16:30 8,8 06:30 2,8 2,8 0,0 0,4 5,8 16:30 NW
22 18,8 28,1 15:30 10,3 06:30 2,4 2,9 0,0 0,3 4,0 16:00 NE
23 18,1 25,3 16:30 10,9 06:00 2,1 1,8 0,0 0,8 6,7 17:30 W
24 17,3 22,3 15:30 12,8 23:59 1,8 0,9 1,8 1,2 5,8 00:30 W
25 17,5 25,7 16:00 8,8 06:30 3,0 2,1 0,0 1,3 11,2 18:30 WNW
26 12,9 16,5 00:30 9,9 23:59 5,4 0,0 0,2 1,3 6,3 10:00 SW
27 14,4 22,0 16:00 5,8 07:00 4,6 0,8 0,0 0,5 5,8 11:30 S
28 17,3 26,6 15:30 8,3 06:00 3,3 2,3 0,0 0,3 4,5 15:30 NNE
29 19,5 28,7 16:00 9,9 06:00 2,4 3,5 0,0 0,4 4,9 16:30 NE
30 16,3 20,0 16:30 12,4 23:00 2,3 0,2 0,0 1,2 12,1 08:30 NW
----------------------------------------------------------------------------------
14,6 28,7 29 2,9 6 144,4 31,0 13,8 0,7 14,3 4 WSW
Max >= 27,0 4
Max <= 0,0 0
Min <= 0,0 0
Min <= -18,0 0
Max Rain: 7,0 on day 16
Days of Rain: 5 (>= 0,2 mm) 2 (>= 2,0 mm) 0 (>= 20,0 mm)
Heat Base: 18,3 Cool Base: 18,3 Method: Integration