V/Λ SELECT: Month and Year
OR > Month
Monthly Climatological Summary for Nov 2017
Name: Das Wetter in Pocking City: Pocking State: Germany
Elevation: 324 m Lat: N 48° 24' 09" Lon: E 013° 18' 30"
Temperature (°C), Rain (mm), Wind Speed (m/s)
Heat Cool Avg
Mean Deg Deg Wind Dom
Day Temp High Time Low Time Days Days Rain Speed High Time Dir
----------------------------------------------------------------------------------
01 4,9 7,8 16:00 1,8 04:00 13,4 0,0 0,4 0,0 0,0 00:30 NW
02 7,8 14,6 16:00 2,3 03:00 10,5 0,0 0,2 0,0 6,7 16:00 W
03 8,8 12,6 14:30 4,2 23:30 9,5 0,0 0,0 0,0 0,0 00:30 W
04 5,8 10,8 15:00 1,8 06:00 12,6 0,0 0,0 0,0 0,0 00:30 W
05 6,8 9,2 18:00 4,3 03:30 11,6 0,0 4,4 0,0 5,4 18:00 S
06 6,0 7,2 13:00 4,8 23:00 12,3 0,0 9,4 0,0 0,0 00:30 S
07 7,3 10,3 15:00 4,9 03:30 11,0 0,0 0,2 0,2 6,3 22:30 SE
08 6,1 7,9 00:30 4,5 08:00 12,3 0,0 6,0 0,0 2,2 04:00 S
09 7,0 8,6 13:00 5,8 07:30 11,3 0,0 0,0 0,0 0,9 12:30 WNW
10 6,8 8,4 13:00 6,0 20:30 11,5 0,0 0,8 0,0 3,1 09:00 WNW
11 6,3 7,8 23:30 4,8 07:30 12,0 0,0 6,6 0,0 4,9 02:30 S
12 6,0 8,0 01:00 3,6 23:30 12,3 0,0 13,6 0,2 8,5 21:30 WNW
13 3,9 5,4 15:00 1,9 23:59 14,4 0,0 0,2 0,2 5,4 01:00 NW
14 1,4 2,2 17:00 0,1 23:59 16,9 0,0 0,0 0,0 0,0 00:30 NW
15 1,4 2,3 19:30 0,1 00:30 16,9 0,0 0,0 0,0 0,0 00:30 NW
16 1,9 3,3 14:30 0,5 07:30 16,4 0,0 0,0 0,0 0,0 00:30 NW
17 2,8 4,1 15:30 1,4 06:00 15,6 0,0 0,6 0,0 0,0 00:30 NW
18 4,1 5,1 20:30 2,7 05:30 14,3 0,0 0,0 0,0 0,4 21:00 NW
19 3,6 4,4 00:30 1,8 07:00 14,7 0,0 5,4 0,0 3,6 23:59 WNW
20 3,2 5,1 13:00 1,7 20:00 15,2 0,0 5,4 0,0 2,7 00:30 WNW
21 5,5 8,6 12:00 1,4 02:00 12,8 0,0 7,2 0,0 5,4 07:30 W
22 2,7 6,6 15:30 -2,0 08:00 15,6 0,0 0,2 0,0 0,0 00:30 W
23 0,6 4,5 16:00 -2,1 07:00 17,7 0,0 0,0 0,0 0,0 00:30 W
24 3,8 8,5 14:30 0,1 06:30 14,6 0,0 0,0 0,0 0,0 00:30 W
25 3,6 6,2 15:30 1,4 05:00 14,8 0,0 1,6 0,0 0,4 15:00 W
26 2,6 4,5 01:00 0,9 19:00 15,8 0,0 0,8 0,0 1,3 04:30 WNW
27 2,8 4,8 14:00 1,5 00:30 15,6 0,0 0,0 0,0 0,4 12:00 W
28 3,9 6,9 14:30 1,7 09:00 14,4 0,0 0,0 0,0 0,0 00:30 W
29 4,1 5,4 13:30 2,9 23:59 14,2 0,0 2,8 0,0 0,0 00:30 W
30 1,9 3,2 00:30 0,7 23:00 16,4 0,0 2,4 0,0 0,4 07:30 W
----------------------------------------------------------------------------------
4,4 14,6 2 -2,1 23 416,6 0,0 68,2 0,0 8,5 12 WNW
Max >= 27,0 0
Max <= 0,0 0
Min <= 0,0 2
Min <= -18,0 0
Max Rain: 13,6 on day 12
Days of Rain: 19 (>= 0,2 mm) 10 (>= 2,0 mm) 0 (>= 20,0 mm)
Heat Base: 18,3 Cool Base: 18,3 Method: Integration