V/Λ SELECT: Month and Year
OR > Month
Monthly Climatological Summary for Okt 2017
Name: Das Wetter in Pocking City: Pocking State: Germany
Elevation: 324 m Lat: N 48° 24' 09" Lon: E 013° 18' 30"
Temperature (°C), Rain (mm), Wind Speed (m/s)
Heat Cool Avg
Mean Deg Deg Wind Dom
Day Temp High Time Low Time Days Days Rain Speed High Time Dir
----------------------------------------------------------------------------------
01 11,9 14,5 16:30 9,5 04:00 6,4 0,0 2,2 0,0 0,4 08:00 ENE
02 14,7 19,1 18:30 11,7 01:00 3,7 0,1 4,2 0,0 3,1 20:00 WNW
03 13,1 15,0 10:30 8,7 23:59 5,2 0,0 10,0 0,3 7,2 11:00 WNW
04 10,5 17,3 17:30 6,0 06:30 7,8 0,0 0,2 0,0 3,6 16:00 WNW
05 14,4 22,4 15:30 10,2 00:30 4,6 0,7 4,0 0,9 10,7 18:00 W
06 9,7 13,2 16:00 7,6 06:00 8,6 0,0 0,8 0,3 7,6 10:30 WNW
07 10,1 12,8 17:00 8,4 03:30 8,3 0,0 1,4 0,3 6,7 09:30 WNW
08 10,0 11,9 16:00 7,9 04:30 8,3 0,0 5,2 0,3 6,7 11:30 WNW
09 10,9 13,8 14:00 9,3 04:30 7,4 0,0 0,4 0,1 4,0 12:30 NNW
10 11,8 15,9 14:30 9,4 08:00 6,5 0,0 0,2 0,2 5,4 16:00 WSW
11 13,4 18,7 15:30 8,9 23:59 4,9 0,0 0,2 0,1 4,5 14:30 WNW
12 11,3 18,3 14:00 5,5 07:30 7,0 0,0 0,0 0,1 8,0 15:00 S
13 12,7 18,7 15:00 7,6 07:30 5,6 0,0 0,0 0,0 3,6 14:30 WNW
14 10,6 17,6 16:30 5,7 08:00 7,8 0,0 0,0 0,0 1,8 12:00 WNW
15 11,1 18,9 16:00 6,6 07:30 7,3 0,0 0,0 0,0 2,2 15:00 E
16 11,1 18,7 16:30 7,1 06:30 7,3 0,0 0,0 0,0 0,0 00:30 E
17 10,8 18,5 16:00 6,8 07:30 7,5 0,0 0,0 0,0 0,0 00:30 E
18 10,7 14,4 14:30 7,9 03:30 7,6 0,0 0,2 0,0 0,0 00:30 E
19 10,9 15,2 16:30 7,5 23:59 7,4 0,0 0,0 0,0 0,0 00:30 E
20 10,9 15,7 16:30 7,5 00:30 7,4 0,0 0,0 0,0 0,0 00:30 E
21 12,1 16,4 15:30 8,7 03:00 6,3 0,0 5,4 0,0 0,0 00:30 E
22 10,6 12,4 15:00 8,1 23:30 7,8 0,0 1,4 0,2 7,2 04:00 W
23 8,6 10,4 14:30 7,7 08:30 9,7 0,0 0,4 1,0 7,6 12:30 WNW
24 10,3 13,0 15:00 7,9 07:00 8,1 0,0 1,0 0,2 4,5 04:30 WNW
25 11,4 15,3 16:30 7,8 23:59 6,9 0,0 0,0 0,0 0,0 00:30 WNW
26 10,7 15,6 16:30 6,7 07:30 7,7 0,0 0,0 0,0 0,9 18:30 N
27 9,9 13,3 10:30 7,9 20:30 8,4 0,0 4,6 0,7 9,8 11:00 W
28 8,9 10,1 15:30 7,4 08:00 9,4 0,0 1,0 0,8 8,9 15:00 WNW
29 8,8 11,3 09:30 5,4 23:59 9,5 0,0 15,0 2,4 19,7 11:00 NW
30 5,4 8,1 16:30 3,1 23:59 12,9 0,0 0,8 0,2 7,2 00:30 NW
31 5,3 8,4 16:30 2,9 02:00 13,1 0,0 0,0 0,0 0,0 00:30 NW
----------------------------------------------------------------------------------
10,7 22,4 5 2,9 31 236,4 0,8 58,6 0,3 19,7 29 WNW
Max >= 27,0 0
Max <= 0,0 0
Min <= 0,0 0
Min <= -18,0 0
Max Rain: 15,0 on day 29
Days of Rain: 20 (>= 0,2 mm) 8 (>= 2,0 mm) 0 (>= 20,0 mm)
Heat Base: 18,3 Cool Base: 18,3 Method: Integration