V/Λ SELECT: Month and Year
OR > Month
Monthly Climatological Summary for Sep 2017
Name: Das Wetter in Pocking City: Pocking State: Germany
Elevation: 324 m Lat: N 48° 24' 09" Lon: E 013° 18' 30"
Temperature (°C), Rain (mm), Wind Speed (m/s)
Heat Cool Avg
Mean Deg Deg Wind Dom
Day Temp High Time Low Time Days Days Rain Speed High Time Dir
----------------------------------------------------------------------------------
01 15,2 16,5 00:30 13,8 23:59 3,1 0,0 16,4 0,3 4,9 14:00 NNE
02 12,8 14,0 00:30 11,8 11:00 5,5 0,0 9,8 0,3 4,0 18:30 NW
03 12,4 14,9 17:30 10,7 23:59 5,9 0,0 7,8 0,1 4,5 17:30 SW
04 12,8 19,7 17:30 7,5 05:30 5,6 0,2 0,0 0,2 3,1 17:00 NNW
05 14,5 20,9 19:00 7,9 07:00 4,3 0,4 0,0 0,0 0,4 01:00 NNW
06 15,9 22,1 16:30 12,6 05:00 2,8 0,4 9,0 0,2 8,9 19:00 W
07 15,1 18,8 16:30 11,4 23:30 3,2 0,0 0,0 0,2 5,4 11:30 WNW
08 14,7 20,7 15:30 9,3 07:30 4,0 0,4 0,0 0,0 1,3 14:00 ESE
09 15,2 21,5 15:00 9,5 07:30 3,6 0,5 0,0 0,2 4,9 16:00 NW
10 13,9 15,4 15:00 12,1 09:30 4,4 0,0 2,2 0,0 0,4 09:00 WNW
11 14,1 17,7 16:30 11,2 07:00 4,3 0,0 2,0 0,0 0,0 00:30 WNW
12 13,1 14,8 12:00 11,6 07:00 5,2 0,0 1,4 0,1 4,5 17:30 WNW
13 14,6 18,4 16:30 9,2 07:30 3,7 0,0 0,0 0,2 4,5 11:00 S
14 13,2 19,6 11:00 9,6 23:59 5,1 0,0 2,8 0,6 9,4 13:00 S
15 12,6 17,1 16:30 8,6 02:30 5,7 0,0 0,0 0,1 3,1 13:00 NNW
16 11,5 13,0 15:00 10,2 23:59 6,8 0,0 3,4 0,1 3,1 16:00 NNW
17 10,7 14,7 17:00 7,8 23:59 7,7 0,0 3,0 0,1 4,5 17:00 WNW
18 10,3 15,7 15:00 6,1 05:30 8,1 0,0 1,4 0,2 4,5 14:30 WNW
19 10,1 13,3 16:30 7,2 07:00 8,3 0,0 0,0 0,0 0,0 00:30 N
20 11,6 15,9 16:00 9,3 08:00 6,7 0,0 0,2 0,5 4,9 14:30 WNW
21 12,2 15,6 17:30 9,7 05:00 6,2 0,0 0,0 0,1 3,1 13:30 WNW
22 11,8 15,4 16:00 8,4 23:59 6,6 0,0 0,0 0,0 0,0 00:30 WNW
23 11,6 18,2 17:00 7,6 01:30 6,7 0,0 0,0 0,1 3,1 15:30 NW
24 12,7 18,0 16:00 8,1 03:30 5,7 0,0 0,0 0,0 0,0 00:30 NW
25 12,2 17,9 16:00 6,6 06:30 6,1 0,0 0,0 0,0 0,0 00:30 NW
26 13,8 18,6 15:30 8,3 08:00 4,6 0,0 0,0 0,1 5,4 15:00 E
27 14,3 19,6 17:00 9,8 06:00 4,2 0,1 0,0 0,0 2,7 14:30 ENE
28 13,6 20,2 16:00 8,4 06:30 4,9 0,2 0,0 0,0 0,4 10:30 ENE
29 14,1 20,1 16:30 9,1 07:00 4,5 0,2 0,0 0,0 0,4 10:00 E
30 13,7 20,0 16:30 9,2 07:30 4,8 0,2 0,0 0,1 4,9 13:00 ENE
----------------------------------------------------------------------------------
13,1 22,1 6 6,1 18 158,3 2,6 59,4 0,1 9,4 14 WNW
Max >= 27,0 0
Max <= 0,0 0
Min <= 0,0 0
Min <= -18,0 0
Max Rain: 16,4 on day 1
Days of Rain: 12 (>= 0,2 mm) 9 (>= 2,0 mm) 0 (>= 20,0 mm)
Heat Base: 18,3 Cool Base: 18,3 Method: Integration