V/Λ SELECT: Month and Year
OR > Month
Monthly Climatological Summary for Aug 2017
Name: Das Wetter in Pocking City: Pocking State: Germany
Elevation: 324 m Lat: N 48° 24' 09" Lon: E 013° 18' 30"
Temperature (°C), Rain (mm), Wind Speed (m/s)
Heat Cool Avg
Mean Deg Deg Wind Dom
Day Temp High Time Low Time Days Days Rain Speed High Time Dir
----------------------------------------------------------------------------------
01 27,1 36,4 19:30 18,8 06:30 0,0 8,8 0,6 0,1 8,9 23:30 WNW
02 25,0 32,4 19:00 20,2 08:00 0,0 6,7 2,6 0,2 3,6 01:00 S
03 25,2 32,4 14:00 17,7 06:00 0,0 6,8 0,0 0,3 5,4 14:30 NW
04 24,5 30,1 16:00 20,9 06:30 0,0 6,2 2,2 0,3 3,6 15:30 NW
05 25,4 31,0 18:00 20,2 06:30 0,0 7,1 4,8 0,2 5,4 23:59 WNW
06 17,9 21,5 00:30 15,4 22:30 0,9 0,5 14,0 0,1 5,8 00:30 SSE
07 19,2 25,7 19:30 13,3 03:30 1,6 2,3 0,0 0,3 7,2 12:30 E
08 21,5 28,9 16:00 13,7 07:00 1,1 4,3 11,6 0,3 8,5 23:30 WNW
09 20,7 26,5 17:30 15,9 05:00 0,6 2,9 6,8 0,5 5,4 22:30 SSE
10 19,2 23,3 14:00 14,3 23:59 0,6 1,5 5,0 0,2 4,5 18:30 SW
11 14,3 16,3 15:30 13,1 04:30 4,1 0,0 12,6 0,1 5,8 14:30 S
12 15,7 18,7 14:00 13,6 07:00 2,6 0,0 0,6 0,3 5,8 16:30 SW
13 17,9 23,7 19:00 14,9 04:00 1,4 1,0 0,2 0,2 3,1 15:30 NNW
14 20,1 27,4 19:00 13,1 07:00 1,5 3,2 0,0 0,2 5,8 11:30 E
15 21,8 30,8 19:30 14,1 07:00 1,1 4,6 0,0 0,0 0,9 14:30 NNW
16 21,1 25,9 19:30 17,5 07:00 0,1 2,8 7,0 0,5 7,6 04:00 NW
17 21,6 28,7 17:00 14,6 06:30 0,9 4,2 0,0 0,0 0,0 00:30 NW
18 23,4 32,0 19:30 16,7 23:30 0,2 5,3 7,8 0,2 24,6 23:00 WNW
19 17,3 19,2 14:30 15,8 23:59 1,0 0,1 11,2 0,0 2,2 01:00 S
20 16,9 21,2 17:30 12,8 23:59 1,9 0,5 0,0 0,6 6,3 17:00 NNW
21 15,8 20,8 17:00 11,9 06:30 3,0 0,4 0,0 0,4 4,9 13:00 WNW
22 15,1 21,5 16:00 9,4 07:00 3,9 0,7 0,0 0,3 4,5 16:00 NNW
23 16,7 24,9 19:00 9,9 07:00 3,1 1,4 0,0 0,1 2,7 14:00 NW
24 19,6 28,3 17:30 11,6 06:30 2,1 3,4 0,0 0,0 4,5 23:30 S
25 21,6 28,6 19:00 14,9 07:00 0,6 3,9 0,0 0,0 2,2 16:00 ESE
26 23,3 30,5 17:00 17,2 07:00 0,2 5,2 0,0 0,0 4,5 23:00 SSE
27 21,6 27,4 14:30 16,6 07:00 0,2 3,4 0,8 0,1 4,0 15:30 SW
28 20,9 25,9 15:30 17,5 07:00 0,1 2,7 0,2 0,0 3,6 17:30 ESE
29 19,9 27,3 19:00 14,8 06:00 1,0 2,7 0,0 0,0 5,8 12:30 E
30 20,2 28,9 19:00 11,7 07:00 1,9 3,7 0,0 0,0 3,6 16:00 E
31 20,4 28,4 14:30 16,2 23:30 0,6 2,7 6,4 0,7 8,0 16:30 W
----------------------------------------------------------------------------------
20,4 36,4 1 9,4 22 36,3 99,0 94,4 0,2 24,6 18 WNW
Max >= 27,0 17
Max <= 0,0 0
Min <= 0,0 0
Min <= -18,0 0
Max Rain: 14,0 on day 6
Days of Rain: 17 (>= 0,2 mm) 12 (>= 2,0 mm) 0 (>= 20,0 mm)
Heat Base: 18,3 Cool Base: 18,3 Method: Integration