V/Λ SELECT: Month and Year
OR > Month
Monthly Climatological Summary for Apr 2017
Name: Das Wetter in Pocking City: Pocking State: Germany
Elevation: 324 m Lat: N 48° 24' 09" Lon: E 013° 18' 30"
Temperature (°C), Rain (mm), Wind Speed (m/s)
Heat Cool Avg
Mean Deg Deg Wind Dom
Day Temp High Time Low Time Days Days Rain Speed High Time Dir
----------------------------------------------------------------------------------
01 14,4 21,3 17:00 8,3 07:30 4,4 0,4 0,0 0,1 2,7 11:00 ENE
02 14,7 20,2 16:30 10,1 05:30 3,9 0,2 0,0 0,1 3,1 10:00 WNW
03 13,3 18,7 16:30 9,7 07:00 5,0 0,0 8,0 0,3 6,7 20:00 NNE
04 11,8 14,2 14:00 10,3 08:30 6,6 0,0 1,2 0,4 4,5 16:00 S
05 12,1 16,7 16:00 8,4 07:30 6,2 0,0 0,2 0,6 5,4 17:00 W
06 9,6 12,0 00:30 7,7 08:30 8,8 0,0 0,4 1,5 7,2 12:00 W
07 9,7 12,4 17:30 7,4 06:30 8,7 0,0 0,0 1,2 6,7 12:00 WNW
08 12,8 19,1 19:30 9,6 07:30 5,6 0,0 0,4 0,2 3,1 00:30 SSE
09 13,3 20,9 19:30 7,3 07:00 5,2 0,2 0,0 0,1 4,0 13:30 NE
10 14,5 22,8 16:30 7,2 07:30 4,6 0,7 0,0 0,3 6,3 15:30 S
11 12,4 15,4 19:30 8,3 23:59 5,9 0,0 0,2 1,4 8,5 00:30 NW
12 11,2 17,3 17:00 5,4 06:30 7,2 0,0 0,0 0,2 4,9 16:00 WNW
13 12,7 14,6 17:00 10,7 11:00 5,7 0,0 1,4 1,0 8,0 15:00 WNW
14 11,8 15,6 16:30 8,6 05:00 6,6 0,0 0,0 0,3 4,5 14:00 NW
15 12,4 17,4 15:30 9,2 05:30 6,0 0,0 0,8 0,7 8,0 13:00 WNW
16 9,6 11,7 12:30 6,7 22:30 8,8 0,0 2,2 1,2 7,2 00:30 W
17 7,4 12,0 14:00 5,5 23:00 10,9 0,0 8,2 0,3 9,8 18:00 WNW
18 5,1 7,5 14:00 3,4 13:00 13,2 0,0 5,8 0,6 6,3 15:00 NW
19 4,0 5,7 16:30 2,0 07:00 14,3 0,0 0,4 1,4 6,7 09:30 WNW
20 4,7 7,6 15:00 1,4 04:30 13,7 0,0 0,0 0,9 5,8 15:30 NW
21 7,6 13,8 19:30 1,8 05:30 10,8 0,0 0,0 0,5 6,3 14:00 S
22 9,0 11,7 15:30 7,3 23:59 9,3 0,0 1,2 0,9 8,0 15:00 W
23 7,8 11,1 13:30 4,6 23:59 10,6 0,0 0,0 1,0 6,3 13:00 WNW
24 8,8 17,2 19:30 1,8 07:00 9,6 0,0 0,2 0,1 3,1 10:30 WNW
25 11,4 16,9 15:00 7,1 04:00 6,9 0,0 1,4 0,4 6,7 11:30 NW
26 8,6 10,1 00:30 6,9 23:59 9,8 0,0 6,0 0,3 3,1 13:00 NW
27 6,6 7,7 17:00 5,1 09:00 11,8 0,0 11,8 0,0 2,2 00:30 NW
28 5,4 6,7 10:30 4,2 04:00 12,9 0,0 16,2 0,2 5,4 20:00 S
29 8,2 15,5 19:30 4,9 00:30 10,1 0,0 4,8 0,1 3,1 14:00 E
30 10,6 19,7 19:30 3,7 06:00 7,8 0,0 0,0 1,3 9,8 12:00 E
----------------------------------------------------------------------------------
10,1 22,8 10 1,4 20 250,9 1,5 70,8 0,6 9,8 17 WNW
Max >= 27,0 0
Max <= 0,0 0
Min <= 0,0 0
Min <= -18,0 0
Max Rain: 16,2 on day 28
Days of Rain: 19 (>= 0,2 mm) 8 (>= 2,0 mm) 0 (>= 20,0 mm)
Heat Base: 18,3 Cool Base: 18,3 Method: Integration