V/Λ SELECT: Month and Year
OR > Month
Monthly Climatological Summary for Mrz 2017
Name: Das Wetter in Pocking City: Pocking State: Germany
Elevation: 324 m Lat: N 48° 24' 09" Lon: E 013° 18' 30"
Temperature (°C), Rain (mm), Wind Speed (m/s)
Heat Cool Avg
Mean Deg Deg Wind Dom
Day Temp High Time Low Time Days Days Rain Speed High Time Dir
----------------------------------------------------------------------------------
01 6,2 9,3 16:00 3,8 06:30 12,2 0,0 0,2 0,8 11,2 02:30 SSW
02 7,1 10,4 15:30 4,0 23:59 11,2 0,0 6,8 0,6 10,3 16:30 W
03 6,2 10,9 16:00 1,8 07:30 12,2 0,0 0,0 0,3 6,3 11:00 E
04 9,0 14,1 14:00 3,6 07:00 9,3 0,0 0,0 0,6 5,8 13:30 WNW
05 8,3 10,6 12:30 5,3 23:00 10,1 0,0 0,0 0,4 8,0 02:00 WNW
06 7,1 9,8 12:30 5,4 07:30 11,3 0,0 0,2 0,5 8,0 13:30 ENE
07 5,8 7,0 13:00 4,8 08:00 12,6 0,0 1,6 0,7 7,6 11:00 W
08 6,6 9,7 15:30 4,4 07:00 11,7 0,0 4,6 0,0 1,8 15:30 ESE
09 8,3 11,0 14:00 6,1 01:00 10,1 0,0 12,0 0,1 7,2 22:30 WNW
10 6,9 8,6 13:00 5,3 23:59 11,4 0,0 0,0 1,9 10,7 12:30 W
11 6,1 10,2 16:30 1,7 07:30 12,2 0,0 0,0 0,0 2,7 12:30 NE
12 5,4 10,2 14:30 1,8 07:00 12,9 0,0 0,0 0,3 5,8 13:00 E
13 5,0 9,6 16:00 0,4 06:30 13,3 0,0 0,0 0,1 5,4 10:30 E
14 7,1 11,0 14:30 3,1 07:00 11,2 0,0 0,0 0,0 0,0 00:30 E
15 7,9 12,4 14:00 3,9 07:00 10,4 0,0 0,0 0,1 4,9 15:30 NW
16 7,7 13,8 15:30 3,2 04:00 10,6 0,0 0,0 0,0 2,7 14:00 W
17 8,8 16,9 15:00 2,7 06:30 9,6 0,0 4,4 0,2 11,6 18:00 WNW
18 9,0 9,9 00:30 8,1 23:59 9,3 0,0 9,4 1,7 12,1 16:00 NW
19 10,0 12,7 15:30 7,4 07:00 8,3 0,0 7,0 0,6 6,3 12:30 W
20 11,5 14,5 16:00 8,8 23:59 6,8 0,0 0,0 0,5 4,5 03:30 W
21 11,6 15,4 15:30 8,4 01:30 6,7 0,0 0,0 0,2 3,6 13:30 WNW
22 10,0 11,2 00:30 8,7 09:00 8,3 0,0 1,8 0,4 4,5 22:00 ESE
23 9,6 13,3 15:30 7,7 07:00 8,7 0,0 0,0 0,4 4,5 02:30 E
24 8,5 11,8 13:30 5,5 07:00 9,8 0,0 0,0 0,7 5,8 12:00 ESE
25 9,3 14,2 18:00 4,9 06:00 9,1 0,0 0,0 0,5 6,3 10:00 ESE
26 8,8 14,1 18:00 5,6 05:30 9,5 0,0 0,0 0,7 6,7 13:30 E
27 9,2 16,5 19:00 3,5 06:00 8,8 0,0 0,0 0,9 6,7 14:30 E
28 9,9 17,5 19:00 3,6 07:30 8,4 0,0 0,0 0,2 4,0 18:00 W
29 12,1 18,7 16:30 6,8 07:30 6,2 0,0 0,0 0,6 6,7 15:30 NW
30 12,9 19,0 19:00 8,3 05:30 5,4 0,0 0,0 0,1 2,7 15:30 ENE
31 13,9 21,7 19:00 7,9 07:00 4,8 0,4 0,0 0,2 4,9 10:30 E
----------------------------------------------------------------------------------
8,6 21,7 31 0,4 13 302,4 0,4 48,0 0,5 12,1 18 WNW
Max >= 27,0 0
Max <= 0,0 0
Min <= 0,0 0
Min <= -18,0 0
Max Rain: 12,0 on day 9
Days of Rain: 10 (>= 0,2 mm) 6 (>= 2,0 mm) 0 (>= 20,0 mm)
Heat Base: 18,3 Cool Base: 18,3 Method: Integration