V/Λ SELECT: Month and Year
OR > Month
Monthly Climatological Summary for Feb 2017
Name: Das Wetter in Pocking City: Pocking State: Germany
Elevation: 324 m Lat: N 48° 24' 09" Lon: E 013° 18' 30"
Temperature (°C), Rain (mm), Wind Speed (m/s)
Heat Cool Avg
Mean Deg Deg Wind Dom
Day Temp High Time Low Time Days Days Rain Speed High Time Dir
----------------------------------------------------------------------------------
01 1,5 2,2 14:00 0,8 00:30 16,8 0,0 0,0 0,0 1,3 11:00 E
02 1,9 3,4 15:00 1,1 07:30 16,4 0,0 0,4 0,3 4,0 16:30 E
03 1,8 3,4 14:00 0,6 06:00 16,5 0,0 0,0 0,2 3,6 03:00 ENE
04 2,7 4,4 16:00 1,1 09:00 15,6 0,0 1,0 0,1 5,4 11:30 E
05 3,4 6,2 14:00 1,6 08:00 15,0 0,0 0,0 0,0 0,0 00:30 E
06 2,8 3,8 13:00 1,7 00:30 15,5 0,0 0,4 0,0 0,0 00:30 E
07 3,4 5,2 14:30 2,2 23:59 14,9 0,0 0,0 0,0 0,4 13:00 E
08 2,6 4,1 12:30 1,1 23:59 15,8 0,0 0,0 0,1 5,4 11:30 E
09 0,2 2,1 14:30 -2,5 08:30 18,2 0,0 0,0 0,2 4,5 11:30 ESE
10 -0,2 3,6 15:00 -3,3 07:30 18,6 0,0 0,0 0,0 0,9 12:30 ESE
11 1,1 2,8 15:30 -0,8 07:30 17,2 0,0 0,0 0,2 4,9 11:30 E
12 2,2 3,1 15:30 1,6 08:00 16,1 0,0 0,0 0,4 4,9 09:30 E
13 2,9 5,0 15:00 1,6 23:59 15,4 0,0 0,0 0,3 5,8 11:30 E
14 2,1 5,4 15:00 -0,6 07:00 16,3 0,0 0,0 0,0 2,7 09:00 ESE
15 1,9 5,7 15:00 -1,0 08:00 16,4 0,0 0,0 0,0 0,0 00:30 ESE
16 1,9 6,3 16:00 -1,3 07:30 16,4 0,0 0,0 0,0 0,0 00:30 ESE
17 3,2 4,9 15:00 0,9 01:30 15,2 0,0 5,6 0,0 2,2 19:00 WSW
18 4,8 6,5 13:00 3,5 01:30 13,6 0,0 0,0 0,0 2,2 11:00 W
19 3,4 5,1 15:00 2,1 08:30 14,9 0,0 0,0 0,0 1,8 15:00 NNW
20 5,8 9,1 15:00 3,2 04:00 12,5 0,0 2,8 0,1 5,8 14:30 SSE
21 8,1 9,7 15:30 6,1 00:30 10,2 0,0 17,2 0,7 7,6 13:30 W
22 10,0 12,1 12:30 8,3 01:00 8,3 0,0 2,6 1,4 10,7 21:30 W
23 12,0 16,9 16:00 9,5 07:30 6,3 0,0 0,0 1,2 8,0 01:00 W
24 7,9 13,0 00:30 3,4 23:59 10,4 0,0 0,0 2,0 12,1 07:00 NW
25 3,9 7,7 15:00 0,7 07:30 14,4 0,0 0,0 0,1 2,7 13:30 ESE
26 4,6 8,5 15:00 1,8 01:30 13,8 0,0 0,0 0,1 2,2 13:30 E
27 4,8 10,4 16:00 0,4 07:30 13,5 0,0 0,0 0,1 2,2 20:30 E
28 4,6 5,8 12:30 1,6 07:30 13,8 0,0 8,0 0,3 5,8 07:30 S
----------------------------------------------------------------------------------
3,8 16,9 23 -3,3 10 408,0 0,0 38,0 0,3 12,1 24 WNW
Max >= 27,0 0
Max <= 0,0 0
Min <= 0,0 6
Min <= -18,0 0
Max Rain: 17,2 on day 21
Days of Rain: 8 (>= 0,2 mm) 5 (>= 2,0 mm) 0 (>= 20,0 mm)
Heat Base: 18,3 Cool Base: 18,3 Method: Integration