V/Λ SELECT: Month and Year
OR > Month
Monthly Climatological Summary for Jan 2017
Name: Das Wetter in Pocking City: Pocking State: Germany
Elevation: 324 m Lat: N 48° 24' 09" Lon: E 013° 18' 30"
Temperature (°C), Rain (mm), Wind Speed (m/s)
Heat Cool Avg
Mean Deg Deg Wind Dom
Day Temp High Time Low Time Days Days Rain Speed High Time Dir
----------------------------------------------------------------------------------
01 -2,9 -1,9 15:00 -3,6 09:00 21,2 0,0 0,0 0,0 0,0 00:30 N
02 -1,4 0,9 20:30 -4,3 05:30 19,8 0,0 1,4 0,0 0,0 00:30 N
03 0,7 2,1 14:30 -0,4 19:30 17,7 0,0 0,0 0,0 4,5 12:00 WNW
04 1,4 2,3 13:30 0,6 00:30 16,9 0,0 4,0 1,2 10,3 12:30 W
05 -1,2 1,6 00:30 -4,6 23:59 19,5 0,0 0,4 0,9 6,3 05:30 WNW
06 -7,0 -4,6 00:30 -10,3 23:59 25,3 0,0 0,0 0,0 3,6 02:00 WNW
07 -9,4 -6,4 23:30 -13,8 06:00 27,8 0,0 2,2 0,0 0,0 00:30 WNW
08 -4,1 -1,8 23:30 -7,3 01:00 22,4 0,0 2,0 0,0 0,0 00:30 WNW
09 -0,1 1,1 15:30 -1,9 00:30 18,4 0,0 0,0 0,0 1,3 13:30 WNW
10 -1,8 0,1 08:30 -6,1 23:00 20,2 0,0 0,0 0,0 3,6 13:30 E
11 -4,1 -1,9 23:59 -5,7 01:30 22,4 0,0 4,2 0,0 4,0 03:00 ENE
12 2,7 4,5 12:00 -1,9 00:30 15,6 0,0 2,0 0,2 6,7 05:00 SW
13 2,4 4,0 12:00 0,7 22:00 15,9 0,0 4,0 1,1 10,3 11:00 W
14 1,0 2,6 13:30 -0,5 04:30 17,3 0,0 0,2 1,3 8,5 14:00 WSW
15 0,6 2,3 15:00 -1,1 23:59 17,7 0,0 0,2 0,5 4,9 11:00 SW
16 -0,2 2,0 13:30 -1,4 02:00 18,5 0,0 0,6 0,0 0,9 00:30 SSW
17 -1,1 0,7 14:30 -2,3 06:30 19,4 0,0 0,0 0,0 4,9 17:00 ESE
18 -1,3 -0,1 14:30 -3,8 23:59 19,6 0,0 0,0 0,2 6,3 12:00 E
19 -4,7 -2,3 15:00 -7,4 23:59 23,0 0,0 0,0 0,0 2,2 10:30 E
20 -5,5 -2,1 16:00 -8,1 07:30 23,8 0,0 0,0 0,0 2,2 12:00 E
21 -5,2 -3,2 14:00 -7,5 04:30 23,6 0,0 0,0 0,0 1,3 16:00 E
22 -5,5 -2,3 15:00 -8,1 09:00 23,8 0,0 0,0 0,0 1,8 11:30 E
23 -8,0 -5,1 15:30 -10,1 06:00 26,3 0,0 0,0 0,0 0,0 00:30 E
24 -7,1 -5,5 14:30 -10,0 00:30 25,4 0,0 0,0 0,0 0,0 00:30 E
25 -2,8 -0,6 23:30 -5,7 01:00 21,1 0,0 0,0 0,1 6,7 17:30 ESE
26 -0,8 1,3 15:00 -3,1 23:59 19,1 0,0 0,0 0,1 7,6 03:30 E
27 -3,1 -0,6 14:30 -5,5 07:00 21,4 0,0 0,0 0,0 3,6 11:30 E
28 -3,3 -1,7 15:00 -5,2 23:59 21,6 0,0 0,0 0,1 5,8 10:30 ESE
29 -4,1 -2,1 15:00 -5,3 01:00 22,4 0,0 0,0 0,0 2,2 11:00 E
30 -3,8 -2,7 14:00 -5,1 06:30 22,2 0,0 0,0 0,3 4,9 23:00 E
31 -0,9 1,0 22:30 -3,6 08:30 19,2 0,0 7,0 0,2 4,0 00:30 E
----------------------------------------------------------------------------------
-2,6 4,5 12 -13,8 7 648,5 0,0 28,2 0,2 10,3 4 W
Max >= 27,0 0
Max <= 0,0 17
Min <= 0,0 29
Min <= -18,0 0
Max Rain: 7,0 on day 31
Days of Rain: 12 (>= 0,2 mm) 7 (>= 2,0 mm) 0 (>= 20,0 mm)
Heat Base: 18,3 Cool Base: 18,3 Method: Integration