V/Λ SELECT: Month and Year
OR > Month
Monthly Climatological Summary for Dez 2016
Name: Das Wetter in Pocking City: Pocking State: Germany
Elevation: 324 m Lat: N 48° 24' 09" Lon: E 013° 18' 30"
Temperature (°C), Rain (mm), Wind Speed (m/s)
Heat Cool Avg
Mean Deg Deg Wind Dom
Day Temp High Time Low Time Days Days Rain Speed High Time Dir
----------------------------------------------------------------------------------
01 3,2 4,4 15:30 0,9 00:30 15,1 0,0 0,0 0,2 4,9 17:00 WSW
02 3,9 5,6 12:00 1,0 23:30 14,4 0,0 0,6 0,4 9,4 09:30 W
03 0,7 2,6 15:00 -1,1 23:59 17,7 0,0 0,0 0,0 0,0 00:30 N
04 -0,8 1,5 14:30 -3,1 08:00 19,2 0,0 0,0 0,0 0,4 23:00 N
05 0,6 1,4 14:30 -0,1 00:30 17,7 0,0 0,0 0,0 0,0 00:30 N
06 0,8 1,5 14:00 0,3 23:00 17,5 0,0 0,0 0,0 0,0 00:30 N
07 0,2 0,7 00:30 -0,6 22:30 18,1 0,0 0,0 0,0 0,0 00:30 N
08 -0,2 0,8 13:30 -0,7 23:00 18,5 0,0 0,0 0,0 0,0 00:30 N
09 0,7 3,3 23:59 -2,2 08:00 17,7 0,0 0,0 0,0 0,0 00:30 N
10 2,9 5,6 15:00 0,7 23:59 15,4 0,0 0,0 0,0 0,0 00:30 N
11 2,1 5,2 23:00 -1,6 07:00 16,3 0,0 0,0 0,0 2,7 15:30 NW
12 5,2 6,3 14:00 4,3 05:30 13,1 0,0 2,2 0,2 6,3 11:00 WNW
13 3,9 4,8 01:00 2,4 09:00 14,4 0,0 0,0 0,0 1,3 14:00 WNW
14 4,6 5,7 15:30 3,3 00:30 13,8 0,0 0,8 0,0 0,0 00:30 WNW
15 4,4 5,5 14:30 2,4 23:59 13,9 0,0 0,0 0,1 5,4 20:00 E
16 2,0 3,2 15:00 -0,2 23:59 16,3 0,0 0,0 0,2 5,4 02:30 SSE
17 0,9 1,8 14:00 -0,6 02:00 17,4 0,0 0,0 0,0 0,0 00:30 SSE
18 1,7 2,5 21:30 0,7 07:00 16,7 0,0 0,0 0,0 0,0 00:30 SSE
19 2,6 4,1 15:00 1,0 23:30 15,8 0,0 0,0 0,0 4,9 11:30 E
20 0,8 1,4 01:00 0,1 23:59 17,6 0,0 0,0 0,0 7,2 09:00 ESE
21 -0,2 0,3 00:30 -0,9 23:00 18,6 0,0 0,0 0,0 3,1 19:00 E
22 -0,6 0,1 17:30 -1,2 02:00 18,9 0,0 0,0 0,0 0,0 00:30 E
23 0,6 1,9 22:30 -1,3 03:30 17,7 0,0 0,0 0,0 0,0 00:30 E
24 3,7 5,6 20:30 1,5 03:00 14,6 0,0 0,4 0,0 0,4 18:00 E
25 6,7 8,1 20:30 5,0 00:30 11,7 0,0 4,2 0,2 7,2 03:00 WNW
26 8,4 9,4 16:30 5,8 23:59 9,9 0,0 1,0 0,0 6,7 21:30 WSW
27 4,4 5,9 00:30 3,3 08:30 13,9 0,0 0,0 1,2 8,5 22:30 W
28 5,1 6,3 14:30 4,3 01:00 13,2 0,0 0,0 0,8 8,0 00:30 W
29 3,2 5,5 14:30 0,2 23:30 15,1 0,0 0,0 0,0 0,0 00:30 W
30 -0,2 1,1 15:00 -2,4 23:59 18,6 0,0 0,0 0,0 0,0 00:30 W
31 -2,2 -1,6 02:00 -3,1 23:30 20,6 0,0 0,0 0,0 0,0 00:30 W
----------------------------------------------------------------------------------
2,2 9,4 26 -3,1 4 499,4 0,0 9,2 0,1 9,4 2 W
Max >= 27,0 0
Max <= 0,0 1
Min <= 0,0 14
Min <= -18,0 0
Max Rain: 4,2 on day 25
Days of Rain: 6 (>= 0,2 mm) 2 (>= 2,0 mm) 0 (>= 20,0 mm)
Heat Base: 18,3 Cool Base: 18,3 Method: Integration