V/Λ SELECT: Month and Year
OR > Month
Monthly Climatological Summary for Nov 2016
Name: Das Wetter in Pocking City: Pocking State: Germany
Elevation: 324 m Lat: N 48° 24' 09" Lon: E 013° 18' 30"
Temperature (°C), Rain (mm), Wind Speed (m/s)
Heat Cool Avg
Mean Deg Deg Wind Dom
Day Temp High Time Low Time Days Days Rain Speed High Time Dir
----------------------------------------------------------------------------------
01 6,2 8,7 14:30 4,3 08:30 12,1 0,0 0,0 0,0 1,3 14:30 SSW
02 7,7 9,6 10:30 6,8 20:00 10,6 0,0 0,4 0,1 4,9 13:30 W
03 6,3 8,8 14:30 2,9 23:59 12,1 0,0 0,0 0,0 4,0 03:30 NNW
04 3,9 6,4 15:30 1,7 06:00 14,4 0,0 0,0 0,0 3,1 13:00 E
05 4,9 6,5 14:30 3,4 06:30 13,4 0,0 0,0 0,0 3,6 12:00 E
06 5,6 7,2 11:00 4,8 16:30 12,7 0,0 13,0 0,0 2,2 11:30 WSW
07 4,8 6,1 11:30 2,4 23:59 13,6 0,0 1,0 0,0 1,8 10:30 S
08 2,7 4,3 15:00 1,7 22:00 15,6 0,0 0,0 0,0 2,2 14:30 E
09 3,9 5,6 14:30 2,4 01:00 14,4 0,0 0,2 0,0 3,6 12:30 ENE
10 5,4 7,3 11:00 4,1 01:00 12,9 0,0 6,2 0,1 8,0 12:30 SSW
11 5,8 6,9 14:00 5,0 06:30 12,5 0,0 4,8 0,0 2,7 06:30 W
12 4,2 5,3 00:30 2,8 23:59 14,2 0,0 1,2 0,1 3,1 13:00 NNW
13 2,7 4,1 12:30 0,9 23:59 15,6 0,0 0,0 0,1 4,5 13:30 E
14 1,4 4,4 13:30 -0,7 07:30 16,9 0,0 0,0 0,4 6,3 12:30 E
15 1,9 3,2 13:30 -0,4 02:00 16,4 0,0 4,2 0,0 1,8 14:30 E
16 5,2 7,6 23:59 2,6 00:30 13,1 0,0 17,2 0,0 1,3 10:30 E
17 9,0 10,9 13:30 6,5 23:59 9,3 0,0 3,4 0,0 3,1 12:00 SSW
18 6,8 8,3 15:00 5,4 04:00 11,5 0,0 0,2 0,2 4,5 10:00 E
19 7,5 8,8 14:30 5,3 23:59 10,8 0,0 2,2 0,1 4,9 17:00 W
20 5,7 8,9 15:00 3,6 08:30 12,7 0,0 0,0 0,3 4,5 11:00 E
21 6,3 10,8 15:30 2,7 04:00 12,0 0,0 0,0 0,3 4,9 11:00 E
22 7,5 11,4 13:30 4,7 07:30 10,8 0,0 0,0 0,1 4,5 12:30 E
23 7,2 9,2 14:00 5,4 03:00 11,2 0,0 0,0 0,5 4,9 21:30 E
24 8,1 8,7 14:30 7,6 08:00 10,3 0,0 0,0 0,6 5,4 02:00 E
25 8,4 9,6 13:30 7,4 07:30 9,9 0,0 0,0 0,3 4,0 13:00 E
26 8,2 8,6 12:00 7,6 22:00 10,2 0,0 0,2 0,0 1,3 21:00 SE
27 7,0 8,7 13:30 3,3 23:59 11,3 0,0 0,4 0,1 4,5 15:00 NNW
28 1,9 3,7 13:00 -0,3 23:59 16,4 0,0 0,0 0,3 4,5 12:00 N
29 -0,6 1,7 14:00 -2,4 07:30 19,0 0,0 0,0 0,0 3,1 12:00 E
30 -0,9 1,1 23:30 -3,3 07:30 19,2 0,0 0,0 0,0 0,0 00:30 E
----------------------------------------------------------------------------------
5,2 11,4 22 -3,3 30 395,1 0,0 54,6 0,1 8,0 10 E
Max >= 27,0 0
Max <= 0,0 0
Min <= 0,0 5
Min <= -18,0 0
Max Rain: 17,2 on day 16
Days of Rain: 14 (>= 0,2 mm) 7 (>= 2,0 mm) 0 (>= 20,0 mm)
Heat Base: 18,3 Cool Base: 18,3 Method: Integration